{"id":575,"date":"2010-12-12T19:37:23","date_gmt":"2010-12-12T18:37:23","guid":{"rendered":"http:\/\/www.packpapierverlag.de\/neu\/?p=575"},"modified":"2017-04-18T18:38:17","modified_gmt":"2017-04-18T16:38:17","slug":"reisende-topferwerkstatt","status":"publish","type":"product","link":"https:\/\/www.packpapierverlag.de\/?product=reisende-topferwerkstatt","title":{"rendered":"EsA Fahrende T\u00f6pferwerkstatt (c14)"},"content":{"rendered":"<p><a href=\"https:\/\/www.packpapierverlag.de\/wp-content\/uploads\/2010\/12\/T\u00f6pferwerkstatt.jpg\"><img loading=\"lazy\" decoding=\"async\" class=\"alignleft size-medium wp-image-5152\" title=\"T\u00f6pferwerkstatt\" src=\"https:\/\/www.packpapierverlag.de\/wp-content\/uploads\/2010\/12\/T\u00f6pferwerkstatt-213x300.jpg\" alt=\"\" width=\"213\" height=\"300\" srcset=\"https:\/\/www.packpapierverlag.de\/wp-content\/uploads\/2010\/12\/T\u00f6pferwerkstatt-213x300.jpg 213w, https:\/\/www.packpapierverlag.de\/wp-content\/uploads\/2010\/12\/T\u00f6pferwerkstatt-300x421.jpg 300w, https:\/\/www.packpapierverlag.de\/wp-content\/uploads\/2010\/12\/T\u00f6pferwerkstatt-729x1024.jpg 729w, https:\/\/www.packpapierverlag.de\/wp-content\/uploads\/2010\/12\/T\u00f6pferwerkstatt.jpg 1024w\" sizes=\"auto, (max-width: 213px) 100vw, 213px\" \/><\/a><small style=\"color: #144607;\"><big style=\"color: #1f6e0b;\"><span style=\"font-family: Helvetica,Arial,sans-serif; font-weight: bold;\">Die fahrende T\u00f6pferwerkstatt<\/span><\/big><br style=\"font-family: Helvetica,Arial,sans-serif;\" \/><span style=\"font-family: Helvetica,Arial,sans-serif;\">Ton finden, waschen, formen &amp; brennen, auch als Handwerk zum Leben auf gro\u00dfer Fahrt. <\/span><span style=\"font-family: Helvetica,Arial,sans-serif;\">Handwerk-Heft 1 der Reihe Einf\u00e4lle statt Abf\u00e4lle. Kiel, 2004.<\/span><br style=\"font-family: Helvetica,Arial,sans-serif;\" \/><span style=\"font-family: Helvetica,Arial,sans-serif;\">Brosch\u00fcre mit 40 Seiten, detaillierten Anleitungen und vielen hilfreichen Illustrationen und Photos.<\/span><br style=\"font-family: Helvetica,Arial,sans-serif;\" \/><span style=\"font-family: Helvetica,Arial,sans-serif;\">Man ben\u00f6tigt keinen teuren Brennofen, um Tongef\u00e4\u00dfe herzustellen, sondern nur ein paar Materialien vom Schrottplatz (vielleicht steht auch Brauchbares auf dem Dachboden) und Materialien aus der Natur. Diese Brosch\u00fcre umfa\u00dft Anleitungen, Tips und Tricks, wie man Ton in der Natur finden, bearbeiten und im schnell auf- und abbaubaren Ofen selber brennen kann. Ideal im eigenen Garten oder in der freien Natur. Ein Heft f\u00fcr Bastler und Selbstversorger,\u00a0 fahrende Handwerker und Landfahrer: die Grundbestandteile des Brennofens k\u00f6nnen selbst mit dem Fahrrad \u00fcberallhin mitgenommen werden. Spannend w\u00e4re es auch, den selbstgebauten Ofen im Rahmen von Schulp\u00e4dagogik zum Einsatz zu bringen- zum Beispiel als Projekt oder AG.<\/span><br style=\"font-family: Helvetica,Arial,sans-serif;\" \/><span style=\"font-family: Helvetica,Arial,sans-serif;\"><span style=\"font-weight: bold;\">INHALT: <\/span>* Die fahrende T\u00f6pferwerkstatt * Ton finden * Ton waschen und trocknen * T\u00f6pfern allgemein * Okarinas t\u00f6pfern * Brenn\u00f6fen unterwegs aus Blecheimern gebaut * Vorbereitungen f\u00fcr den Brand * Der T\u00f6pferbrand mit Holzfeuer * Oxydierende, reduzierende und geschmauchte Br\u00e4nde * Graslehm &#8211; das Material f\u00fcr Brenn\u00f6fen aus Lehm * Brennofen aus Graslehm \u2013 einfach und dauerhaft * Arbeiten im Ofen aufstellen* Brennversuche ohne Brennofen * Grasmeilerbrand &#8211; Versuch * Brand im Meiler aus Graslehm<\/span><\/small><\/p>\n","protected":false},"excerpt":{"rendered":"<p>Die fahrende T\u00f6pferwerkstattTon finden, waschen, formen &amp; brennen, auch als [&hellip;] &hellip; <a href=\"https:\/\/www.packpapierverlag.de\/?product=reisende-topferwerkstatt\">Weiterlesen <span class=\"meta-nav\">&rarr;<\/span><\/a><\/p>\n","protected":false},"featured_media":5152,"template":"","meta":[],"product_brand":[],"product_cat":[3,5],"product_tag":[],"class_list":{"0":"post-575","1":"product","2":"type-product","3":"status-publish","4":"has-post-thumbnail","6":"product_cat-produkte","7":"product_cat-selbstversorgung","9":"first","10":"instock","11":"shipping-taxable","12":"purchasable","13":"product-type-simple"},"_links":{"self":[{"href":"https:\/\/www.packpapierverlag.de\/index.php?rest_route=\/wp\/v2\/product\/575","targetHints":{"allow":["GET"]}}],"collection":[{"href":"https:\/\/www.packpapierverlag.de\/index.php?rest_route=\/wp\/v2\/product"}],"about":[{"href":"https:\/\/www.packpapierverlag.de\/index.php?rest_route=\/wp\/v2\/types\/product"}],"wp:featuredmedia":[{"embeddable":true,"href":"https:\/\/www.packpapierverlag.de\/index.php?rest_route=\/wp\/v2\/media\/5152"}],"wp:attachment":[{"href":"https:\/\/www.packpapierverlag.de\/index.php?rest_route=%2Fwp%2Fv2%2Fmedia&parent=575"}],"wp:term":[{"taxonomy":"product_brand","embeddable":true,"href":"https:\/\/www.packpapierverlag.de\/index.php?rest_route=%2Fwp%2Fv2%2Fproduct_brand&post=575"},{"taxonomy":"product_cat","embeddable":true,"href":"https:\/\/www.packpapierverlag.de\/index.php?rest_route=%2Fwp%2Fv2%2Fproduct_cat&post=575"},{"taxonomy":"product_tag","embeddable":true,"href":"https:\/\/www.packpapierverlag.de\/index.php?rest_route=%2Fwp%2Fv2%2Fproduct_tag&post=575"}],"curies":[{"name":"wp","href":"https:\/\/api.w.org\/{rel}","templated":true}]}}