{"id":5802,"date":"2013-12-05T13:14:58","date_gmt":"2013-12-05T12:14:58","guid":{"rendered":"http:\/\/www.packpapierverlag.de\/?p=5802"},"modified":"2022-01-16T11:22:15","modified_gmt":"2022-01-16T10:22:15","slug":"herrmann-cropp-solitar-glasperlenspiele-p159","status":"publish","type":"product","link":"https:\/\/www.packpapierverlag.de\/?product=herrmann-cropp-solitar-glasperlenspiele-p159","title":{"rendered":"H.Cropp: Solit\u00e4r &#8211; Glasperlenspiele 1,-\u20ac (p159)"},"content":{"rendered":"<p><a href=\"https:\/\/www.packpapierverlag.de\/wp-content\/uploads\/2013\/12\/cropp-solit\u00e4r.jpg\"><img loading=\"lazy\" decoding=\"async\" class=\"alignleft size-medium wp-image-5841\" title=\"cropp solit\u00e4r\" src=\"https:\/\/www.packpapierverlag.de\/wp-content\/uploads\/2013\/12\/cropp-solit\u00e4r-198x300.jpg\" alt=\"\" width=\"198\" height=\"300\" srcset=\"https:\/\/www.packpapierverlag.de\/wp-content\/uploads\/2013\/12\/cropp-solit\u00e4r-198x300.jpg 198w, https:\/\/www.packpapierverlag.de\/wp-content\/uploads\/2013\/12\/cropp-solit\u00e4r-300x454.jpg 300w, https:\/\/www.packpapierverlag.de\/wp-content\/uploads\/2013\/12\/cropp-solit\u00e4r-676x1024.jpg 676w, https:\/\/www.packpapierverlag.de\/wp-content\/uploads\/2013\/12\/cropp-solit\u00e4r.jpg 1024w\" sizes=\"auto, (max-width: 198px) 100vw, 198px\" \/><\/a><small style=\"color: #051516;\"><big style=\"color: #0f3f42;\"><span style=\"font-family: Helvetica,Arial,sans-serif; font-weight: bold;\">H.Cropp:<\/span> <span style=\"font-family: Helvetica,Arial,sans-serif; font-weight: bold;\">Solit\u00e4r \u2013 Glasperlenspiele<\/span><\/big><br style=\"font-family: Helvetica,Arial,sans-serif;\" \/><span style=\"font-family: Helvetica,Arial,sans-serif;\">20 Seiten, A6, illustriert, 1,-\u20ac (p159)<\/span><br style=\"font-family: Helvetica,Arial,sans-serif;\" \/><span style=\"font-family: Helvetica,Arial,sans-serif;\">Zur kreativen Gestaltung der Einsamkeit- Solit\u00e4rspiele selbstgemacht aus Handt\u00fcchern, Kn\u00f6pfen und Glasperlen &#8212; Spielregeln &#8212; Glasperlenspiele: \u00dcber Hermann Hesse, Willy Ackermann und literarische Plagiate &#8212; Solit\u00e4r in 32 Z\u00fcgen &#8212; Solit\u00e4r mit der M\u00e4tresse Ludwig des 14. &#8212; 7 verschiedene Solit\u00e4r-Spielpl\u00e4ne &#8212; Figuren legen mit Solit\u00e4r &#8212; Solit\u00e4r und Leibniz &#8212; Computerspiel? &#8212; Solit\u00e4rv\u00f6gel<\/span><\/small><\/p>\n","protected":false},"excerpt":{"rendered":"<p>H.Cropp: Solit\u00e4r \u2013 Glasperlenspiele20 Seiten, A6, illustriert, 1,-\u20ac (p159)Zur kreativen [&hellip;] &hellip; <a href=\"https:\/\/www.packpapierverlag.de\/?product=herrmann-cropp-solitar-glasperlenspiele-p159\">Weiterlesen <span class=\"meta-nav\">&rarr;<\/span><\/a><\/p>\n","protected":false},"featured_media":5841,"template":"","meta":[],"product_brand":[],"product_cat":[13,18,3],"product_tag":[],"class_list":{"0":"post-5802","1":"product","2":"type-product","3":"status-publish","4":"has-post-thumbnail","6":"product_cat-kinderbucher-spiele","7":"product_cat-literatur","8":"product_cat-produkte","10":"first","11":"instock","12":"shipping-taxable","13":"purchasable","14":"product-type-simple"},"_links":{"self":[{"href":"https:\/\/www.packpapierverlag.de\/index.php?rest_route=\/wp\/v2\/product\/5802","targetHints":{"allow":["GET"]}}],"collection":[{"href":"https:\/\/www.packpapierverlag.de\/index.php?rest_route=\/wp\/v2\/product"}],"about":[{"href":"https:\/\/www.packpapierverlag.de\/index.php?rest_route=\/wp\/v2\/types\/product"}],"wp:featuredmedia":[{"embeddable":true,"href":"https:\/\/www.packpapierverlag.de\/index.php?rest_route=\/wp\/v2\/media\/5841"}],"wp:attachment":[{"href":"https:\/\/www.packpapierverlag.de\/index.php?rest_route=%2Fwp%2Fv2%2Fmedia&parent=5802"}],"wp:term":[{"taxonomy":"product_brand","embeddable":true,"href":"https:\/\/www.packpapierverlag.de\/index.php?rest_route=%2Fwp%2Fv2%2Fproduct_brand&post=5802"},{"taxonomy":"product_cat","embeddable":true,"href":"https:\/\/www.packpapierverlag.de\/index.php?rest_route=%2Fwp%2Fv2%2Fproduct_cat&post=5802"},{"taxonomy":"product_tag","embeddable":true,"href":"https:\/\/www.packpapierverlag.de\/index.php?rest_route=%2Fwp%2Fv2%2Fproduct_tag&post=5802"}],"curies":[{"name":"wp","href":"https:\/\/api.w.org\/{rel}","templated":true}]}}