{"id":586,"date":"2010-12-12T19:40:03","date_gmt":"2010-12-12T18:40:03","guid":{"rendered":"http:\/\/www.packpapierverlag.de\/neu\/?p=586"},"modified":"2017-04-24T10:39:42","modified_gmt":"2017-04-24T08:39:42","slug":"filzen","status":"publish","type":"product","link":"https:\/\/www.packpapierverlag.de\/?product=filzen","title":{"rendered":"Filzen von Christiane Morgenstern (g86)"},"content":{"rendered":"<p><a href=\"https:\/\/www.packpapierverlag.de\/wp-content\/uploads\/2010\/12\/Filzen.jpg\"><img loading=\"lazy\" decoding=\"async\" class=\"alignleft size-medium wp-image-2405\" title=\"Filzen\" src=\"https:\/\/www.packpapierverlag.de\/wp-content\/uploads\/2010\/12\/Filzen-215x300.jpg\" alt=\"\" width=\"215\" height=\"300\" srcset=\"https:\/\/www.packpapierverlag.de\/wp-content\/uploads\/2010\/12\/Filzen-215x300.jpg 215w, https:\/\/www.packpapierverlag.de\/wp-content\/uploads\/2010\/12\/Filzen-300x418.jpg 300w, https:\/\/www.packpapierverlag.de\/wp-content\/uploads\/2010\/12\/Filzen.jpg 561w\" sizes=\"auto, (max-width: 215px) 100vw, 215px\" \/><\/a> <small style=\"color: #193434;\"><span style=\"font-family: Helvetica,Arial,sans-serif;\">********************<\/span><br style=\"font-family: Helvetica,Arial,sans-serif;\" \/><span style=\"font-family: Helvetica,Arial,sans-serif; font-weight: bold;\">Christiane Morgenstern<\/span><br style=\"font-family: Helvetica,Arial,sans-serif; font-weight: bold;\" \/><big style=\"color: #3f8484;\"><span style=\"font-family: Helvetica,Arial,sans-serif; font-weight: bold;\">FILZEN<\/span><\/big><br style=\"font-family: Helvetica,Arial,sans-serif;\" \/><span style=\"font-family: Helvetica,Arial,sans-serif;\">Gr\u00fcner Zweig Nr. 86. Heft mit 32 Seiten auf DIN A 5 Umweltpapier; die Schrift ist gut lesbare Handschrift.<\/span><br style=\"font-family: Helvetica,Arial,sans-serif;\" \/><span style=\"font-family: Helvetica,Arial,sans-serif;\">Eine Einf\u00fchrung in das Filzen mit Abbildungen und sehr einfachen Schnittmustern (Handschuhe, Schuhe, Filzhut). F\u00fcr Selbstversorger und Handarbeitler und f\u00fcr alle, die so was immer schon mal machen wollten.<\/span><br style=\"font-family: Helvetica,Arial,sans-serif;\" \/><br style=\"font-family: Helvetica,Arial,sans-serif;\" \/><span style=\"font-weight: bold; font-family: Helvetica,Arial,sans-serif;\">Inhalt:<\/span><br style=\"font-family: Helvetica,Arial,sans-serif;\" \/><span style=\"font-family: Helvetica,Arial,sans-serif;\">Etwas \u00fcber die Geschichte des Filzens * Das Filzen * Die Wolle * Ein Probest\u00fcck wird gefilzt * Herstellen der Seifenlauge * Das Walken * Wir stellen ein Paar Handschuhe her * Wir stellen ein Paar Schuhe her * Verzieren von Filz * Material und Zubeh\u00f6r * Literaturhinweise<\/span><br style=\"font-family: Helvetica,Arial,sans-serif;\" \/><span style=\"font-family: Helvetica,Arial,sans-serif;\">***********************<\/span><\/small><\/p>\n","protected":false},"excerpt":{"rendered":"<p>********************Christiane MorgensternFILZENGr\u00fcner Zweig Nr. 86. Heft mit 32 Seiten auf [&hellip;] &hellip; <a href=\"https:\/\/www.packpapierverlag.de\/?product=filzen\">Weiterlesen <span class=\"meta-nav\">&rarr;<\/span><\/a><\/p>\n","protected":false},"featured_media":2405,"template":"","meta":[],"product_brand":[],"product_cat":[3,5],"product_tag":[],"class_list":{"0":"post-586","1":"product","2":"type-product","3":"status-publish","4":"has-post-thumbnail","6":"product_cat-produkte","7":"product_cat-selbstversorgung","9":"first","10":"instock","11":"shipping-taxable","12":"purchasable","13":"product-type-simple"},"_links":{"self":[{"href":"https:\/\/www.packpapierverlag.de\/index.php?rest_route=\/wp\/v2\/product\/586","targetHints":{"allow":["GET"]}}],"collection":[{"href":"https:\/\/www.packpapierverlag.de\/index.php?rest_route=\/wp\/v2\/product"}],"about":[{"href":"https:\/\/www.packpapierverlag.de\/index.php?rest_route=\/wp\/v2\/types\/product"}],"wp:featuredmedia":[{"embeddable":true,"href":"https:\/\/www.packpapierverlag.de\/index.php?rest_route=\/wp\/v2\/media\/2405"}],"wp:attachment":[{"href":"https:\/\/www.packpapierverlag.de\/index.php?rest_route=%2Fwp%2Fv2%2Fmedia&parent=586"}],"wp:term":[{"taxonomy":"product_brand","embeddable":true,"href":"https:\/\/www.packpapierverlag.de\/index.php?rest_route=%2Fwp%2Fv2%2Fproduct_brand&post=586"},{"taxonomy":"product_cat","embeddable":true,"href":"https:\/\/www.packpapierverlag.de\/index.php?rest_route=%2Fwp%2Fv2%2Fproduct_cat&post=586"},{"taxonomy":"product_tag","embeddable":true,"href":"https:\/\/www.packpapierverlag.de\/index.php?rest_route=%2Fwp%2Fv2%2Fproduct_tag&post=586"}],"curies":[{"name":"wp","href":"https:\/\/api.w.org\/{rel}","templated":true}]}}

<p><a href="https://www.packpapierverlag.de/wp-content/uploads/2010/12/Filzen.jpg"><img loading="lazy" decoding="async" class="alignleft size-medium wp-image-2405" title="Filzen" src="https://www.packpapierverlag.de/wp-content/uploads/2010/12/Filzen-215x300.jpg" alt="" width="215" height="300" srcset="https://www.packpapierverlag.de/wp-content/uploads/2010/12/Filzen-215x300.jpg 215w, https://www.packpapierverlag.de/wp-content/uploads/2010/12/Filzen-300x418.jpg 300w, https://www.packpapierverlag.de/wp-content/uploads/2010/12/Filzen.jpg 561w" sizes="auto, (max-width: 215px) 100vw, 215px" /></a> <small style="color: #193434;"><span style="font-family: Helvetica,Arial,sans-serif;">********************</span><br style="font-family: Helvetica,Arial,sans-serif;" /><span style="font-family: Helvetica,Arial,sans-serif; font-weight: bold;">Christiane Morgenstern</span><br style="font-family: Helvetica,Arial,sans-serif; font-weight: bold;" /><big style="color: #3f8484;"><span style="font-family: Helvetica,Arial,sans-serif; font-weight: bold;">FILZEN</span></big><br style="font-family: Helvetica,Arial,sans-serif;" /><span style="font-family: Helvetica,Arial,sans-serif;">Grüner Zweig Nr. 86. Heft mit 32 Seiten auf DIN A 5 Umweltpapier; die Schrift ist gut lesbare Handschrift.</span><br style="font-family: Helvetica,Arial,sans-serif;" /><span style="font-family: Helvetica,Arial,sans-serif;">Eine Einführung in das Filzen mit Abbildungen und sehr einfachen Schnittmustern (Handschuhe, Schuhe, Filzhut). Für Selbstversorger und Handarbeitler und für alle, die so was immer schon mal machen wollten.</span><br style="font-family: Helvetica,Arial,sans-serif;" /><br style="font-family: Helvetica,Arial,sans-serif;" /><span style="font-weight: bold; font-family: Helvetica,Arial,sans-serif;">Inhalt:</span><br style="font-family: Helvetica,Arial,sans-serif;" /><span style="font-family: Helvetica,Arial,sans-serif;">Etwas über die Geschichte des Filzens * Das Filzen * Die Wolle * Ein Probestück wird gefilzt * Herstellen der Seifenlauge * Das Walken * Wir stellen ein Paar Handschuhe her * Wir stellen ein Paar Schuhe her * Verzieren von Filz * Material und Zubehör * Literaturhinweise</span><br style="font-family: Helvetica,Arial,sans-serif;" /><span style="font-family: Helvetica,Arial,sans-serif;">***********************</span></small></p>

<p>********************Christiane MorgensternFILZENGrüner Zweig Nr. 86. Heft mit 32 Seiten auf [&hellip;] &hellip; <a href="https://www.packpapierverlag.de/?product=filzen">Weiterlesen <span class="meta-nav">&rarr;</span></a></p>
