{"id":5864,"date":"2014-02-10T01:24:47","date_gmt":"2014-02-10T00:24:47","guid":{"rendered":"http:\/\/www.packpapierverlag.de\/?p=5864"},"modified":"2017-04-25T13:20:24","modified_gmt":"2017-04-25T11:20:24","slug":"rolf-schwendter-modelle-zur-radikaldemokratie-u36","status":"publish","type":"product","link":"https:\/\/www.packpapierverlag.de\/?product=rolf-schwendter-modelle-zur-radikaldemokratie-u36","title":{"rendered":"Rolf Schwendter: Modelle zur Radikaldemokratie (u36)"},"content":{"rendered":"<p><a href=\"https:\/\/www.packpapierverlag.de\/wp-content\/uploads\/2010\/12\/schwendter-radikaldemokratie.jpg\"><img loading=\"lazy\" decoding=\"async\" class=\"alignleft size-medium wp-image-5862\" title=\"schwendter radikaldemokratie\" src=\"https:\/\/www.packpapierverlag.de\/wp-content\/uploads\/2010\/12\/schwendter-radikaldemokratie-218x300.jpg\" alt=\"\" width=\"218\" height=\"300\" srcset=\"https:\/\/www.packpapierverlag.de\/wp-content\/uploads\/2010\/12\/schwendter-radikaldemokratie-218x300.jpg 218w, https:\/\/www.packpapierverlag.de\/wp-content\/uploads\/2010\/12\/schwendter-radikaldemokratie-300x411.jpg 300w, https:\/\/www.packpapierverlag.de\/wp-content\/uploads\/2010\/12\/schwendter-radikaldemokratie-747x1024.jpg 747w, https:\/\/www.packpapierverlag.de\/wp-content\/uploads\/2010\/12\/schwendter-radikaldemokratie.jpg 1024w\" sizes=\"auto, (max-width: 218px) 100vw, 218px\" \/><\/a><small style=\"color: #0b1b26;\"><big style=\"color: #173950;\"><span style=\"font-family: Helvetica,Arial,sans-serif; font-weight: bold;\">Rolf Schwendter:<\/span><br style=\"font-family: Helvetica,Arial,sans-serif; font-weight: bold;\" \/><span style=\"font-family: Helvetica,Arial,sans-serif; font-weight: bold;\">Modelle zur Radikaldemokratie<\/span><\/big><br style=\"font-family: Helvetica,Arial,sans-serif;\" \/><span style=\"font-family: Helvetica,Arial,sans-serif;\">Heft mit 52 Seiten, gr\u00f6\u00dfer DIN A5.<br \/>\n\u201eDemokratie ist zu einer universalen Leerformel, zu einem Lieblingswort der Sonntagsredner (in unmittelbarer Nachbarschaft zu der ebenso inhaltsleer gewordenen\u00a0 \u201eFreiheit\u201c), zu einem Verschleierungsbegriff\u00a0 ungehindert wirksamer Hierarchien geworden.\u201c &#8230;\u00a0 \u201eDie Wahl zwischen den Parteien ist so inhaltslos, wie die zwischen Waschmitteln.\u201c<\/span><br style=\"font-family: Helvetica,Arial,sans-serif;\" \/><span style=\"font-family: Helvetica,Arial,sans-serif;\"><span style=\"font-weight: bold;\">Inhalt:<\/span>\u00a0Einleitung: \u00dcber Demokratie. * Was in dieser Arbeit nicht beabsichtigt ist * \u201eDie freundliche Macht verwandelt sich in die schreckliche\u201c (Bertolt Brecht)\u00a0 * Exkurs \u00fcber Eliten: Demokratie als Unm\u00f6glichkeit. * \u00dcber Modelle: \u201eAlle Macht den R\u00e4ten\u201c: Dezentralisierungsmodell * Wie notwendig ist Arbeitsteilung? Rotationsmodell. * Gruppendynamik und Technologie: Teammodell. * Einheit und Widerspruch: Konkurrenzmodell * Der subjektive Faktor I: Informationsmodell * Der subjektive Faktor II: Pers\u00f6nlichkeitsmodell. * Abstraktes Modell: Modell der Interaktionsrente * \u00dcbergang zur Praxis: Grenzeffizienzmodell * Gegenseitige Vermittlung der Modelle (Versuch) * Literaturverzeichnis, Fremdw\u00f6rterverzeichnis, Abk\u00fcrzungen.<\/span><\/small><\/p>\n","protected":false},"excerpt":{"rendered":"<p>Rolf Schwendter:Modelle zur RadikaldemokratieHeft mit 52 Seiten, gr\u00f6\u00dfer DIN A5. [&hellip;] &hellip; <a href=\"https:\/\/www.packpapierverlag.de\/?product=rolf-schwendter-modelle-zur-radikaldemokratie-u36\">Weiterlesen <span class=\"meta-nav\">&rarr;<\/span><\/a><\/p>\n","protected":false},"featured_media":5862,"template":"","meta":[],"product_brand":[],"product_cat":[6,3],"product_tag":[],"class_list":{"0":"post-5864","1":"product","2":"type-product","3":"status-publish","4":"has-post-thumbnail","6":"product_cat-politik-und-geschichte","7":"product_cat-produkte","9":"first","10":"instock","11":"shipping-taxable","12":"purchasable","13":"product-type-simple"},"_links":{"self":[{"href":"https:\/\/www.packpapierverlag.de\/index.php?rest_route=\/wp\/v2\/product\/5864","targetHints":{"allow":["GET"]}}],"collection":[{"href":"https:\/\/www.packpapierverlag.de\/index.php?rest_route=\/wp\/v2\/product"}],"about":[{"href":"https:\/\/www.packpapierverlag.de\/index.php?rest_route=\/wp\/v2\/types\/product"}],"wp:featuredmedia":[{"embeddable":true,"href":"https:\/\/www.packpapierverlag.de\/index.php?rest_route=\/wp\/v2\/media\/5862"}],"wp:attachment":[{"href":"https:\/\/www.packpapierverlag.de\/index.php?rest_route=%2Fwp%2Fv2%2Fmedia&parent=5864"}],"wp:term":[{"taxonomy":"product_brand","embeddable":true,"href":"https:\/\/www.packpapierverlag.de\/index.php?rest_route=%2Fwp%2Fv2%2Fproduct_brand&post=5864"},{"taxonomy":"product_cat","embeddable":true,"href":"https:\/\/www.packpapierverlag.de\/index.php?rest_route=%2Fwp%2Fv2%2Fproduct_cat&post=5864"},{"taxonomy":"product_tag","embeddable":true,"href":"https:\/\/www.packpapierverlag.de\/index.php?rest_route=%2Fwp%2Fv2%2Fproduct_tag&post=5864"}],"curies":[{"name":"wp","href":"https:\/\/api.w.org\/{rel}","templated":true}]}}

<p><a href="https://www.packpapierverlag.de/wp-content/uploads/2010/12/schwendter-radikaldemokratie.jpg"><img loading="lazy" decoding="async" class="alignleft size-medium wp-image-5862" title="schwendter radikaldemokratie" src="https://www.packpapierverlag.de/wp-content/uploads/2010/12/schwendter-radikaldemokratie-218x300.jpg" alt="" width="218" height="300" srcset="https://www.packpapierverlag.de/wp-content/uploads/2010/12/schwendter-radikaldemokratie-218x300.jpg 218w, https://www.packpapierverlag.de/wp-content/uploads/2010/12/schwendter-radikaldemokratie-300x411.jpg 300w, https://www.packpapierverlag.de/wp-content/uploads/2010/12/schwendter-radikaldemokratie-747x1024.jpg 747w, https://www.packpapierverlag.de/wp-content/uploads/2010/12/schwendter-radikaldemokratie.jpg 1024w" sizes="auto, (max-width: 218px) 100vw, 218px" /></a><small style="color: #0b1b26;"><big style="color: #173950;"><span style="font-family: Helvetica,Arial,sans-serif; font-weight: bold;">Rolf Schwendter:</span><br style="font-family: Helvetica,Arial,sans-serif; font-weight: bold;" /><span style="font-family: Helvetica,Arial,sans-serif; font-weight: bold;">Modelle zur Radikaldemokratie</span></big><br style="font-family: Helvetica,Arial,sans-serif;" /><span style="font-family: Helvetica,Arial,sans-serif;">Heft mit 52 Seiten, größer DIN A5.<br />
„Demokratie ist zu einer universalen Leerformel, zu einem Lieblingswort der Sonntagsredner (in unmittelbarer Nachbarschaft zu der ebenso inhaltsleer gewordenen  „Freiheit“), zu einem Verschleierungsbegriff  ungehindert wirksamer Hierarchien geworden.“ &#8230;  „Die Wahl zwischen den Parteien ist so inhaltslos, wie die zwischen Waschmitteln.“</span><br style="font-family: Helvetica,Arial,sans-serif;" /><span style="font-family: Helvetica,Arial,sans-serif;"><span style="font-weight: bold;">Inhalt:</span> Einleitung: Über Demokratie. * Was in dieser Arbeit nicht beabsichtigt ist * „Die freundliche Macht verwandelt sich in die schreckliche“ (Bertolt Brecht)  * Exkurs über Eliten: Demokratie als Unmöglichkeit. * Über Modelle: „Alle Macht den Räten“: Dezentralisierungsmodell * Wie notwendig ist Arbeitsteilung? Rotationsmodell. * Gruppendynamik und Technologie: Teammodell. * Einheit und Widerspruch: Konkurrenzmodell * Der subjektive Faktor I: Informationsmodell * Der subjektive Faktor II: Persönlichkeitsmodell. * Abstraktes Modell: Modell der Interaktionsrente * Übergang zur Praxis: Grenzeffizienzmodell * Gegenseitige Vermittlung der Modelle (Versuch) * Literaturverzeichnis, Fremdwörterverzeichnis, Abkürzungen.</span></small></p>

<p>Rolf Schwendter:Modelle zur RadikaldemokratieHeft mit 52 Seiten, größer DIN A5. [&hellip;] &hellip; <a href="https://www.packpapierverlag.de/?product=rolf-schwendter-modelle-zur-radikaldemokratie-u36">Weiterlesen <span class="meta-nav">&rarr;</span></a></p>
