{"id":589,"date":"2010-12-12T19:41:13","date_gmt":"2010-12-12T18:41:13","guid":{"rendered":"http:\/\/www.packpapierverlag.de\/neu\/?p=589"},"modified":"2022-10-09T09:38:58","modified_gmt":"2022-10-09T07:38:58","slug":"wiechulawachsende-hauser","status":"publish","type":"product","link":"https:\/\/www.packpapierverlag.de\/?product=wiechulawachsende-hauser","title":{"rendered":"Wiechula : Wachsende H\u00e4user (w33)"},"content":{"rendered":"<p><a href=\"https:\/\/www.packpapierverlag.de\/wp-content\/uploads\/2010\/12\/Wiechula-Wachsende-H\u00e4user.jpg\"><img loading=\"lazy\" decoding=\"async\" class=\"alignleft size-medium wp-image-5465\" title=\"Wiechula Wachsende H\u00e4user\" src=\"https:\/\/www.packpapierverlag.de\/wp-content\/uploads\/2010\/12\/Wiechula-Wachsende-H\u00e4user-216x300.jpg\" alt=\"\" width=\"216\" height=\"300\" srcset=\"https:\/\/www.packpapierverlag.de\/wp-content\/uploads\/2010\/12\/Wiechula-Wachsende-H\u00e4user-216x300.jpg 216w, https:\/\/www.packpapierverlag.de\/wp-content\/uploads\/2010\/12\/Wiechula-Wachsende-H\u00e4user-300x416.jpg 300w, https:\/\/www.packpapierverlag.de\/wp-content\/uploads\/2010\/12\/Wiechula-Wachsende-H\u00e4user-737x1024.jpg 737w, https:\/\/www.packpapierverlag.de\/wp-content\/uploads\/2010\/12\/Wiechula-Wachsende-H\u00e4user.jpg 1024w\" sizes=\"auto, (max-width: 216px) 100vw, 216px\" \/><\/a><small style=\"color: #054306; font-family: Helvetica,Arial,sans-serif;\"><big style=\"font-weight: bold;\"><big style=\"font-weight: bold; color: #08720a;\"><small>Arthur Wiechula, Naturbau- Ingenieur:\u00a0<\/small><\/big><\/big><\/small><\/p>\n<p><small style=\"color: #054306; font-family: Helvetica,Arial,sans-serif;\"><big style=\"font-weight: bold;\"><span style=\"font-weight: bold; color: #08720a;\">Wachsende H\u00e4user aus lebenden B\u00e4umen entstehend<\/span><\/big><br style=\"color: #08720a;\" \/><big style=\"color: #08720a;\"><span style=\"font-weight: bold;\">Mit 92 bildlichen Darstellungen in 69 Abbildungen und Tafeln<\/span><\/big><br \/>\nBuch im Format DIN A5, D\u00fcnndruck, 170 Seiten, in normaler Schrift,<br \/>\nErstmals ver\u00f6ffentlicht 1926 im Verlag der Naturbau-Gesellschaft, Berlin Friedenau. Neuauflage im Packpapier Verlag Osnabr\u00fcck, 2012<br \/>\nDieser Naturbau-Klassiker hat Gartenbauingenieure, Architekten, Landart- K\u00fcnstler, Wildnisp\u00e4dagogen, G\u00e4rtner, Selbstversorger und Naturliebhaber in vielen L\u00e4ndern zu eigenen Arbeiten angeregt. In der Neuherausgabe dieses jahrelang vegriffenen Standardwerks wird die Verwachsung und Formung lebender B\u00e4ume zu vielf\u00e4ltigen Bauten detailiert beschrieben, angefangen von einfachen Z\u00e4unen, S\u00e4ulen und T\u00fcrmen \u00fcber Br\u00fccken, schwebende G\u00e4rten, Treppen, Scheunen bis hin zu Wohnh\u00e4usern und Naturdenkm\u00e4lern. Alle Bauwerke sind wasserdicht, billig, langlebig und &#8230; wundersch\u00f6n!<br \/>\n<span style=\"font-weight: bold;\">INHALT<\/span><br \/>\nVorwort * Inhaltsverzeichnis * Verzeichnis der Abbildungen * Stichw\u00f6rterverzeichnis * Winke f\u00fcr den Gebrauch dieses Buches<br \/>\n<span style=\"font-weight: bold;\">1. TEIL: ENTSTEHUNG DER NATURBAUWERKE:<\/span><br \/>\nEinleitung * Die Verwachsungskraft in der Natur * Die Fl\u00e4chenbildung aus lebendem Holz * Das Zuwachsen der Maschen * Die innere Entwicklung der Holzwand * Die Wasserdichtigkeit * Die Wetterfestigkeit * Die Unebenheiten der Naturwand und ihre Befestigung * Die Raumbildung * Die Bildung der Wand\u00f6ffnungen * Doppelw\u00e4nde * Die Dachbildung * Das Weiterwachsen fertiger Bauwerke * Die Behandlung des Dachauswuchses * Doppelwandige D\u00e4cher * Zwischenw\u00e4nde und Zwischendecken * Die Gr\u00f6\u00dfe der Bauwerke *<br \/>\n<span style=\"font-weight: bold;\">2. TEIL: ART UND VERWENDUNG DER NATURBAUWERKE:<\/span><br \/>\nZ\u00e4une * Einfache H\u00e4user * Gegliederte H\u00e4user * Mehrr\u00e4umige H\u00e4user * Mehrgeschossige H\u00e4user * Wohnh\u00e4user * Br\u00fccken, Rampen und Treppen * Hochsitze (Jagdkanzeln) * Schwebende G\u00e4rten *St\u00fctzw\u00e4nde f\u00fcr Abh\u00e4nge und Terrassen * S\u00e4ulen und Riesenb\u00e4ume * T\u00fcrme * B\u00e4der, Kur- und Gastg\u00e4rten * Naturdenkm\u00e4ler * \u00dcberwinterungsh\u00e4user*<br \/>\n<span style=\"font-weight: bold;\">3. TEIL: ER\u00d6RTERUNG SONSTIGER PUNKTE:<\/span><br \/>\n* Die Entstehungsdauer der Naturbauwerke * Das Lebensalter der Naturbauwerke * Die Holzarten * Nat\u00fcrliches Sperrholz * Das Ausgehen einzelner B\u00e4ume * Feinde und sonstige Gefahren * Nat\u00fcrliche Blitzableiter * T\u00fcren und Fenster * Die Veranlassung zur Anlage von Naturbauwerken * Die Kosten der Naturbauwerke * Schlu\u00dfbetrachtung *<br \/>\n<span style=\"font-weight: bold;\">NACHSCHRIFT <\/span>der Naturbau-Gesellschaft: Die Zeitschrift &#8222;Das Naturhaus&#8220; * Die Kirchenprobe * Ein Zeitungsausschnitt * Einige \u00c4u\u00dferungen * Eine Weissagung<br \/>\n<span style=\"font-weight: bold;\">VERZEICHNIS DER ABBILDUNGEN:<\/span><br \/>\nAstlage, in der eine nat\u00fcrliche Verwachsung entsteht * Die Zwillingskiefer bei Proskau * Verdickung einer Veredlungsstelle * Zwei zusammengedrehte B\u00e4umchen * Drei zusammengeflochtene B\u00e4umchen * Querschnitt eines freigewachsenen und gesunden Baumtriebes * Entwicklung von zwei fest zusammengedr\u00fcckten Trieben verschiedener Baumarten * Die beiden Teile, aus denen die vorherige Abbildung besteht * Entwicklung von zwei fest zusammenliegenden Trieben der gleichen Baumart * Narbenbildung\/ Vorderansicht\/ Seitenansicht\/ Querschnitt von zwei kreuzweise zusammengewachsenen Trieben * Mehrere \u00dcbersichtsbilder eines Geflechtes mit zuwachsenden Maschen * Ansicht\/ Querschnitt\/ L\u00e4ngsschnitt der Rippen am Fu\u00dfe eines Baumstammes * Beseitigung der Unebenheiten in der Naturwand * Fensterartige Verwurzelung der Seitenzweige * Das Biegen dicker Zweige * Lager- und Ger\u00e4tehaus\/ Einfache Feldscheune \/ Gro\u00dfe Scheune \/ Runder Koppelstall mit verschiedenartig behandeltem Dachauswuchs * Naturzaun aus einer Baumart * Naturzaun aus verschiedenen Baumarten * Gitterartig durchbrochener Naturzaun * Friedhofszaun * Gartenzaun mit Verzierung * Gartenzaun mit Laubengang * Querschnitt eines Naturzaunes * Querschnitt durch einen Knick * EINFACHE BAUWERKE: Eine Eisenbahnwartehalle * Gartenhaus mit teils geschlossenen, teils durchbrochenen W\u00e4nden * Gartenhaus mit Vordach * Ein Regendach \u00fcber einem Parkweg * Bahnsteig\u00fcberdachung * Eine wasserdichte Allee * GEGLIEDERTE BAUWERKE: Eine S\u00e4ulenhalle * \u00dcberdachter Standplatz f\u00fcr Wagen und Maschinen * Ein Maststall * \u00dcberdachung eines Arbeitsplatzes mit Oberlicht * MEHRR\u00c4UMIGE H\u00c4USER: Zweiteiliger Stall * Dreiteiliger Stall * 3 Ansichten Gefl\u00fcgelhaus * MEHRGESCHOSSIGES HAUS: Querschnitt einer Scheune * Ansicht der Scheune * Eine Br\u00fccke * \u00dcberf\u00fchrung einer Schlucht * Ein Hochsitz (Jagdkanzel) * St\u00fctzwand an einem Abhang * St\u00fctzwand mit Hohlraum * Abhangbefestigung mit \u00dcberwinterungsr\u00e4umen * Laubeng\u00e4nge und Terrassen * Eine Naturs\u00e4ule * Turm mit einer Rampe * Turm mit zwei Rampen * \u00dcberwinterungshaus f\u00fcr R\u00fcben, Kartoffeln, Obst, Gem\u00fcse, usw. * Formb\u00e4ume und Bauteile * Anschlu\u00df an T\u00fcr- und Fensterrahmen * Eine Reihe dichtstehender B\u00e4ume<\/small><\/p>\n<p>&nbsp;<\/p>\n","protected":false},"excerpt":{"rendered":"<p>Arthur Wiechula, Naturbau- Ingenieur:\u00a0 Wachsende H\u00e4user aus lebenden B\u00e4umen entstehendMit [&hellip;] &hellip; <a href=\"https:\/\/www.packpapierverlag.de\/?product=wiechulawachsende-hauser\">Weiterlesen <span class=\"meta-nav\">&rarr;<\/span><\/a><\/p>\n","protected":false},"featured_media":5465,"template":"","meta":[],"product_brand":[],"product_cat":[3,5],"product_tag":[],"class_list":{"0":"post-589","1":"product","2":"type-product","3":"status-publish","4":"has-post-thumbnail","6":"product_cat-produkte","7":"product_cat-selbstversorgung","9":"first","10":"instock","11":"shipping-taxable","12":"purchasable","13":"product-type-simple"},"_links":{"self":[{"href":"https:\/\/www.packpapierverlag.de\/index.php?rest_route=\/wp\/v2\/product\/589","targetHints":{"allow":["GET"]}}],"collection":[{"href":"https:\/\/www.packpapierverlag.de\/index.php?rest_route=\/wp\/v2\/product"}],"about":[{"href":"https:\/\/www.packpapierverlag.de\/index.php?rest_route=\/wp\/v2\/types\/product"}],"wp:featuredmedia":[{"embeddable":true,"href":"https:\/\/www.packpapierverlag.de\/index.php?rest_route=\/wp\/v2\/media\/5465"}],"wp:attachment":[{"href":"https:\/\/www.packpapierverlag.de\/index.php?rest_route=%2Fwp%2Fv2%2Fmedia&parent=589"}],"wp:term":[{"taxonomy":"product_brand","embeddable":true,"href":"https:\/\/www.packpapierverlag.de\/index.php?rest_route=%2Fwp%2Fv2%2Fproduct_brand&post=589"},{"taxonomy":"product_cat","embeddable":true,"href":"https:\/\/www.packpapierverlag.de\/index.php?rest_route=%2Fwp%2Fv2%2Fproduct_cat&post=589"},{"taxonomy":"product_tag","embeddable":true,"href":"https:\/\/www.packpapierverlag.de\/index.php?rest_route=%2Fwp%2Fv2%2Fproduct_tag&post=589"}],"curies":[{"name":"wp","href":"https:\/\/api.w.org\/{rel}","templated":true}]}}