{"id":590,"date":"2010-12-12T19:41:38","date_gmt":"2010-12-12T18:41:38","guid":{"rendered":"http:\/\/www.packpapierverlag.de\/neu\/?p=590"},"modified":"2017-04-18T18:40:57","modified_gmt":"2017-04-18T16:40:57","slug":"lehm-fachwerkhaus","status":"publish","type":"product","link":"https:\/\/www.packpapierverlag.de\/?product=lehm-fachwerkhaus","title":{"rendered":"EsA Wir bauen ein Lehm-Fachwerkhaus (p118)"},"content":{"rendered":"<p style=\"margin-bottom: 0cm; color: #264d4d; text-align: left; font-family: Helvetica,Arial,sans-serif;\"><a href=\"https:\/\/www.packpapierverlag.de\/wp-content\/uploads\/2010\/12\/Lehmfachwerkhaus.jpg\"><img loading=\"lazy\" decoding=\"async\" class=\"alignleft size-medium wp-image-2414\" title=\"Lehmfachwerkhaus\" src=\"https:\/\/www.packpapierverlag.de\/wp-content\/uploads\/2010\/12\/Lehmfachwerkhaus-212x300.jpg\" alt=\"\" width=\"212\" height=\"300\" srcset=\"https:\/\/www.packpapierverlag.de\/wp-content\/uploads\/2010\/12\/Lehmfachwerkhaus-212x300.jpg 212w, https:\/\/www.packpapierverlag.de\/wp-content\/uploads\/2010\/12\/Lehmfachwerkhaus-300x423.jpg 300w, https:\/\/www.packpapierverlag.de\/wp-content\/uploads\/2010\/12\/Lehmfachwerkhaus-726x1024.jpg 726w, https:\/\/www.packpapierverlag.de\/wp-content\/uploads\/2010\/12\/Lehmfachwerkhaus.jpg 1012w\" sizes=\"auto, (max-width: 212px) 100vw, 212px\" \/><\/a> <small><small style=\"font-weight: bold;\"><span style=\"color: #357044;\"><span style=\"font-size: large;\"><small><small>Antje Ohlhoff<\/small><\/small><\/span><\/span><\/small><br style=\"font-weight: bold;\" \/><span style=\"font-size: large; font-weight: bold; color: #428585;\"><small>Wir bauen ein Lehm- Fachwerkhaus<\/small><\/span><br style=\"color: #428585;\" \/><b><span style=\"color: #428585;\">Aus Abbruch- und Naturmaterial, einfach, sch\u00f6n und gut.<\/span><br \/>\n<\/b>Anleitungen f\u00fcr alle handwerklichen Schritte zum Selberbauen vom Fundament bis zum Dachfirst.<\/small><\/p>\n<p style=\"margin-bottom: 0cm; color: #264d4d; text-align: left; font-family: Helvetica,Arial,sans-serif;\"><small>Handwerk- Buch 2 der Reihe Einf\u00e4lle statt Abf\u00e4lle. Eine Co- Produktion mit dem Packpapier- Verlag.<br \/>\nISBN 3-931-504-29-8<br \/>\n168 Seiten farbiger Druck auf Umweltpapier, mit vielen Illustrationen und 8 Photos (2farbig).<\/small><\/p>\n<p style=\"margin-bottom: 0cm; color: #264d4d; text-align: left; font-family: Helvetica,Arial,sans-serif;\"><small>Dieses Buch f\u00fchrt einfach und gut verst\u00e4ndlich den Bau eines Lehm- Fachwerkhauses ein. Gleichzeitig berichtet die Autorin von ihren\u00a0 eigenen Bau- Erfahrungen, gibt Tipps bei Bau- und Material- Pannen und erkl\u00e4rt, wie mensch am besten einen Bauantrag stellen sollte (denn das scheint doch bisweilen eine sehr komplizierte Geschichte zu sein&#8230;). Manchmal liest sich das Buch wie eine kleine Abenteuergeschichte, angefangen beim Lehmsammeln und Holzf\u00e4llen, \u00fcber das H\u00e4mmern, D\u00fcbeln, \u201eMatschen\u201c, durch Wind und Wetter bis hin zum bereits erw\u00e4hnten Bauantrag. Und Antje hat alles so (er-)lebensnah geschildert, dass es Spa\u00df macht, aus ihren Erfahrungen, Erfolgen und auch Misserfolgen zu lernen. <\/small><\/p>\n<p style=\"margin-bottom: 0cm; color: #264d4d; text-align: left; font-family: Helvetica,Arial,sans-serif;\"><small>Also wirklich eine klasse Mischung aus Erfahrungs- Bericht auf der einen und detaillierter Bauanleitung auf der anderen Seite. <\/small><\/p>\n<p style=\"margin-bottom: 0cm; color: #264d4d; text-align: left; font-family: Helvetica,Arial,sans-serif;\"><small><small><span style=\"font-size: large;\"><small><small><u>Inhaltsverzeichnis:<\/u><\/small><\/small><\/span><\/small><\/small><\/p>\n<p style=\"margin-bottom: 0cm; color: #264d4d; text-align: left; font-family: Helvetica,Arial,sans-serif;\"><small>Vorwort von Christian Kuhtz * Einleitung * Hausm\u00e4rchen * Das Haus als Ganzes<\/small><\/p>\n<p style=\"margin-bottom: 0cm; color: #357044; text-align: left; font-family: Helvetica,Arial,sans-serif;\"><small><small><span style=\"font-size: large;\"><small><small><u><b>Fachwerkbau:<\/b><\/u><\/small><\/small><\/span><\/small><\/small><\/p>\n<p style=\"margin-bottom: 0cm; color: #264d4d; text-align: left; font-family: Helvetica,Arial,sans-serif;\"><small>Holzh\u00e4user * Fachwerkh\u00e4user * Fachwerkkonstruktionen * Unser Haus und unsere Erfahrungen * Holzverbindungen und ihre Verwendung * Dachwerkkonstruktionen * Das Dachwerk unseres Hauses * Spezielle Holzverbindungen f\u00fcr Sparren- und Rofend\u00e4cher * Der Abbund * Holz und Balken * S\u00e4gen, Stemmen, D\u00fcbeln und praktische Tips * Das Richten * Der Holzschutz<\/small><\/p>\n<p style=\"margin-bottom: 0cm; color: #357044; text-align: left; font-family: Helvetica,Arial,sans-serif;\"><small><small><span style=\"font-size: large;\"><small><small><u><b>Lehmbau:<\/b><\/u><\/small><\/small><\/span><\/small><\/small><\/p>\n<p style=\"margin-bottom: 0cm; color: #264d4d; text-align: left; font-family: Helvetica,Arial,sans-serif;\"><small>Lehm und Lehmh\u00e4user * Der Baustoff Lehm * Der Baustoff Kalk * Lehmbautechniken * Das Lehmflechtwerk * Lehmbewurf, Putz, Anstrich und Isolierung * Stampflehm * Lehmsteine * Ausfachen mit Steinen * Unsere Erfahrungen mit Lehmbau<\/small><\/p>\n<p style=\"margin-bottom: 0cm; color: #357044; text-align: left; font-family: Helvetica,Arial,sans-serif;\"><small><small><span style=\"font-size: large;\"><small><small><u><b>Und alles andere:<\/b><\/u><\/small><\/small><\/span><\/small><\/small><\/p>\n<p style=\"margin-bottom: 0cm; color: #264d4d; text-align: left; font-family: Helvetica,Arial,sans-serif;\"><small>Das Fundament * Die Dachbedeckung * Tischlerarbeiten (Fenster, T\u00fcren,&#8230;) * Der Bauantrag<\/small><\/p>\n<p style=\"margin-bottom: 0cm; color: #357044; text-align: left; font-family: Helvetica,Arial,sans-serif;\"><small><small><span style=\"font-size: large;\"><small><small><u><b>Anhang:<\/b><\/u><\/small><\/small><\/span><\/small><\/small><\/p>\n<p style=\"margin-bottom: 0cm; color: #264d4d; text-align: left; font-family: Helvetica,Arial,sans-serif;\"><small>Wichtige Begriffe * Literatur<\/small><\/p>\n<p style=\"margin-bottom: 0cm; color: #264d4d; text-align: left; font-family: Helvetica,Arial,sans-serif;\"><small><span style=\"font-size: large;\"><small><b>*******<\/b><\/small><\/span><\/small><\/p>\n<p>&nbsp;<\/p>\n","protected":false},"excerpt":{"rendered":"<p>Antje OhlhoffWir bauen ein Lehm- FachwerkhausAus Abbruch- und Naturmaterial, einfach, [&hellip;] &hellip; <a href=\"https:\/\/www.packpapierverlag.de\/?product=lehm-fachwerkhaus\">Weiterlesen <span class=\"meta-nav\">&rarr;<\/span><\/a><\/p>\n","protected":false},"featured_media":2414,"template":"","meta":[],"product_brand":[],"product_cat":[3,5],"product_tag":[],"class_list":{"0":"post-590","1":"product","2":"type-product","3":"status-publish","4":"has-post-thumbnail","6":"product_cat-produkte","7":"product_cat-selbstversorgung","9":"first","10":"instock","11":"shipping-taxable","12":"purchasable","13":"product-type-simple"},"_links":{"self":[{"href":"https:\/\/www.packpapierverlag.de\/index.php?rest_route=\/wp\/v2\/product\/590","targetHints":{"allow":["GET"]}}],"collection":[{"href":"https:\/\/www.packpapierverlag.de\/index.php?rest_route=\/wp\/v2\/product"}],"about":[{"href":"https:\/\/www.packpapierverlag.de\/index.php?rest_route=\/wp\/v2\/types\/product"}],"wp:featuredmedia":[{"embeddable":true,"href":"https:\/\/www.packpapierverlag.de\/index.php?rest_route=\/wp\/v2\/media\/2414"}],"wp:attachment":[{"href":"https:\/\/www.packpapierverlag.de\/index.php?rest_route=%2Fwp%2Fv2%2Fmedia&parent=590"}],"wp:term":[{"taxonomy":"product_brand","embeddable":true,"href":"https:\/\/www.packpapierverlag.de\/index.php?rest_route=%2Fwp%2Fv2%2Fproduct_brand&post=590"},{"taxonomy":"product_cat","embeddable":true,"href":"https:\/\/www.packpapierverlag.de\/index.php?rest_route=%2Fwp%2Fv2%2Fproduct_cat&post=590"},{"taxonomy":"product_tag","embeddable":true,"href":"https:\/\/www.packpapierverlag.de\/index.php?rest_route=%2Fwp%2Fv2%2Fproduct_tag&post=590"}],"curies":[{"name":"wp","href":"https:\/\/api.w.org\/{rel}","templated":true}]}}

<p style="margin-bottom: 0cm; color: #264d4d; text-align: left; font-family: Helvetica,Arial,sans-serif;"><a href="https://www.packpapierverlag.de/wp-content/uploads/2010/12/Lehmfachwerkhaus.jpg"><img loading="lazy" decoding="async" class="alignleft size-medium wp-image-2414" title="Lehmfachwerkhaus" src="https://www.packpapierverlag.de/wp-content/uploads/2010/12/Lehmfachwerkhaus-212x300.jpg" alt="" width="212" height="300" srcset="https://www.packpapierverlag.de/wp-content/uploads/2010/12/Lehmfachwerkhaus-212x300.jpg 212w, https://www.packpapierverlag.de/wp-content/uploads/2010/12/Lehmfachwerkhaus-300x423.jpg 300w, https://www.packpapierverlag.de/wp-content/uploads/2010/12/Lehmfachwerkhaus-726x1024.jpg 726w, https://www.packpapierverlag.de/wp-content/uploads/2010/12/Lehmfachwerkhaus.jpg 1012w" sizes="auto, (max-width: 212px) 100vw, 212px" /></a> <small><small style="font-weight: bold;"><span style="color: #357044;"><span style="font-size: large;"><small><small>Antje Ohlhoff</small></small></span></span></small><br style="font-weight: bold;" /><span style="font-size: large; font-weight: bold; color: #428585;"><small>Wir bauen ein Lehm- Fachwerkhaus</small></span><br style="color: #428585;" /><b><span style="color: #428585;">Aus Abbruch- und Naturmaterial, einfach, schön und gut.</span><br />
</b>Anleitungen für alle handwerklichen Schritte zum Selberbauen vom Fundament bis zum Dachfirst.</small></p>
<p style="margin-bottom: 0cm; color: #264d4d; text-align: left; font-family: Helvetica,Arial,sans-serif;"><small>Handwerk- Buch 2 der Reihe Einfälle statt Abfälle. Eine Co- Produktion mit dem Packpapier- Verlag.<br />
ISBN 3-931-504-29-8<br />
168 Seiten farbiger Druck auf Umweltpapier, mit vielen Illustrationen und 8 Photos (2farbig).</small></p>
<p style="margin-bottom: 0cm; color: #264d4d; text-align: left; font-family: Helvetica,Arial,sans-serif;"><small>Dieses Buch führt einfach und gut verständlich den Bau eines Lehm- Fachwerkhauses ein. Gleichzeitig berichtet die Autorin von ihren  eigenen Bau- Erfahrungen, gibt Tipps bei Bau- und Material- Pannen und erklärt, wie mensch am besten einen Bauantrag stellen sollte (denn das scheint doch bisweilen eine sehr komplizierte Geschichte zu sein&#8230;). Manchmal liest sich das Buch wie eine kleine Abenteuergeschichte, angefangen beim Lehmsammeln und Holzfällen, über das Hämmern, Dübeln, „Matschen“, durch Wind und Wetter bis hin zum bereits erwähnten Bauantrag. Und Antje hat alles so (er-)lebensnah geschildert, dass es Spaß macht, aus ihren Erfahrungen, Erfolgen und auch Misserfolgen zu lernen. </small></p>
<p style="margin-bottom: 0cm; color: #264d4d; text-align: left; font-family: Helvetica,Arial,sans-serif;"><small>Also wirklich eine klasse Mischung aus Erfahrungs- Bericht auf der einen und detaillierter Bauanleitung auf der anderen Seite. </small></p>
<p style="margin-bottom: 0cm; color: #264d4d; text-align: left; font-family: Helvetica,Arial,sans-serif;"><small><small><span style="font-size: large;"><small><small><u>Inhaltsverzeichnis:</u></small></small></span></small></small></p>
<p style="margin-bottom: 0cm; color: #264d4d; text-align: left; font-family: Helvetica,Arial,sans-serif;"><small>Vorwort von Christian Kuhtz * Einleitung * Hausmärchen * Das Haus als Ganzes</small></p>
<p style="margin-bottom: 0cm; color: #357044; text-align: left; font-family: Helvetica,Arial,sans-serif;"><small><small><span style="font-size: large;"><small><small><u><b>Fachwerkbau:</b></u></small></small></span></small></small></p>
<p style="margin-bottom: 0cm; color: #264d4d; text-align: left; font-family: Helvetica,Arial,sans-serif;"><small>Holzhäuser * Fachwerkhäuser * Fachwerkkonstruktionen * Unser Haus und unsere Erfahrungen * Holzverbindungen und ihre Verwendung * Dachwerkkonstruktionen * Das Dachwerk unseres Hauses * Spezielle Holzverbindungen für Sparren- und Rofendächer * Der Abbund * Holz und Balken * Sägen, Stemmen, Dübeln und praktische Tips * Das Richten * Der Holzschutz</small></p>
<p style="margin-bottom: 0cm; color: #357044; text-align: left; font-family: Helvetica,Arial,sans-serif;"><small><small><span style="font-size: large;"><small><small><u><b>Lehmbau:</b></u></small></small></span></small></small></p>
<p style="margin-bottom: 0cm; color: #264d4d; text-align: left; font-family: Helvetica,Arial,sans-serif;"><small>Lehm und Lehmhäuser * Der Baustoff Lehm * Der Baustoff Kalk * Lehmbautechniken * Das Lehmflechtwerk * Lehmbewurf, Putz, Anstrich und Isolierung * Stampflehm * Lehmsteine * Ausfachen mit Steinen * Unsere Erfahrungen mit Lehmbau</small></p>
<p style="margin-bottom: 0cm; color: #357044; text-align: left; font-family: Helvetica,Arial,sans-serif;"><small><small><span style="font-size: large;"><small><small><u><b>Und alles andere:</b></u></small></small></span></small></small></p>
<p style="margin-bottom: 0cm; color: #264d4d; text-align: left; font-family: Helvetica,Arial,sans-serif;"><small>Das Fundament * Die Dachbedeckung * Tischlerarbeiten (Fenster, Türen,&#8230;) * Der Bauantrag</small></p>
<p style="margin-bottom: 0cm; color: #357044; text-align: left; font-family: Helvetica,Arial,sans-serif;"><small><small><span style="font-size: large;"><small><small><u><b>Anhang:</b></u></small></small></span></small></small></p>
<p style="margin-bottom: 0cm; color: #264d4d; text-align: left; font-family: Helvetica,Arial,sans-serif;"><small>Wichtige Begriffe * Literatur</small></p>
<p style="margin-bottom: 0cm; color: #264d4d; text-align: left; font-family: Helvetica,Arial,sans-serif;"><small><span style="font-size: large;"><small><b>*******</b></small></span></small></p>
<p>&nbsp;</p>
