{"id":5913,"date":"2014-04-30T18:50:46","date_gmt":"2014-04-30T16:50:46","guid":{"rendered":"http:\/\/www.packpapierverlag.de\/?p=5913"},"modified":"2022-05-12T10:51:37","modified_gmt":"2022-05-12T08:51:37","slug":"erich-muhsam-der-krater-l30-2","status":"publish","type":"product","link":"https:\/\/www.packpapierverlag.de\/?product=erich-muhsam-der-krater-l30-2","title":{"rendered":"Erich M\u00fchsam : Der Krater 5,-\u20ac (l30)"},"content":{"rendered":"<p><small><big><span style=\"font-family: Helvetica,Arial,sans-serif; color: #1c3939; font-weight: bold;\"><a href=\"https:\/\/www.packpapierverlag.de\/wp-content\/uploads\/2014\/04\/M\u00fchsam-Der-Krater.jpg\" rel=\"attachment wp-att-5910\"><img loading=\"lazy\" decoding=\"async\" class=\"size-medium wp-image-5910 alignleft\" src=\"https:\/\/www.packpapierverlag.de\/wp-content\/uploads\/2014\/04\/M\u00fchsam-Der-Krater-211x300.jpg\" alt=\"M\u00fchsam Der Krater\" width=\"211\" height=\"300\" srcset=\"https:\/\/www.packpapierverlag.de\/wp-content\/uploads\/2014\/04\/M\u00fchsam-Der-Krater-211x300.jpg 211w, https:\/\/www.packpapierverlag.de\/wp-content\/uploads\/2014\/04\/M\u00fchsam-Der-Krater-300x426.jpg 300w, https:\/\/www.packpapierverlag.de\/wp-content\/uploads\/2014\/04\/M\u00fchsam-Der-Krater-721x1024.jpg 721w, https:\/\/www.packpapierverlag.de\/wp-content\/uploads\/2014\/04\/M\u00fchsam-Der-Krater.jpg 1024w\" sizes=\"auto, (max-width: 211px) 100vw, 211px\" \/><\/a>Erich M\u00fchsam: Der Krater. Gedichte 1904-1908<\/span><\/big> 120 Seiten, 5,-\u20ac (l30)<br style=\"color: #0d1a1a; font-family: Helvetica,Arial,sans-serif;\" \/><span style=\"color: #0d1a1a; font-family: Helvetica,Arial,sans-serif;\">Die Gedichtsammlung folgt der Ausgabe des Verlags Der Morgen, Berlin 1909. Es ist der zweite Gedichtband Erich M\u00fchsams (inklusive kleiner Biographie) mit Boheme-, Liebes-, Vagabunden- und politischen Gedichten, unter anderem Rendez-vous, Erziehung und Der Revoluzzer.<br \/>\nINHALT (Wo Titel fehlen, sind die Gedichtanf\u00e4nge wiedergegeben)<br \/>\nABTEILUNG I: Der Krater * LYRIK:\u00a0 Wie der zerrissene Streifen Mondeslicht * Ich will alleine \u00fcber Berge gehn * Der Tag, der keine Sonne sah * Auf den Knieen * Welke Bl\u00e4tter fallen * Ich f\u00fchl\u2018 es, ich wei\u00df es * Das bleiche, giftige Licht * Ein Traumbild hat mich des Nachts erschreckt * Die Nacht hat sich auf die Berge gesetzt * Dumpf sengt die Mittagssommersonnenglut * Mir lasten wieder H\u00e4user auf dem R\u00fccken * Ich wei\u00df nicht, ob ich\u2018s verloren hab * Ich m\u00f6chte wieder vom Gl\u00fccke gesunden * Eine dicke, dunkelbraune Ratte * Von dunkeln steilen Stiegen * Endlos gereckt * Was hilft mir Freundlichkeit * Ich bin der Euern Keiner * Gebt mir Schnaps * Durch tr\u00fcbe Regenn\u00e4chte * Bald ist es Nacht * Die Kirchenuhr schl\u00e4gt * Die Wolken sind von Regen schwanger * W\u00e4ren doch die N\u00e4chte taub und blind * Laternenschimmer schwimmt * Da drau\u00dfen klappt ein Pferdehuf * Zur Kirche wallten fromme Leute * Ein kleines gelbes Haus * Drau\u00dfen schwimmt das Land * Hinter den H\u00e4usern heult ein Hund * Du gingst mit mir * Jeden Abend werfe ich eine Zukunft hinter mich * Auf stillem Friedhof * Ich klage an * Im rohen Tosen * Verwirrt von dem Erlebnis * Nun, armes Herz, nun halt\u2018 es aus * Alle Lippen, die ich k\u00fc\u00dfte * Und wieder tritt das Leben * Nun schmacht\u2019 ich schon die sieben Jahre * Ein totes Hirn * Da steh\u2018 ich nun * Mein Gem\u00fct brennt hei\u00df wie Kohle * Kriecht die Hoffnung aus dem Loche * Siebenmal vom Ro\u00df * Lerchen schmettern * Durch nahe B\u00e4ume wehen Grabesschauer * Die gro\u00dfen Freuden * Doch manchmal wei\u00df ich * Nur was Dein ist * Ich wollt\u2018 dein Bett mit einer Rose schm\u00fccken* Was geht\u2019s dich an * Ich m\u00f6chte dich so vieles fragen * Ach, ich wei\u00df es wohl * Wie ich dich liebe! * Ich bin dir treu * Komm fort von hier * Ich bin der Menschheit nicht mehr gram * Dein Auge sollst du senken * Aus eine zornentgl\u00fchten Flamme * Wenn mich dereinst in fernen Ewigkeiten<br \/>\nABTEILUNG II: Uli, Kaschka, Margarete * SCHLACKE: * Weltjammer * Liebesweh * Der Dichter * Irrsinn * Elegie * St\u00f6rung * Das Vieh * Idyll * Fr\u00fchlingserwachen * Aufforderung zum Tanz * Rendez-vous * Die roten Str\u00fcmpfe * Versnot * Bauchweh * Friede * Begegnung * Betrachtung * LEHRHAFTE GEDICHTE: * Epigramm * Produktion * Der Aesthet * Rezept * Liebesweisheit * Der tote Kater * Erziehung * Ein Menschenleben * An einen Stra\u00dfenkehrer * Weihnachten * Neujahr * Disput * SCHLICHTE GES\u00c4NGE: * Die Leiche im Walde * Trag\u00f6die * Amanda * Adelgunde * Meta und der Finkenschafter * Altonaische Romanze I * Altonaische Romanze II * Der Revoluzzer *<br \/>\nPAPIERKORB: *Die Ahnung * Das Verh\u00f6r *&#8230; \u00fcber Erich M\u00fchsam<br \/>\n<\/span><\/small><\/p>\n","protected":false},"excerpt":{"rendered":"<p>Erich M\u00fchsam: Der Krater. Gedichte 1904-1908 120 Seiten, 5,-\u20ac (l30)Die [&hellip;] &hellip; <a href=\"https:\/\/www.packpapierverlag.de\/?product=erich-muhsam-der-krater-l30-2\">Weiterlesen <span class=\"meta-nav\">&rarr;<\/span><\/a><\/p>\n","protected":false},"featured_media":5910,"template":"","meta":[],"product_brand":[],"product_cat":[7,18,3],"product_tag":[],"class_list":{"0":"post-5913","1":"product","2":"type-product","3":"status-publish","4":"has-post-thumbnail","6":"product_cat-anarchie-hefte-und-bucher","7":"product_cat-literatur","8":"product_cat-produkte","10":"first","11":"instock","12":"shipping-taxable","13":"purchasable","14":"product-type-simple"},"_links":{"self":[{"href":"https:\/\/www.packpapierverlag.de\/index.php?rest_route=\/wp\/v2\/product\/5913","targetHints":{"allow":["GET"]}}],"collection":[{"href":"https:\/\/www.packpapierverlag.de\/index.php?rest_route=\/wp\/v2\/product"}],"about":[{"href":"https:\/\/www.packpapierverlag.de\/index.php?rest_route=\/wp\/v2\/types\/product"}],"wp:featuredmedia":[{"embeddable":true,"href":"https:\/\/www.packpapierverlag.de\/index.php?rest_route=\/wp\/v2\/media\/5910"}],"wp:attachment":[{"href":"https:\/\/www.packpapierverlag.de\/index.php?rest_route=%2Fwp%2Fv2%2Fmedia&parent=5913"}],"wp:term":[{"taxonomy":"product_brand","embeddable":true,"href":"https:\/\/www.packpapierverlag.de\/index.php?rest_route=%2Fwp%2Fv2%2Fproduct_brand&post=5913"},{"taxonomy":"product_cat","embeddable":true,"href":"https:\/\/www.packpapierverlag.de\/index.php?rest_route=%2Fwp%2Fv2%2Fproduct_cat&post=5913"},{"taxonomy":"product_tag","embeddable":true,"href":"https:\/\/www.packpapierverlag.de\/index.php?rest_route=%2Fwp%2Fv2%2Fproduct_tag&post=5913"}],"curies":[{"name":"wp","href":"https:\/\/api.w.org\/{rel}","templated":true}]}}

Erich Mühsam : Der Krater 5,-€ (l30)

<p><small><big><span style="font-family: Helvetica,Arial,sans-serif; color: #1c3939; font-weight: bold;"><a href="https://www.packpapierverlag.de/wp-content/uploads/2014/04/Mühsam-Der-Krater.jpg" rel="attachment wp-att-5910"><img loading="lazy" decoding="async" class="size-medium wp-image-5910 alignleft" src="https://www.packpapierverlag.de/wp-content/uploads/2014/04/Mühsam-Der-Krater-211x300.jpg" alt="Mühsam Der Krater" width="211" height="300" srcset="https://www.packpapierverlag.de/wp-content/uploads/2014/04/Mühsam-Der-Krater-211x300.jpg 211w, https://www.packpapierverlag.de/wp-content/uploads/2014/04/Mühsam-Der-Krater-300x426.jpg 300w, https://www.packpapierverlag.de/wp-content/uploads/2014/04/Mühsam-Der-Krater-721x1024.jpg 721w, https://www.packpapierverlag.de/wp-content/uploads/2014/04/Mühsam-Der-Krater.jpg 1024w" sizes="auto, (max-width: 211px) 100vw, 211px" /></a>Erich Mühsam: Der Krater. Gedichte 1904-1908</span></big> 120 Seiten, 5,-€ (l30)<br style="color: #0d1a1a; font-family: Helvetica,Arial,sans-serif;" /><span style="color: #0d1a1a; font-family: Helvetica,Arial,sans-serif;">Die Gedichtsammlung folgt der Ausgabe des Verlags Der Morgen, Berlin 1909. Es ist der zweite Gedichtband Erich Mühsams (inklusive kleiner Biographie) mit Boheme-, Liebes-, Vagabunden- und politischen Gedichten, unter anderem Rendez-vous, Erziehung und Der Revoluzzer.<br />
INHALT (Wo Titel fehlen, sind die Gedichtanfänge wiedergegeben)<br />
ABTEILUNG I: Der Krater * LYRIK:  Wie der zerrissene Streifen Mondeslicht * Ich will alleine über Berge gehn * Der Tag, der keine Sonne sah * Auf den Knieen * Welke Blätter fallen * Ich fühl‘ es, ich weiß es * Das bleiche, giftige Licht * Ein Traumbild hat mich des Nachts erschreckt * Die Nacht hat sich auf die Berge gesetzt * Dumpf sengt die Mittagssommersonnenglut * Mir lasten wieder Häuser auf dem Rücken * Ich weiß nicht, ob ich‘s verloren hab * Ich möchte wieder vom Glücke gesunden * Eine dicke, dunkelbraune Ratte * Von dunkeln steilen Stiegen * Endlos gereckt * Was hilft mir Freundlichkeit * Ich bin der Euern Keiner * Gebt mir Schnaps * Durch trübe Regennächte * Bald ist es Nacht * Die Kirchenuhr schlägt * Die Wolken sind von Regen schwanger * Wären doch die Nächte taub und blind * Laternenschimmer schwimmt * Da draußen klappt ein Pferdehuf * Zur Kirche wallten fromme Leute * Ein kleines gelbes Haus * Draußen schwimmt das Land * Hinter den Häusern heult ein Hund * Du gingst mit mir * Jeden Abend werfe ich eine Zukunft hinter mich * Auf stillem Friedhof * Ich klage an * Im rohen Tosen * Verwirrt von dem Erlebnis * Nun, armes Herz, nun halt‘ es aus * Alle Lippen, die ich küßte * Und wieder tritt das Leben * Nun schmacht’ ich schon die sieben Jahre * Ein totes Hirn * Da steh‘ ich nun * Mein Gemüt brennt heiß wie Kohle * Kriecht die Hoffnung aus dem Loche * Siebenmal vom Roß * Lerchen schmettern * Durch nahe Bäume wehen Grabesschauer * Die großen Freuden * Doch manchmal weiß ich * Nur was Dein ist * Ich wollt‘ dein Bett mit einer Rose schmücken* Was geht’s dich an * Ich möchte dich so vieles fragen * Ach, ich weiß es wohl * Wie ich dich liebe! * Ich bin dir treu * Komm fort von hier * Ich bin der Menschheit nicht mehr gram * Dein Auge sollst du senken * Aus eine zornentglühten Flamme * Wenn mich dereinst in fernen Ewigkeiten<br />
ABTEILUNG II: Uli, Kaschka, Margarete * SCHLACKE: * Weltjammer * Liebesweh * Der Dichter * Irrsinn * Elegie * Störung * Das Vieh * Idyll * Frühlingserwachen * Aufforderung zum Tanz * Rendez-vous * Die roten Strümpfe * Versnot * Bauchweh * Friede * Begegnung * Betrachtung * LEHRHAFTE GEDICHTE: * Epigramm * Produktion * Der Aesthet * Rezept * Liebesweisheit * Der tote Kater * Erziehung * Ein Menschenleben * An einen Straßenkehrer * Weihnachten * Neujahr * Disput * SCHLICHTE GESÄNGE: * Die Leiche im Walde * Tragödie * Amanda * Adelgunde * Meta und der Finkenschafter * Altonaische Romanze I * Altonaische Romanze II * Der Revoluzzer *<br />
PAPIERKORB: *Die Ahnung * Das Verhör *&#8230; über Erich Mühsam<br />
</span></small></p>

<p>Erich Mühsam: Der Krater. Gedichte 1904-1908 120 Seiten, 5,-€ (l30)Die [&hellip;] &hellip; <a href="https://www.packpapierverlag.de/?product=erich-muhsam-der-krater-l30-2">Weiterlesen <span class="meta-nav">&rarr;</span></a></p>
