{"id":5916,"date":"2014-04-30T18:56:07","date_gmt":"2014-04-30T16:56:07","guid":{"rendered":"http:\/\/www.packpapierverlag.de\/?p=5916"},"modified":"2017-04-15T18:21:27","modified_gmt":"2017-04-15T16:21:27","slug":"jaime-semprun-im-abgrund-p158","status":"publish","type":"product","link":"https:\/\/www.packpapierverlag.de\/?product=jaime-semprun-im-abgrund-p158","title":{"rendered":"Jaime Semprun : Im Abgrund (p158)"},"content":{"rendered":"<p><a href=\"https:\/\/www.packpapierverlag.de\/wp-content\/uploads\/2014\/04\/Semprun-Im-Abgrund.jpg\"><img loading=\"lazy\" decoding=\"async\" class=\"alignleft size-medium wp-image-5917\" title=\"Semprun Im Abgrund\" src=\"https:\/\/www.packpapierverlag.de\/wp-content\/uploads\/2014\/04\/Semprun-Im-Abgrund-217x300.jpg\" alt=\"\" width=\"217\" height=\"300\" srcset=\"https:\/\/www.packpapierverlag.de\/wp-content\/uploads\/2014\/04\/Semprun-Im-Abgrund-217x300.jpg 217w, https:\/\/www.packpapierverlag.de\/wp-content\/uploads\/2014\/04\/Semprun-Im-Abgrund-300x415.jpg 300w, https:\/\/www.packpapierverlag.de\/wp-content\/uploads\/2014\/04\/Semprun-Im-Abgrund-741x1024.jpg 741w, https:\/\/www.packpapierverlag.de\/wp-content\/uploads\/2014\/04\/Semprun-Im-Abgrund.jpg 1024w\" sizes=\"auto, (max-width: 217px) 100vw, 217px\" \/><\/a><small style=\"font-family: Helvetica,Arial,sans-serif; color: #150000;\"><big style=\"color: #540000;\"><span style=\"font-weight: bold;\">Jaime Semprun: Im Abgrund.<\/span><\/big><br \/>\nDeutsche Erst\u00fcbersetzung durch Andres Loepfe DIN A5, 60 Seiten, illustriert. Gemeinschaftsausgabe Reihe ketabha\/Weggis und Packpapierverlag Osnabr\u00fcck 2014<br \/>\nDer vorliegende Text ist eine Abrechnung mit dem kapitalistischen Totalitarismus und der technokratischen Barbarei. <span style=\"font-style: italic; font-weight: bold;\">\u201eAlle Torturen, alle Qualen, welche die Industriearbeit uns zuf\u00fcgt, verdichten und verh\u00e4rten sich in ihren Produkten, in diesen so banalen Gegenst\u00e4nden, da\u00df man sie nicht mehr unterscheiden kann. Sie dringen raffiniert in die Organe der Benutzer ein und verh\u00e4rten ihr Herz und ihr Fleisch. &#8211; Diese Kr\u00fcppel der Wahrnehmung, diese von den Maschinen des Konsums Versehrten, die Invaliden des Handelskriegs hissen ihre Stigmata wie Dekorationen, ihre Invalidit\u00e4t wie eine Uniform, ihre F\u00fchllosigkeit wie eine Fahne.\u201c<\/span><br \/>\nZum Autor: Jaime Semprun (1947-2010) war der Sohn des Schriftstellers Jorge Semprun und der Schauspielerin Loleh Bellon, er war ein radikaler sozialkritischer Essayist, \u00dcbersetzer und Verleger. In den 1970er und 80er Jahren war er mit Guy Debord, einem Gr\u00fcnder der Situationistischen Internationale, befreundet, er schrieb \u00fcber den &#8222;sozialen Krieg in Portugal&#8220;, wandte sich gegen die weltweite atomare Bedrohung, und kritisierte die Industrie-Gesellschaft und den technologischen Staat.<\/small><\/p>\n","protected":false},"excerpt":{"rendered":"<p>Jaime Semprun: Im Abgrund. Deutsche Erst\u00fcbersetzung durch Andres Loepfe DIN [&hellip;] &hellip; <a href=\"https:\/\/www.packpapierverlag.de\/?product=jaime-semprun-im-abgrund-p158\">Weiterlesen <span class=\"meta-nav\">&rarr;<\/span><\/a><\/p>\n","protected":false},"featured_media":5917,"template":"","meta":[],"product_brand":[],"product_cat":[6,3],"product_tag":[],"class_list":{"0":"post-5916","1":"product","2":"type-product","3":"status-publish","4":"has-post-thumbnail","6":"product_cat-politik-und-geschichte","7":"product_cat-produkte","9":"first","10":"instock","11":"shipping-taxable","12":"purchasable","13":"product-type-simple"},"_links":{"self":[{"href":"https:\/\/www.packpapierverlag.de\/index.php?rest_route=\/wp\/v2\/product\/5916","targetHints":{"allow":["GET"]}}],"collection":[{"href":"https:\/\/www.packpapierverlag.de\/index.php?rest_route=\/wp\/v2\/product"}],"about":[{"href":"https:\/\/www.packpapierverlag.de\/index.php?rest_route=\/wp\/v2\/types\/product"}],"wp:featuredmedia":[{"embeddable":true,"href":"https:\/\/www.packpapierverlag.de\/index.php?rest_route=\/wp\/v2\/media\/5917"}],"wp:attachment":[{"href":"https:\/\/www.packpapierverlag.de\/index.php?rest_route=%2Fwp%2Fv2%2Fmedia&parent=5916"}],"wp:term":[{"taxonomy":"product_brand","embeddable":true,"href":"https:\/\/www.packpapierverlag.de\/index.php?rest_route=%2Fwp%2Fv2%2Fproduct_brand&post=5916"},{"taxonomy":"product_cat","embeddable":true,"href":"https:\/\/www.packpapierverlag.de\/index.php?rest_route=%2Fwp%2Fv2%2Fproduct_cat&post=5916"},{"taxonomy":"product_tag","embeddable":true,"href":"https:\/\/www.packpapierverlag.de\/index.php?rest_route=%2Fwp%2Fv2%2Fproduct_tag&post=5916"}],"curies":[{"name":"wp","href":"https:\/\/api.w.org\/{rel}","templated":true}]}}

<p><a href="https://www.packpapierverlag.de/wp-content/uploads/2014/04/Semprun-Im-Abgrund.jpg"><img loading="lazy" decoding="async" class="alignleft size-medium wp-image-5917" title="Semprun Im Abgrund" src="https://www.packpapierverlag.de/wp-content/uploads/2014/04/Semprun-Im-Abgrund-217x300.jpg" alt="" width="217" height="300" srcset="https://www.packpapierverlag.de/wp-content/uploads/2014/04/Semprun-Im-Abgrund-217x300.jpg 217w, https://www.packpapierverlag.de/wp-content/uploads/2014/04/Semprun-Im-Abgrund-300x415.jpg 300w, https://www.packpapierverlag.de/wp-content/uploads/2014/04/Semprun-Im-Abgrund-741x1024.jpg 741w, https://www.packpapierverlag.de/wp-content/uploads/2014/04/Semprun-Im-Abgrund.jpg 1024w" sizes="auto, (max-width: 217px) 100vw, 217px" /></a><small style="font-family: Helvetica,Arial,sans-serif; color: #150000;"><big style="color: #540000;"><span style="font-weight: bold;">Jaime Semprun: Im Abgrund.</span></big><br />
Deutsche Erstübersetzung durch Andres Loepfe DIN A5, 60 Seiten, illustriert. Gemeinschaftsausgabe Reihe ketabha/Weggis und Packpapierverlag Osnabrück 2014<br />
Der vorliegende Text ist eine Abrechnung mit dem kapitalistischen Totalitarismus und der technokratischen Barbarei. <span style="font-style: italic; font-weight: bold;">„Alle Torturen, alle Qualen, welche die Industriearbeit uns zufügt, verdichten und verhärten sich in ihren Produkten, in diesen so banalen Gegenständen, daß man sie nicht mehr unterscheiden kann. Sie dringen raffiniert in die Organe der Benutzer ein und verhärten ihr Herz und ihr Fleisch. &#8211; Diese Krüppel der Wahrnehmung, diese von den Maschinen des Konsums Versehrten, die Invaliden des Handelskriegs hissen ihre Stigmata wie Dekorationen, ihre Invalidität wie eine Uniform, ihre Fühllosigkeit wie eine Fahne.“</span><br />
Zum Autor: Jaime Semprun (1947-2010) war der Sohn des Schriftstellers Jorge Semprun und der Schauspielerin Loleh Bellon, er war ein radikaler sozialkritischer Essayist, Übersetzer und Verleger. In den 1970er und 80er Jahren war er mit Guy Debord, einem Gründer der Situationistischen Internationale, befreundet, er schrieb über den &#8222;sozialen Krieg in Portugal&#8220;, wandte sich gegen die weltweite atomare Bedrohung, und kritisierte die Industrie-Gesellschaft und den technologischen Staat.</small></p>

<p>Jaime Semprun: Im Abgrund. Deutsche Erstübersetzung durch Andres Loepfe DIN [&hellip;] &hellip; <a href="https://www.packpapierverlag.de/?product=jaime-semprun-im-abgrund-p158">Weiterlesen <span class="meta-nav">&rarr;</span></a></p>
