{"id":5938,"date":"2014-06-20T00:33:16","date_gmt":"2014-06-19T22:33:16","guid":{"rendered":"http:\/\/www.packpapierverlag.de\/?p=5938"},"modified":"2017-04-24T11:40:17","modified_gmt":"2017-04-24T09:40:17","slug":"die-praxis-im-tabakanbau-w106","status":"publish","type":"product","link":"https:\/\/www.packpapierverlag.de\/?product=die-praxis-im-tabakanbau-w106","title":{"rendered":"Die Praxis im Tabakanbau (w106)"},"content":{"rendered":"<p><a href=\"https:\/\/www.packpapierverlag.de\/wp-content\/uploads\/2014\/06\/Tabakanbau.jpg\"><img loading=\"lazy\" decoding=\"async\" class=\"alignleft size-medium wp-image-5939\" title=\"Tabakanbau\" src=\"https:\/\/www.packpapierverlag.de\/wp-content\/uploads\/2014\/06\/Tabakanbau-209x300.jpg\" alt=\"\" width=\"209\" height=\"300\" srcset=\"https:\/\/www.packpapierverlag.de\/wp-content\/uploads\/2014\/06\/Tabakanbau-209x300.jpg 209w, https:\/\/www.packpapierverlag.de\/wp-content\/uploads\/2014\/06\/Tabakanbau-300x429.jpg 300w, https:\/\/www.packpapierverlag.de\/wp-content\/uploads\/2014\/06\/Tabakanbau-716x1024.jpg 716w, https:\/\/www.packpapierverlag.de\/wp-content\/uploads\/2014\/06\/Tabakanbau.jpg 1024w\" sizes=\"auto, (max-width: 209px) 100vw, 209px\" \/><\/a><small style=\"color: #183030;\"><big style=\"color: #244949;\"><span style=\"font-family: Helvetica,Arial,sans-serif; font-weight: bold;\">Die Praxis im Tabakanbau zum Selbstunterricht f\u00fcr Pflanzer<\/span><\/big><br style=\"font-family: Helvetica,Arial,sans-serif;\" \/><span style=\"font-family: Helvetica,Arial,sans-serif;\">Bearbeitet von der Tabakverwertungsgesellschaft m.b.H. <\/span><span style=\"font-family: Helvetica,Arial,sans-serif;\">Reprint der zweiten Auflage von 1947, Neumann Verlag Radebeul. <\/span><span style=\"font-family: Helvetica,Arial,sans-serif;\">Heft mit 34 Seiten, DIN A5, illustriert.<\/span><br style=\"font-family: Helvetica,Arial,sans-serif;\" \/><span style=\"font-family: Helvetica,Arial,sans-serif; font-weight: bold;\">Anleitungen f\u00fcr Aufzucht, Anbau, Ernte, Fermentierung und Verarbeitung von Genu\u00dftabak.<\/span><br style=\"font-family: Helvetica,Arial,sans-serif;\" \/><span style=\"font-family: Helvetica,Arial,sans-serif;\">Tabak wurde \u00fcber Jahrhunderte auch in Europa angebaut, die Pflanze war in jedem Bauerngarten zu finden, der Anbau f\u00fcr den Eigenbedarf war \u00fcblich, ebenso der gewerbsm\u00e4\u00dfige Anbau. Heute kennen wir Tabak vor allem als Zierpflanze, die Saatgutauswahl f\u00fcr Genu\u00dftabake ist hingegen sehr \u00fcberschaubar geworden. Es lohnt sich, die alte Kulturpflanze wieder in den G\u00e4rten heimisch werden zu lassen, auch dann, wenn man selbst Tabak nicht konsumiert, denn die Pflanze bl\u00fcht sch\u00f6n und kann im biologischen Landbau als Kontaktgift (z.B. als Br\u00fche oder Jauche) angewandt werden. Wer raucht, kann mit dem Selbstanbau von Tabak nat\u00fcrlich einiges an Geld sparen und sicher sein, da\u00df er wirklich nur Tabak und nicht diverse Zusatzstoffe inhaliert; zudem ist er nicht gezwungen, die R\u00fcstungsindustrie weiter zu subventionieren (die Tabaksteuer geht fast 1:1 in den Milit\u00e4rhaushalt) und durch weite Transportwege die Umwelt (\u00fcber das Qualmen hinaus) zu belasten. Nebenbei: der Genu\u00df von Tabak ist nat\u00fcrlich nicht gesund, im unfermentierten Zustand eingenommen ist er stark giftig \u2013 und entsprechend von Kindern und pubertierend-experimentierfreudigen Familienmitgliedern fernzuhalten.<\/span><br style=\"font-family: Helvetica,Arial,sans-serif;\" \/><span style=\"font-family: Helvetica,Arial,sans-serif; font-weight: bold;\">INHALT:<\/span><br style=\"font-family: Helvetica,Arial,sans-serif;\" \/><span style=\"font-family: Helvetica,Arial,sans-serif;\">Botanische Arten und Heimat der Tabakpflanzen * Klima und Witterung * Lage des Anbaufeldes * Beschaffenheit des Bodens * Fruchtfolge * Bodenbearbeitung und D\u00fcngung * Samen und Anbausorten * Saatbeet und Anzucht der Setzlinge * Setzen der jungen Pflanzen und Bearbeitung des Tabakfeldes * Behandlung der reifenden Tabakpflanze * Ernte und Trocknen der Tabakbl\u00e4tter * Anh\u00e4ngen der Bandeliere und das B\u00fcscheln * Abliefern des getrockneten Tabaks * Krankheiten und Sch\u00e4dlinge * Weitere Verarbeitung des Rohtabaks und Verwendung desselben * Versteuerung * Der Tabak als Genu\u00dfmittel * Ziel des gewerbsm\u00e4\u00dfigen Tabakanbaus<\/span><\/small><\/p>\n","protected":false},"excerpt":{"rendered":"<p>Die Praxis im Tabakanbau zum Selbstunterricht f\u00fcr PflanzerBearbeitet von der [&hellip;] &hellip; <a href=\"https:\/\/www.packpapierverlag.de\/?product=die-praxis-im-tabakanbau-w106\">Weiterlesen <span class=\"meta-nav\">&rarr;<\/span><\/a><\/p>\n","protected":false},"featured_media":5939,"template":"","meta":[],"product_brand":[],"product_cat":[17,3,5],"product_tag":[],"class_list":{"0":"post-5938","1":"product","2":"type-product","3":"status-publish","4":"has-post-thumbnail","6":"product_cat-land-garten-anders-leben","7":"product_cat-produkte","8":"product_cat-selbstversorgung","10":"first","11":"instock","12":"shipping-taxable","13":"purchasable","14":"product-type-simple"},"_links":{"self":[{"href":"https:\/\/www.packpapierverlag.de\/index.php?rest_route=\/wp\/v2\/product\/5938","targetHints":{"allow":["GET"]}}],"collection":[{"href":"https:\/\/www.packpapierverlag.de\/index.php?rest_route=\/wp\/v2\/product"}],"about":[{"href":"https:\/\/www.packpapierverlag.de\/index.php?rest_route=\/wp\/v2\/types\/product"}],"wp:featuredmedia":[{"embeddable":true,"href":"https:\/\/www.packpapierverlag.de\/index.php?rest_route=\/wp\/v2\/media\/5939"}],"wp:attachment":[{"href":"https:\/\/www.packpapierverlag.de\/index.php?rest_route=%2Fwp%2Fv2%2Fmedia&parent=5938"}],"wp:term":[{"taxonomy":"product_brand","embeddable":true,"href":"https:\/\/www.packpapierverlag.de\/index.php?rest_route=%2Fwp%2Fv2%2Fproduct_brand&post=5938"},{"taxonomy":"product_cat","embeddable":true,"href":"https:\/\/www.packpapierverlag.de\/index.php?rest_route=%2Fwp%2Fv2%2Fproduct_cat&post=5938"},{"taxonomy":"product_tag","embeddable":true,"href":"https:\/\/www.packpapierverlag.de\/index.php?rest_route=%2Fwp%2Fv2%2Fproduct_tag&post=5938"}],"curies":[{"name":"wp","href":"https:\/\/api.w.org\/{rel}","templated":true}]}}