{"id":601,"date":"2010-12-12T19:43:52","date_gmt":"2010-12-12T18:43:52","guid":{"rendered":"http:\/\/www.packpapierverlag.de\/neu\/?p=601"},"modified":"2021-12-10T09:48:36","modified_gmt":"2021-12-10T08:48:36","slug":"regenbogenkampfer-mappe","status":"publish","type":"product","link":"https:\/\/www.packpapierverlag.de\/?product=regenbogenkampfer-mappe","title":{"rendered":"Regenbogenk\u00e4mpfer-Mappe (s18)"},"content":{"rendered":"<p>Preis: [yak_price] [yak_buy]<br \/>\n<a href=\"https:\/\/www.packpapierverlag.de\/wp-content\/uploads\/2010\/12\/Regenbogenk\u00e4mpfermappe.jpg\"><img loading=\"lazy\" decoding=\"async\" class=\"alignleft size-medium wp-image-5675\" title=\"Regenbogenk\u00e4mpfermappe\" src=\"https:\/\/www.packpapierverlag.de\/wp-content\/uploads\/2010\/12\/Regenbogenk\u00e4mpfermappe-228x300.jpg\" alt=\"\" width=\"228\" height=\"300\" srcset=\"https:\/\/www.packpapierverlag.de\/wp-content\/uploads\/2010\/12\/Regenbogenk\u00e4mpfermappe-228x300.jpg 228w, https:\/\/www.packpapierverlag.de\/wp-content\/uploads\/2010\/12\/Regenbogenk\u00e4mpfermappe-300x393.jpg 300w, https:\/\/www.packpapierverlag.de\/wp-content\/uploads\/2010\/12\/Regenbogenk\u00e4mpfermappe-781x1024.jpg 781w, https:\/\/www.packpapierverlag.de\/wp-content\/uploads\/2010\/12\/Regenbogenk\u00e4mpfermappe.jpg 1024w\" sizes=\"auto, (max-width: 228px) 100vw, 228px\" \/><\/a><br \/>\nAnleitungen, Tips, Aktionspl\u00e4ne f\u00fcr junge Menschen zum aktiven Handeln f\u00fcr Natur und Umweltschutz, auch f\u00fcr Schulen geeignet. DinA4 &#8211; Nr.s18<\/p>\n","protected":false},"excerpt":{"rendered":"<p>Preis: [yak_price] [yak_buy] Anleitungen, Tips, Aktionspl\u00e4ne f\u00fcr junge Menschen zum [&hellip;] &hellip; <a href=\"https:\/\/www.packpapierverlag.de\/?product=regenbogenkampfer-mappe\">Weiterlesen <span class=\"meta-nav\">&rarr;<\/span><\/a><\/p>\n","protected":false},"featured_media":0,"template":"","meta":[],"product_brand":[],"product_cat":[11,12,3],"product_tag":[],"class_list":{"0":"post-601","1":"product","2":"type-product","3":"status-publish","5":"product_cat-indianer-poster-texte","6":"product_cat-jugend-umwelt","7":"product_cat-produkte","9":"first","10":"instock","11":"shipping-taxable","12":"purchasable","13":"product-type-simple"},"_links":{"self":[{"href":"https:\/\/www.packpapierverlag.de\/index.php?rest_route=\/wp\/v2\/product\/601","targetHints":{"allow":["GET"]}}],"collection":[{"href":"https:\/\/www.packpapierverlag.de\/index.php?rest_route=\/wp\/v2\/product"}],"about":[{"href":"https:\/\/www.packpapierverlag.de\/index.php?rest_route=\/wp\/v2\/types\/product"}],"wp:attachment":[{"href":"https:\/\/www.packpapierverlag.de\/index.php?rest_route=%2Fwp%2Fv2%2Fmedia&parent=601"}],"wp:term":[{"taxonomy":"product_brand","embeddable":true,"href":"https:\/\/www.packpapierverlag.de\/index.php?rest_route=%2Fwp%2Fv2%2Fproduct_brand&post=601"},{"taxonomy":"product_cat","embeddable":true,"href":"https:\/\/www.packpapierverlag.de\/index.php?rest_route=%2Fwp%2Fv2%2Fproduct_cat&post=601"},{"taxonomy":"product_tag","embeddable":true,"href":"https:\/\/www.packpapierverlag.de\/index.php?rest_route=%2Fwp%2Fv2%2Fproduct_tag&post=601"}],"curies":[{"name":"wp","href":"https:\/\/api.w.org\/{rel}","templated":true}]}}