{"id":616,"date":"2010-12-12T19:49:31","date_gmt":"2010-12-12T18:49:31","guid":{"rendered":"http:\/\/www.packpapierverlag.de\/neu\/?p=616"},"modified":"2017-11-25T17:07:28","modified_gmt":"2017-11-25T16:07:28","slug":"samad-behranghi-der-kleine-schwarze-fisch","status":"publish","type":"product","link":"https:\/\/www.packpapierverlag.de\/?product=samad-behranghi-der-kleine-schwarze-fisch","title":{"rendered":"Samad Behranghi: Der kleine Schwarze Fisch (a23)"},"content":{"rendered":"<p style=\"text-align: left;\"><a href=\"https:\/\/www.packpapierverlag.de\/wp-content\/uploads\/2017\/04\/Samad-Schwarzer-Fisch.jpg\" rel=\"attachment wp-att-7232\"><img loading=\"lazy\" decoding=\"async\" class=\"size-medium wp-image-7232 alignleft\" src=\"https:\/\/www.packpapierverlag.de\/wp-content\/uploads\/2017\/04\/Samad-Schwarzer-Fisch-208x300.jpg\" alt=\"Samad Schwarzer Fisch\" width=\"208\" height=\"300\" srcset=\"https:\/\/www.packpapierverlag.de\/wp-content\/uploads\/2017\/04\/Samad-Schwarzer-Fisch-208x300.jpg 208w, https:\/\/www.packpapierverlag.de\/wp-content\/uploads\/2017\/04\/Samad-Schwarzer-Fisch-300x434.jpg 300w, https:\/\/www.packpapierverlag.de\/wp-content\/uploads\/2017\/04\/Samad-Schwarzer-Fisch-768x1110.jpg 768w, https:\/\/www.packpapierverlag.de\/wp-content\/uploads\/2017\/04\/Samad-Schwarzer-Fisch-708x1024.jpg 708w, https:\/\/www.packpapierverlag.de\/wp-content\/uploads\/2017\/04\/Samad-Schwarzer-Fisch.jpg 1024w\" sizes=\"auto, (max-width: 208px) 100vw, 208px\" \/><\/a>Samad Behranghi: Der kleine schwarze Fisch.<\/p>\n<p>Ein persisches M\u00e4rchen f\u00fcr Jung und Alt, mit sch\u00f6nen Bildern illustriert, 32 Seiten, DIN A 6, PackpapierVerlag.<\/p>\n<p>&nbsp;<\/p>\n<p>Das M\u00e4rchen:<\/p>\n<p>Der kleine schwarze Fisch zieht aus, das Ende des Baches zu finden, ist begierig zu wissen, was dahinter liegt. Unerschrocken schwimmt er los, angespornt von dem Wunsch, zu wissen, zu erfahren, die Welt zu entdecken und mit den Tieren zu sprechen, die au\u00dferhalb seines Heimatbaches eine Welt bewohnen, die er bisher nicht gekannt hat. Immer wieder fragt er, nach dem Frieden, nach dem Grund f\u00fcr Feindschaft und Furcht, und er fragt nach der Freiheit, die es f\u00fcr einen kleinen Fisch in der gro\u00dfen Welt doch geben mu\u00df. Wenn nur die gro\u00dfen, gef\u00e4hrlichen Kormorane und Pelikane nicht w\u00e4ren,&#8230;<\/p>\n<p>Hier liest man einerseits ein bezauberndes M\u00e4rchen, das auch Kinder verstehen, aber un\u00fcbersehbar ist auch der politische Drang nach Freiheit: \u201eWenn nun ein Fisch in seinen Beutel gelangt (es geht um den die Kleintiere bedrohenden Schnabelsack des Pelikans), gibt es f\u00fcr ihn gar keine Hoffnung, doch noch zu entkommen?\u201c- \u201eEs gibt nur einen Weg. Du mu\u00dft den Beutel (von innen) zerrei\u00dfen!\u201c Und an anderer Stelle: \u201eWarum bist Du so mi\u00dftrauisch und \u00e4ngstlich, kleiner Fisch?\u201c- \u201eIch bin weder mi\u00dftrauisch noch \u00e4ngstlich, mein Mund spricht, was meine Augen sehen und mein Verstand mir r\u00e4t.\u201c<\/p>\n<p>Wie Samad, so verschwindet auch der kleine schwarze Fisch am Ende spurlos, aber es bleibt eine Hoffnung zur\u00fcck, die Hoffnung, dass unter \u201e(12 000) kleinen Fischen (&#8230;) einer (keine Ruhe findet)\u201c und losschwimmt, und, dies darf man als Samads Bekenntnis lesen: \u201eWichtig allein ist, welchen Wert mein Leben oder mein Tod f\u00fcr das LEBEN hat&#8230;\u201c.<br \/>\nZum Autor Samad Behranghi (1938-1968):<\/p>\n<p>Behranghi wurde in einem Dorf bei Aserbeidschan\/Iran (Nordwestliche Provinz) geboren und wuchs in Armut und Elend auf. Er entwickelte fr\u00fch ein Gesp\u00fchr f\u00fcr die gesellschaftliche Situation seines Landes und erkannte die Notwendigkeit gelebten Widerstandes und der Solidarit\u00e4t der Unterdr\u00fcckten untereinander, was er in seinen Geschichten und Erz\u00e4hlungen f\u00fcr Kinder zum Ausdruck brachte. Aber wie ein persischer Gelehrter sagte: \u201eSeine Werke sind f\u00fcr Kinder geschrieben, aber die Erwachsenen sollen daraus lernen!\u201c<\/p>\n<p>Doch welches repressive Regime sieht gelassen zu, wenn zum Widerstand gegen es aufgerufen wird&#8230;1968 verschwand Samad, seine Leiche wurde sp\u00e4ter am Arras- Fluss im Norden Persiens gefunden.<\/p>\n","protected":false},"excerpt":{"rendered":"<p>Samad Behranghi: Der kleine schwarze Fisch. Ein persisches M\u00e4rchen f\u00fcr [&hellip;] &hellip; <a href=\"https:\/\/www.packpapierverlag.de\/?product=samad-behranghi-der-kleine-schwarze-fisch\">Weiterlesen <span class=\"meta-nav\">&rarr;<\/span><\/a><\/p>\n","protected":false},"featured_media":7232,"template":"","meta":[],"product_brand":[],"product_cat":[9,13,18,3],"product_tag":[],"class_list":{"0":"post-616","1":"product","2":"type-product","3":"status-publish","4":"has-post-thumbnail","6":"product_cat-bewegung-widerstand","7":"product_cat-kinderbucher-spiele","8":"product_cat-literatur","9":"product_cat-produkte","11":"first","12":"instock","13":"shipping-taxable","14":"purchasable","15":"product-type-simple"},"_links":{"self":[{"href":"https:\/\/www.packpapierverlag.de\/index.php?rest_route=\/wp\/v2\/product\/616","targetHints":{"allow":["GET"]}}],"collection":[{"href":"https:\/\/www.packpapierverlag.de\/index.php?rest_route=\/wp\/v2\/product"}],"about":[{"href":"https:\/\/www.packpapierverlag.de\/index.php?rest_route=\/wp\/v2\/types\/product"}],"wp:featuredmedia":[{"embeddable":true,"href":"https:\/\/www.packpapierverlag.de\/index.php?rest_route=\/wp\/v2\/media\/7232"}],"wp:attachment":[{"href":"https:\/\/www.packpapierverlag.de\/index.php?rest_route=%2Fwp%2Fv2%2Fmedia&parent=616"}],"wp:term":[{"taxonomy":"product_brand","embeddable":true,"href":"https:\/\/www.packpapierverlag.de\/index.php?rest_route=%2Fwp%2Fv2%2Fproduct_brand&post=616"},{"taxonomy":"product_cat","embeddable":true,"href":"https:\/\/www.packpapierverlag.de\/index.php?rest_route=%2Fwp%2Fv2%2Fproduct_cat&post=616"},{"taxonomy":"product_tag","embeddable":true,"href":"https:\/\/www.packpapierverlag.de\/index.php?rest_route=%2Fwp%2Fv2%2Fproduct_tag&post=616"}],"curies":[{"name":"wp","href":"https:\/\/api.w.org\/{rel}","templated":true}]}}

<p style="text-align: left;"><a href="https://www.packpapierverlag.de/wp-content/uploads/2017/04/Samad-Schwarzer-Fisch.jpg" rel="attachment wp-att-7232"><img loading="lazy" decoding="async" class="size-medium wp-image-7232 alignleft" src="https://www.packpapierverlag.de/wp-content/uploads/2017/04/Samad-Schwarzer-Fisch-208x300.jpg" alt="Samad Schwarzer Fisch" width="208" height="300" srcset="https://www.packpapierverlag.de/wp-content/uploads/2017/04/Samad-Schwarzer-Fisch-208x300.jpg 208w, https://www.packpapierverlag.de/wp-content/uploads/2017/04/Samad-Schwarzer-Fisch-300x434.jpg 300w, https://www.packpapierverlag.de/wp-content/uploads/2017/04/Samad-Schwarzer-Fisch-768x1110.jpg 768w, https://www.packpapierverlag.de/wp-content/uploads/2017/04/Samad-Schwarzer-Fisch-708x1024.jpg 708w, https://www.packpapierverlag.de/wp-content/uploads/2017/04/Samad-Schwarzer-Fisch.jpg 1024w" sizes="auto, (max-width: 208px) 100vw, 208px" /></a>Samad Behranghi: Der kleine schwarze Fisch.</p>
<p>Ein persisches Märchen für Jung und Alt, mit schönen Bildern illustriert, 32 Seiten, DIN A 6, PackpapierVerlag.</p>
<p>&nbsp;</p>
<p>Das Märchen:</p>
<p>Der kleine schwarze Fisch zieht aus, das Ende des Baches zu finden, ist begierig zu wissen, was dahinter liegt. Unerschrocken schwimmt er los, angespornt von dem Wunsch, zu wissen, zu erfahren, die Welt zu entdecken und mit den Tieren zu sprechen, die außerhalb seines Heimatbaches eine Welt bewohnen, die er bisher nicht gekannt hat. Immer wieder fragt er, nach dem Frieden, nach dem Grund für Feindschaft und Furcht, und er fragt nach der Freiheit, die es für einen kleinen Fisch in der großen Welt doch geben muß. Wenn nur die großen, gefährlichen Kormorane und Pelikane nicht wären,&#8230;</p>
<p>Hier liest man einerseits ein bezauberndes Märchen, das auch Kinder verstehen, aber unübersehbar ist auch der politische Drang nach Freiheit: „Wenn nun ein Fisch in seinen Beutel gelangt (es geht um den die Kleintiere bedrohenden Schnabelsack des Pelikans), gibt es für ihn gar keine Hoffnung, doch noch zu entkommen?“- „Es gibt nur einen Weg. Du mußt den Beutel (von innen) zerreißen!“ Und an anderer Stelle: „Warum bist Du so mißtrauisch und ängstlich, kleiner Fisch?“- „Ich bin weder mißtrauisch noch ängstlich, mein Mund spricht, was meine Augen sehen und mein Verstand mir rät.“</p>
<p>Wie Samad, so verschwindet auch der kleine schwarze Fisch am Ende spurlos, aber es bleibt eine Hoffnung zurück, die Hoffnung, dass unter „(12 000) kleinen Fischen (&#8230;) einer (keine Ruhe findet)“ und losschwimmt, und, dies darf man als Samads Bekenntnis lesen: „Wichtig allein ist, welchen Wert mein Leben oder mein Tod für das LEBEN hat&#8230;“.<br />
Zum Autor Samad Behranghi (1938-1968):</p>
<p>Behranghi wurde in einem Dorf bei Aserbeidschan/Iran (Nordwestliche Provinz) geboren und wuchs in Armut und Elend auf. Er entwickelte früh ein Gespühr für die gesellschaftliche Situation seines Landes und erkannte die Notwendigkeit gelebten Widerstandes und der Solidarität der Unterdrückten untereinander, was er in seinen Geschichten und Erzählungen für Kinder zum Ausdruck brachte. Aber wie ein persischer Gelehrter sagte: „Seine Werke sind für Kinder geschrieben, aber die Erwachsenen sollen daraus lernen!“</p>
<p>Doch welches repressive Regime sieht gelassen zu, wenn zum Widerstand gegen es aufgerufen wird&#8230;1968 verschwand Samad, seine Leiche wurde später am Arras- Fluss im Norden Persiens gefunden.</p>

<p>Samad Behranghi: Der kleine schwarze Fisch. Ein persisches Märchen für [&hellip;] &hellip; <a href="https://www.packpapierverlag.de/?product=samad-behranghi-der-kleine-schwarze-fisch">Weiterlesen <span class="meta-nav">&rarr;</span></a></p>
