{"id":6167,"date":"2014-10-07T20:57:39","date_gmt":"2014-10-07T18:57:39","guid":{"rendered":"http:\/\/www.packpapierverlag.de\/?p=6167"},"modified":"2017-03-04T08:40:57","modified_gmt":"2017-03-04T07:40:57","slug":"bleiberecht-fur-roma-k87","status":"publish","type":"product","link":"https:\/\/www.packpapierverlag.de\/?product=bleiberecht-fur-roma-k87","title":{"rendered":"Bleiberecht f\u00fcr Roma (k87)"},"content":{"rendered":"<p><a href=\"https:\/\/www.packpapierverlag.de\/wp-content\/uploads\/2014\/10\/bleiberecht-f\u00fcr-roma.jpg\"><img loading=\"lazy\" decoding=\"async\" class=\"alignleft size-medium wp-image-6168\" title=\"bleiberecht f\u00fcr roma\" src=\"https:\/\/www.packpapierverlag.de\/wp-content\/uploads\/2014\/10\/bleiberecht-f\u00fcr-roma-300x204.jpg\" alt=\"\" width=\"300\" height=\"204\" srcset=\"https:\/\/www.packpapierverlag.de\/wp-content\/uploads\/2014\/10\/bleiberecht-f\u00fcr-roma-300x204.jpg 300w, https:\/\/www.packpapierverlag.de\/wp-content\/uploads\/2014\/10\/bleiberecht-f\u00fcr-roma.jpg 1024w\" sizes=\"auto, (max-width: 300px) 100vw, 300px\" \/><\/a><\/p>\n<p>bleiberecht f\u00fcr roma<\/p>\n<p><small style=\"color: #0a2c2c;\"><span style=\"font-family: Helvetica,Arial,sans-serif;\">Aufkleber<br \/>\n(nicht wasserdicht)<\/span><br style=\"font-family: Helvetica,Arial,sans-serif;\" \/><big style=\"font-weight: bold; color: #0f4646;\"><span style=\"font-family: Helvetica,Arial,sans-serif;\">Bleiberecht<br \/>\nf\u00fcr Roma<\/span><\/big><br style=\"font-family: Helvetica,Arial,sans-serif;\" \/><span style=\"font-family: Helvetica,Arial,sans-serif;\">Ma\u00dfe<br \/>\nca. 10,5x15cm<\/span><\/small><\/p>\n","protected":false},"excerpt":{"rendered":"<p>bleiberecht f\u00fcr roma Aufkleber (nicht wasserdicht)Bleiberecht f\u00fcr RomaMa\u00dfe ca. 10,5x15cm<\/p>\n","protected":false},"featured_media":6168,"template":"","meta":[],"product_brand":[],"product_cat":[8,3],"product_tag":[],"class_list":{"0":"post-6167","1":"product","2":"type-product","3":"status-publish","4":"has-post-thumbnail","6":"product_cat-aufkleber-sticker-aufnaher","7":"product_cat-produkte","9":"first","10":"instock","11":"shipping-taxable","12":"purchasable","13":"product-type-simple"},"_links":{"self":[{"href":"https:\/\/www.packpapierverlag.de\/index.php?rest_route=\/wp\/v2\/product\/6167","targetHints":{"allow":["GET"]}}],"collection":[{"href":"https:\/\/www.packpapierverlag.de\/index.php?rest_route=\/wp\/v2\/product"}],"about":[{"href":"https:\/\/www.packpapierverlag.de\/index.php?rest_route=\/wp\/v2\/types\/product"}],"wp:featuredmedia":[{"embeddable":true,"href":"https:\/\/www.packpapierverlag.de\/index.php?rest_route=\/wp\/v2\/media\/6168"}],"wp:attachment":[{"href":"https:\/\/www.packpapierverlag.de\/index.php?rest_route=%2Fwp%2Fv2%2Fmedia&parent=6167"}],"wp:term":[{"taxonomy":"product_brand","embeddable":true,"href":"https:\/\/www.packpapierverlag.de\/index.php?rest_route=%2Fwp%2Fv2%2Fproduct_brand&post=6167"},{"taxonomy":"product_cat","embeddable":true,"href":"https:\/\/www.packpapierverlag.de\/index.php?rest_route=%2Fwp%2Fv2%2Fproduct_cat&post=6167"},{"taxonomy":"product_tag","embeddable":true,"href":"https:\/\/www.packpapierverlag.de\/index.php?rest_route=%2Fwp%2Fv2%2Fproduct_tag&post=6167"}],"curies":[{"name":"wp","href":"https:\/\/api.w.org\/{rel}","templated":true}]}}

Bleiberecht für Roma (k87)

<p><a href="https://www.packpapierverlag.de/wp-content/uploads/2014/10/bleiberecht-für-roma.jpg"><img loading="lazy" decoding="async" class="alignleft size-medium wp-image-6168" title="bleiberecht für roma" src="https://www.packpapierverlag.de/wp-content/uploads/2014/10/bleiberecht-für-roma-300x204.jpg" alt="" width="300" height="204" srcset="https://www.packpapierverlag.de/wp-content/uploads/2014/10/bleiberecht-für-roma-300x204.jpg 300w, https://www.packpapierverlag.de/wp-content/uploads/2014/10/bleiberecht-für-roma.jpg 1024w" sizes="auto, (max-width: 300px) 100vw, 300px" /></a></p>
<p>bleiberecht für roma</p>
<p><small style="color: #0a2c2c;"><span style="font-family: Helvetica,Arial,sans-serif;">Aufkleber<br />
(nicht wasserdicht)</span><br style="font-family: Helvetica,Arial,sans-serif;" /><big style="font-weight: bold; color: #0f4646;"><span style="font-family: Helvetica,Arial,sans-serif;">Bleiberecht<br />
für Roma</span></big><br style="font-family: Helvetica,Arial,sans-serif;" /><span style="font-family: Helvetica,Arial,sans-serif;">Maße<br />
ca. 10,5x15cm</span></small></p>

<p>bleiberecht für roma Aufkleber (nicht wasserdicht)Bleiberecht für RomaMaße ca. 10,5x15cm</p>
