{"id":6186,"date":"2014-10-07T21:01:43","date_gmt":"2014-10-07T19:01:43","guid":{"rendered":"http:\/\/www.packpapierverlag.de\/?p=6186"},"modified":"2022-03-05T12:56:29","modified_gmt":"2022-03-05T11:56:29","slug":"hier-entsteht-eine-aufkleber-prasenz-9","status":"publish","type":"product","link":"https:\/\/www.packpapierverlag.de\/?product=hier-entsteht-eine-aufkleber-prasenz-9","title":{"rendered":"Aufn\u00e4her I didn`t go to work today&#8230; (k158)"},"content":{"rendered":"<p><a href=\"https:\/\/www.packpapierverlag.de\/wp-content\/uploads\/2014\/10\/Aufn\u00e4her-not-to-work-weiss.jpg\" rel=\"attachment wp-att-8301\"><img loading=\"lazy\" decoding=\"async\" class=\"size-medium wp-image-8301 alignleft\" src=\"https:\/\/www.packpapierverlag.de\/wp-content\/uploads\/2014\/10\/Aufn\u00e4her-not-to-work-weiss-194x300.jpg\" alt=\"Aufn\u00e4her not to work weiss\" width=\"194\" height=\"300\" srcset=\"https:\/\/www.packpapierverlag.de\/wp-content\/uploads\/2014\/10\/Aufn\u00e4her-not-to-work-weiss-194x300.jpg 194w, https:\/\/www.packpapierverlag.de\/wp-content\/uploads\/2014\/10\/Aufn\u00e4her-not-to-work-weiss-300x463.jpg 300w, https:\/\/www.packpapierverlag.de\/wp-content\/uploads\/2014\/10\/Aufn\u00e4her-not-to-work-weiss-768x1185.jpg 768w, https:\/\/www.packpapierverlag.de\/wp-content\/uploads\/2014\/10\/Aufn\u00e4her-not-to-work-weiss-664x1024.jpg 664w, https:\/\/www.packpapierverlag.de\/wp-content\/uploads\/2014\/10\/Aufn\u00e4her-not-to-work-weiss.jpg 1024w\" sizes=\"auto, (max-width: 194px) 100vw, 194px\" \/><\/a>Stoffaufn\u00e4her, Siebdruck von Martin<\/p>\n<p>I didn`t go to work today&#8230; I don`t think I`ll go tomorrow!<\/p>\n<p>Arbeitsverweigerung zum Aufn\u00e4hen, Farbe: wei\u00df, Motivma\u00dfe ca. 10&#215;13 cm<\/p>\n","protected":false},"excerpt":{"rendered":"<p>Stoffaufn\u00e4her, Siebdruck von Martin I didn`t go to work today&#8230; [&hellip;] &hellip; <a href=\"https:\/\/www.packpapierverlag.de\/?product=hier-entsteht-eine-aufkleber-prasenz-9\">Weiterlesen <span class=\"meta-nav\">&rarr;<\/span><\/a><\/p>\n","protected":false},"featured_media":8301,"template":"","meta":[],"product_brand":[],"product_cat":[8,3],"product_tag":[],"class_list":{"0":"post-6186","1":"product","2":"type-product","3":"status-publish","4":"has-post-thumbnail","6":"product_cat-aufkleber-sticker-aufnaher","7":"product_cat-produkte","9":"first","10":"instock","11":"shipping-taxable","12":"purchasable","13":"product-type-simple"},"_links":{"self":[{"href":"https:\/\/www.packpapierverlag.de\/index.php?rest_route=\/wp\/v2\/product\/6186","targetHints":{"allow":["GET"]}}],"collection":[{"href":"https:\/\/www.packpapierverlag.de\/index.php?rest_route=\/wp\/v2\/product"}],"about":[{"href":"https:\/\/www.packpapierverlag.de\/index.php?rest_route=\/wp\/v2\/types\/product"}],"wp:featuredmedia":[{"embeddable":true,"href":"https:\/\/www.packpapierverlag.de\/index.php?rest_route=\/wp\/v2\/media\/8301"}],"wp:attachment":[{"href":"https:\/\/www.packpapierverlag.de\/index.php?rest_route=%2Fwp%2Fv2%2Fmedia&parent=6186"}],"wp:term":[{"taxonomy":"product_brand","embeddable":true,"href":"https:\/\/www.packpapierverlag.de\/index.php?rest_route=%2Fwp%2Fv2%2Fproduct_brand&post=6186"},{"taxonomy":"product_cat","embeddable":true,"href":"https:\/\/www.packpapierverlag.de\/index.php?rest_route=%2Fwp%2Fv2%2Fproduct_cat&post=6186"},{"taxonomy":"product_tag","embeddable":true,"href":"https:\/\/www.packpapierverlag.de\/index.php?rest_route=%2Fwp%2Fv2%2Fproduct_tag&post=6186"}],"curies":[{"name":"wp","href":"https:\/\/api.w.org\/{rel}","templated":true}]}}

Aufnäher I didn`t go to work today&#8230; (k158)

<p><a href="https://www.packpapierverlag.de/wp-content/uploads/2014/10/Aufnäher-not-to-work-weiss.jpg" rel="attachment wp-att-8301"><img loading="lazy" decoding="async" class="size-medium wp-image-8301 alignleft" src="https://www.packpapierverlag.de/wp-content/uploads/2014/10/Aufnäher-not-to-work-weiss-194x300.jpg" alt="Aufnäher not to work weiss" width="194" height="300" srcset="https://www.packpapierverlag.de/wp-content/uploads/2014/10/Aufnäher-not-to-work-weiss-194x300.jpg 194w, https://www.packpapierverlag.de/wp-content/uploads/2014/10/Aufnäher-not-to-work-weiss-300x463.jpg 300w, https://www.packpapierverlag.de/wp-content/uploads/2014/10/Aufnäher-not-to-work-weiss-768x1185.jpg 768w, https://www.packpapierverlag.de/wp-content/uploads/2014/10/Aufnäher-not-to-work-weiss-664x1024.jpg 664w, https://www.packpapierverlag.de/wp-content/uploads/2014/10/Aufnäher-not-to-work-weiss.jpg 1024w" sizes="auto, (max-width: 194px) 100vw, 194px" /></a>Stoffaufnäher, Siebdruck von Martin</p>
<p>I didn`t go to work today&#8230; I don`t think I`ll go tomorrow!</p>
<p>Arbeitsverweigerung zum Aufnähen, Farbe: weiß, Motivmaße ca. 10&#215;13 cm</p>

<p>Stoffaufnäher, Siebdruck von Martin I didn`t go to work today&#8230; [&hellip;] &hellip; <a href="https://www.packpapierverlag.de/?product=hier-entsteht-eine-aufkleber-prasenz-9">Weiterlesen <span class="meta-nav">&rarr;</span></a></p>
