{"id":6206,"date":"2014-10-07T21:03:46","date_gmt":"2014-10-07T19:03:46","guid":{"rendered":"http:\/\/www.packpapierverlag.de\/?p=6206"},"modified":"2020-05-16T14:31:29","modified_gmt":"2020-05-16T12:31:29","slug":"hier-entsteht-eine-aufkleber-prasenz-19","status":"publish","type":"product","link":"https:\/\/www.packpapierverlag.de\/?product=hier-entsteht-eine-aufkleber-prasenz-19","title":{"rendered":"Go vegan, wei\u00df (k105)"},"content":{"rendered":"<p><small style=\"color: #002b2b;\"><span style=\"font-family: Helvetica,Arial,sans-serif;\"><img loading=\"lazy\" decoding=\"async\" class=\"alignleft size-full wp-image-13882\" src=\"https:\/\/www.packpapierverlag.de\/wp-content\/uploads\/2020\/05\/go-vegan-k105.jpg\" alt=\"\" width=\"409\" height=\"433\" srcset=\"https:\/\/www.packpapierverlag.de\/wp-content\/uploads\/2020\/05\/go-vegan-k105.jpg 409w, https:\/\/www.packpapierverlag.de\/wp-content\/uploads\/2020\/05\/go-vegan-k105-300x318.jpg 300w, https:\/\/www.packpapierverlag.de\/wp-content\/uploads\/2020\/05\/go-vegan-k105-283x300.jpg 283w\" sizes=\"auto, (max-width: 409px) 100vw, 409px\" \/>Aufkleber<br \/>\nf\u00fcr Veganer und Tierrechtler<\/span><br style=\"font-family: Helvetica,Arial,sans-serif;\" \/><span style=\"font-family: Helvetica,Arial,sans-serif;\">Vermummter<br \/>\nHase mit M\u00f6hre<\/span><br style=\"font-family: Helvetica,Arial,sans-serif;\" \/><big style=\"font-weight: bold; color: #006060;\"><span style=\"font-family: Helvetica,Arial,sans-serif;\">Go vegan !<\/span><\/big><br style=\"font-family: Helvetica,Arial,sans-serif;\" \/><span style=\"font-family: Helvetica,Arial,sans-serif;\">Ma\u00dfe<br \/>\nca. 10&#215;10 cm<\/span><\/small><\/p>\n","protected":false},"excerpt":{"rendered":"<p>Aufkleber f\u00fcr Veganer und TierrechtlerVermummter Hase mit M\u00f6hreGo vegan !Ma\u00dfe [&hellip;] &hellip; <a href=\"https:\/\/www.packpapierverlag.de\/?product=hier-entsteht-eine-aufkleber-prasenz-19\">Weiterlesen <span class=\"meta-nav\">&rarr;<\/span><\/a><\/p>\n","protected":false},"featured_media":13882,"template":"","meta":[],"product_brand":[],"product_cat":[8,3],"product_tag":[],"class_list":{"0":"post-6206","1":"product","2":"type-product","3":"status-publish","4":"has-post-thumbnail","6":"product_cat-aufkleber-sticker-aufnaher","7":"product_cat-produkte","9":"first","10":"instock","11":"shipping-taxable","12":"purchasable","13":"product-type-simple"},"_links":{"self":[{"href":"https:\/\/www.packpapierverlag.de\/index.php?rest_route=\/wp\/v2\/product\/6206","targetHints":{"allow":["GET"]}}],"collection":[{"href":"https:\/\/www.packpapierverlag.de\/index.php?rest_route=\/wp\/v2\/product"}],"about":[{"href":"https:\/\/www.packpapierverlag.de\/index.php?rest_route=\/wp\/v2\/types\/product"}],"wp:featuredmedia":[{"embeddable":true,"href":"https:\/\/www.packpapierverlag.de\/index.php?rest_route=\/wp\/v2\/media\/13882"}],"wp:attachment":[{"href":"https:\/\/www.packpapierverlag.de\/index.php?rest_route=%2Fwp%2Fv2%2Fmedia&parent=6206"}],"wp:term":[{"taxonomy":"product_brand","embeddable":true,"href":"https:\/\/www.packpapierverlag.de\/index.php?rest_route=%2Fwp%2Fv2%2Fproduct_brand&post=6206"},{"taxonomy":"product_cat","embeddable":true,"href":"https:\/\/www.packpapierverlag.de\/index.php?rest_route=%2Fwp%2Fv2%2Fproduct_cat&post=6206"},{"taxonomy":"product_tag","embeddable":true,"href":"https:\/\/www.packpapierverlag.de\/index.php?rest_route=%2Fwp%2Fv2%2Fproduct_tag&post=6206"}],"curies":[{"name":"wp","href":"https:\/\/api.w.org\/{rel}","templated":true}]}}