{"id":6365,"date":"2014-12-05T22:54:12","date_gmt":"2014-12-05T21:54:12","guid":{"rendered":"http:\/\/www.packpapierverlag.de\/?p=6365"},"modified":"2023-10-15T19:47:56","modified_gmt":"2023-10-15T17:47:56","slug":"nah-dich-frei-vom-konsum-p171","status":"publish","type":"product","link":"https:\/\/www.packpapierverlag.de\/?product=nah-dich-frei-vom-konsum-p171","title":{"rendered":"N\u00e4h Dich frei vom Konsum (p171)"},"content":{"rendered":"<p>&nbsp;<\/p>\n<p><b><span style=\"font-size: 12pt; font-family: Helvetica; color: #254b4b;\"><img loading=\"lazy\" decoding=\"async\" class=\"alignleft  wp-image-17473\" src=\"https:\/\/www.packpapierverlag.de\/wp-content\/uploads\/2014\/12\/p171naehdichfrei-U.jpg\" alt=\"\" width=\"312\" height=\"441\" srcset=\"https:\/\/www.packpapierverlag.de\/wp-content\/uploads\/2014\/12\/p171naehdichfrei-U.jpg 794w, https:\/\/www.packpapierverlag.de\/wp-content\/uploads\/2014\/12\/p171naehdichfrei-U-300x424.jpg 300w, https:\/\/www.packpapierverlag.de\/wp-content\/uploads\/2014\/12\/p171naehdichfrei-U-212x300.jpg 212w, https:\/\/www.packpapierverlag.de\/wp-content\/uploads\/2014\/12\/p171naehdichfrei-U-724x1024.jpg 724w\" sizes=\"auto, (max-width: 312px) 100vw, 312px\" \/>N\u00c4H DICH FREI VOM KONSUM<\/span><\/b><span style=\"font-size: 10pt; font-family: Helvetica; color: #162c2c;\"><br \/>\nHeft mit 48 Seiten, DIN A6, mit Zeichnungen illustriert.<\/span><\/p>\n<p><span style=\"font-size: 10pt; font-family: Helvetica; color: #162c2c;\">Kleidung aus Sklavenlohnfabriken auf der einen, \u00dcberflutung anderer L\u00e4nder mit ausrangierten Klamotten\u00a0zuungunsten der dortigen Textilwirtschaft auf der anderen Seite, Wasser- und Ressourcenverschwendung f\u00fcr die Herstellung neuer Kleidung und Umweltbelastung durch die sp\u00e4tere Entsorgung sind gute Gr\u00fcnde, den Kleidungskonsum kritisch zu hinterfragen und Hemd, Pullover, Hose, T-Shirt nicht beim ersten Anzeichen des Alterns &#8222;abzuschreiben&#8220;, sondern mit wenigen Stichen zu reparieren. Das ist nicht nur \u00f6kologisch verantwortlich und kosteng\u00fcnstig, sondern auch kinderleicht. Die N\u00e4h-Dich-frei-Autoren Marina und Juscha zeigen im vorliegenden Heftchen das 1&#215;1 des Ausbessern und Reparierens. Wer nach der Lekt\u00fcre neugierig auf mehr ist (vielleicht auch seine kreative Ader entdeckt), kann bei den Autoren &#8222;in die Lehre&#8220; gehen: sie bieten N\u00e4hworkshops f\u00fcr alle an, eine Adresse findet sich im N\u00e4h-Dich-frei. Auf geht`s!<br \/>\n<b>INHALT<\/b>: Konsumfreie Nadelstiche + Wir * Das \u201eNichts im Schrank\u201c w\u00e4chst * Woher kommt unsere Kleidung? * Kleine Stoffkunde * Der Haken an der Baumwolle * NADELSTICHE: Einf\u00e4deln \u2013 Knoten \u2013 Der einfache Stich \u2013 Heftnaht \u2013 Der diagonale Stich \u2013 Abschlu\u00df \u2013 Aufgerissene Naht reparieren \u2013 Riss reparieren \u2013 Gro\u00dfes Loch reparieren \u2013 Knopf ann\u00e4hen \u2013 Hose k\u00fcrzen \u2013 \u00c4rmelkanten ausbessern und ersetzen \u2013 \u00c4rmelbund ersetzen \u2013 Enger machen \u2013 Tunnel und Gummizug \u2013 Schuffelstelle an der Jeans ausbessern \u2013 Nahtri\u00df am \u00c4rmel flicken \u2013 Hosentasche erneuern \u2013 Aufh\u00fcbschen (Applikationen, Spitze, Perlen, Bemalen, Raffen, F\u00e4rben\/Batiken) * Infos &amp; Aktionen im Netz * Aktiv werden<\/span><\/p>\n","protected":false},"excerpt":{"rendered":"<p>&nbsp; N\u00c4H DICH FREI VOM KONSUM Heft mit 48 Seiten, [&hellip;] &hellip; <a href=\"https:\/\/www.packpapierverlag.de\/?product=nah-dich-frei-vom-konsum-p171\">Weiterlesen <span class=\"meta-nav\">&rarr;<\/span><\/a><\/p>\n","protected":false},"featured_media":0,"template":"","meta":[],"product_brand":[],"product_cat":[3,5],"product_tag":[],"class_list":{"0":"post-6365","1":"product","2":"type-product","3":"status-publish","5":"product_cat-produkte","6":"product_cat-selbstversorgung","8":"first","9":"instock","10":"shipping-taxable","11":"purchasable","12":"product-type-simple"},"_links":{"self":[{"href":"https:\/\/www.packpapierverlag.de\/index.php?rest_route=\/wp\/v2\/product\/6365","targetHints":{"allow":["GET"]}}],"collection":[{"href":"https:\/\/www.packpapierverlag.de\/index.php?rest_route=\/wp\/v2\/product"}],"about":[{"href":"https:\/\/www.packpapierverlag.de\/index.php?rest_route=\/wp\/v2\/types\/product"}],"wp:attachment":[{"href":"https:\/\/www.packpapierverlag.de\/index.php?rest_route=%2Fwp%2Fv2%2Fmedia&parent=6365"}],"wp:term":[{"taxonomy":"product_brand","embeddable":true,"href":"https:\/\/www.packpapierverlag.de\/index.php?rest_route=%2Fwp%2Fv2%2Fproduct_brand&post=6365"},{"taxonomy":"product_cat","embeddable":true,"href":"https:\/\/www.packpapierverlag.de\/index.php?rest_route=%2Fwp%2Fv2%2Fproduct_cat&post=6365"},{"taxonomy":"product_tag","embeddable":true,"href":"https:\/\/www.packpapierverlag.de\/index.php?rest_route=%2Fwp%2Fv2%2Fproduct_tag&post=6365"}],"curies":[{"name":"wp","href":"https:\/\/api.w.org\/{rel}","templated":true}]}}

Näh Dich frei vom Konsum (p171)

<p>&nbsp;</p>
<p><b><span style="font-size: 12pt; font-family: Helvetica; color: #254b4b;"><img loading="lazy" decoding="async" class="alignleft  wp-image-17473" src="https://www.packpapierverlag.de/wp-content/uploads/2014/12/p171naehdichfrei-U.jpg" alt="" width="312" height="441" srcset="https://www.packpapierverlag.de/wp-content/uploads/2014/12/p171naehdichfrei-U.jpg 794w, https://www.packpapierverlag.de/wp-content/uploads/2014/12/p171naehdichfrei-U-300x424.jpg 300w, https://www.packpapierverlag.de/wp-content/uploads/2014/12/p171naehdichfrei-U-212x300.jpg 212w, https://www.packpapierverlag.de/wp-content/uploads/2014/12/p171naehdichfrei-U-724x1024.jpg 724w" sizes="auto, (max-width: 312px) 100vw, 312px" />NÄH DICH FREI VOM KONSUM</span></b><span style="font-size: 10pt; font-family: Helvetica; color: #162c2c;"><br />
Heft mit 48 Seiten, DIN A6, mit Zeichnungen illustriert.</span></p>
<p><span style="font-size: 10pt; font-family: Helvetica; color: #162c2c;">Kleidung aus Sklavenlohnfabriken auf der einen, Überflutung anderer Länder mit ausrangierten Klamotten zuungunsten der dortigen Textilwirtschaft auf der anderen Seite, Wasser- und Ressourcenverschwendung für die Herstellung neuer Kleidung und Umweltbelastung durch die spätere Entsorgung sind gute Gründe, den Kleidungskonsum kritisch zu hinterfragen und Hemd, Pullover, Hose, T-Shirt nicht beim ersten Anzeichen des Alterns &#8222;abzuschreiben&#8220;, sondern mit wenigen Stichen zu reparieren. Das ist nicht nur ökologisch verantwortlich und kostengünstig, sondern auch kinderleicht. Die Näh-Dich-frei-Autoren Marina und Juscha zeigen im vorliegenden Heftchen das 1&#215;1 des Ausbessern und Reparierens. Wer nach der Lektüre neugierig auf mehr ist (vielleicht auch seine kreative Ader entdeckt), kann bei den Autoren &#8222;in die Lehre&#8220; gehen: sie bieten Nähworkshops für alle an, eine Adresse findet sich im Näh-Dich-frei. Auf geht`s!<br />
<b>INHALT</b>: Konsumfreie Nadelstiche + Wir * Das „Nichts im Schrank“ wächst * Woher kommt unsere Kleidung? * Kleine Stoffkunde * Der Haken an der Baumwolle * NADELSTICHE: Einfädeln – Knoten – Der einfache Stich – Heftnaht – Der diagonale Stich – Abschluß – Aufgerissene Naht reparieren – Riss reparieren – Großes Loch reparieren – Knopf annähen – Hose kürzen – Ärmelkanten ausbessern und ersetzen – Ärmelbund ersetzen – Enger machen – Tunnel und Gummizug – Schuffelstelle an der Jeans ausbessern – Nahtriß am Ärmel flicken – Hosentasche erneuern – Aufhübschen (Applikationen, Spitze, Perlen, Bemalen, Raffen, Färben/Batiken) * Infos &amp; Aktionen im Netz * Aktiv werden</span></p>

<p>&nbsp; NÄH DICH FREI VOM KONSUM Heft mit 48 Seiten, [&hellip;] &hellip; <a href="https://www.packpapierverlag.de/?product=nah-dich-frei-vom-konsum-p171">Weiterlesen <span class="meta-nav">&rarr;</span></a></p>
