{"id":6423,"date":"2015-01-23T19:24:14","date_gmt":"2015-01-23T18:24:14","guid":{"rendered":"http:\/\/www.packpapierverlag.de\/?p=6423"},"modified":"2023-12-02T13:51:23","modified_gmt":"2023-12-02T12:51:23","slug":"scherben-musik-politik-und-wirkung-der-ton-steine-scherben","status":"publish","type":"product","link":"https:\/\/www.packpapierverlag.de\/?product=scherben-musik-politik-und-wirkung-der-ton-steine-scherben","title":{"rendered":"Ton Steine Scherben (v106) Musik, Politik und Wirkung"},"content":{"rendered":"<p><a href=\"https:\/\/www.packpapierverlag.de\/wp-content\/uploads\/2015\/01\/Ton-Steine-Scherben.jpg\"><img loading=\"lazy\" decoding=\"async\" class=\"alignleft size-medium wp-image-6424\" title=\"Ton Steine Scherben\" src=\"https:\/\/www.packpapierverlag.de\/wp-content\/uploads\/2015\/01\/Ton-Steine-Scherben-204x300.jpg\" alt=\"\" width=\"204\" height=\"300\" srcset=\"https:\/\/www.packpapierverlag.de\/wp-content\/uploads\/2015\/01\/Ton-Steine-Scherben-204x300.jpg 204w, https:\/\/www.packpapierverlag.de\/wp-content\/uploads\/2015\/01\/Ton-Steine-Scherben-300x440.jpg 300w, https:\/\/www.packpapierverlag.de\/wp-content\/uploads\/2015\/01\/Ton-Steine-Scherben-697x1024.jpg 697w, https:\/\/www.packpapierverlag.de\/wp-content\/uploads\/2015\/01\/Ton-Steine-Scherben.jpg 1024w\" sizes=\"auto, (max-width: 204px) 100vw, 204px\" \/><\/a><small><span style=\"font-family: Helvetica,Arial,sans-serif; color: #213349;\">Wolfgang <\/span><\/small><small style=\"color: #002a2a;\"><span style=\"font-family: Helvetica,Arial,sans-serif; color: #213349;\">Seidel (Herausgeber)<\/span><br style=\"font-family: Helvetica,Arial,sans-serif; color: #213349;\" \/><big style=\"font-weight: bold; color: #334f71;\"><span style=\"font-family: Helvetica,Arial,sans-serif;\">Scherben. Musik, Politik und Wirkung der Ton Steine Scherben<\/span><\/big> (v106)<br style=\"font-family: Helvetica,Arial,sans-serif; color: #213349;\" \/><span style=\"font-family: Helvetica,Arial,sans-serif; color: #213349;\">ISBN 978-3-931555-94-8 <\/span><span style=\"font-family: Helvetica,Arial,sans-serif; color: #213349;\">Mainz: Ventil Verlag, Neuausgabe 2020, 272 <\/span><span style=\"font-family: Helvetica,Arial,sans-serif; color: #213349;\">Seiten mit vielen Photos!<\/span><br style=\"font-family: Helvetica,Arial,sans-serif; color: #213349;\" \/><span style=\"font-weight: bold; font-family: Helvetica,Arial,sans-serif; color: #213349;\">Klappentext:<\/span><br style=\"font-family: Helvetica,Arial,sans-serif; color: #213349;\" \/><span style=\"font-family: Helvetica,Arial,sans-serif; color: #213349;\">Kaum eine andere Band spiegelt den Aufbruch einer jungen Generation und ihren kompromisslosen Bruch mit einer als reaktion\u00e4r empfundenen Republik derma\u00dfen wieder wie die Ton Steine Scherben. Heute werden die Band und ihr charismatischer S\u00e4nger Rio Reiser gerne verkl\u00e4rt. Wolfgang Seidel wirkt diesem Mythos entgegen: Als Herausgeber hat er Zeitzeugen versammelt, politische Aktivisten der 1970er und Freunde der Band, deren Erinnerungen die Vergangenheit noch einmal lebendig werden lassen. Das Buch ist allerdings weitaus mehr als nur eine Bandgeschichte. Es bietet einen \u00dcberblick \u00fcber die Mentalit\u00e4t der westdeutschen Linken in den 1970er und 1980er Jahren und reicht zudem bis in die Gegenwart hinein: Welche Wirkung hatten Ton Steine Scherben auf die musikalische Protestkultur? Welche Bedeutung hatten sie f\u00fcr Jugendliche in der DDR? Wie hat sich linker Protest nach dem Mauerfall ver\u00e4ndert?<\/span><br style=\"font-family: Helvetica,Arial,sans-serif; color: #213349;\" \/><span style=\"font-weight: bold; font-family: Helvetica,Arial,sans-serif; color: #213349;\">Aus dem Inhalt:<br \/>\n<\/span><span style=\"font-family: Helvetica,Arial,sans-serif; color: #213349;\">Die Geschichte des Georg-von-Rauch-Hauses; die Berliner Hausbesetzer Szene; die Wirkung der Scherben auf Punk; das Leben in Fresenhagen; von Pop als Gegenkultur bis zur Quotendebatte<\/span><\/small><\/p>\n<p><small style=\"color: #002a2a;\"><br style=\"font-family: Helvetica,Arial,sans-serif; color: #213349;\" \/><span style=\"font-weight: bold; font-family: Helvetica,Arial,sans-serif; color: #213349;\">Stimmen zum Buch<\/span><br style=\"font-family: Helvetica,Arial,sans-serif; color: #213349;\" \/><span style=\"font-family: Helvetica,Arial,sans-serif; color: #213349;\">\u201eOb Sprachbetrachtung oder Politanalyse, die Herangehensweise der einzelnen Autoren ist vielf\u00e4ltig. Wer Seidel dabei die scheinbare Kontingenz seiner Textauswahl vorwerfen m\u00f6chte, l\u00e4uft in die Leere. Der durchg\u00e4ngige rote Faden mag vordergr\u00fcndig fehlen, doch jeder Autor tr\u00e4gt zur Diskussion bei: Patchworkperspektiven statt Zentralismus. Keine Meinungsmacht f\u00fcr Niemand. Und daher durchweggelungen.\u201c (Visions)<\/span><\/small><\/p>\n<p><small style=\"color: #002a2a;\"><br style=\"font-family: Helvetica,Arial,sans-serif; color: #213349;\" \/><span style=\"font-family: Helvetica,Arial,sans-serif; color: #213349;\">\u201eSeine St\u00e4rken liegen vor allem darin, dass viele AutorInnen aus verschiedenen Blickwinkeln mit verschiedenen Schwerpunkten an einem Patchwork arbeiten: ob feministische Themen in Tine Pleschs Interview mit der Ex-Scherben-Perkussionistin und sp\u00e4teren Carambolage- und Britta-Musikerin Britta Neander oder Aspekte, die oft \u00fcbergangen werden, etwa der Flucht der Band aufs Land oder Faible f\u00fcr Esoterik. Besonders gelungen ist der rhizomatisch theorisierende, gleichwohl sehr pers\u00f6nliche Er\u00f6ffnungs-Essay von Ted Gaier von den Goldenen Zitronen.\u201c (Intro) <\/span><\/small><\/p>\n<p><small style=\"color: #002a2a;\"><span style=\"font-family: Helvetica,Arial,sans-serif; color: #213349;\">\u201eSeidel dreht die Uhr zur\u00fcck und liefert einen sch\u00f6nen R\u00fcckblick in das Berlin der 70er Jahre,<\/span><br style=\"font-family: Helvetica,Arial,sans-serif; color: #213349;\" \/><span style=\"font-family: Helvetica,Arial,sans-serif; color: #213349;\">gibt Einblicke in die Arbeitswelt und den politischen Hintergrund der Scherben, ohne zu <\/span><span style=\"font-family: Helvetica,Arial,sans-serif; color: #213349;\">Verkl\u00e4ren &#8230; Ein Buch das l\u00e4ngst \u00fcberf\u00e4llig war, wegen der vielen Fotos manchmal auch <\/span><span style=\"font-family: Helvetica,Arial,sans-serif; color: #213349;\">richtig nostalgisch.\u201c (Stattzeitung f\u00fcr S\u00fcdbaden)<\/span><br style=\"font-weight: bold; font-family: Helvetica,Arial,sans-serif; color: #213349;\" \/><\/small><\/p>\n<p><small style=\"color: #002a2a;\"><span style=\"font-weight: bold; font-family: Helvetica,Arial,sans-serif; color: #213349;\">INHALT:<\/span><br style=\"font-family: Helvetica,Arial,sans-serif; color: #213349;\" \/><span style=\"font-family: Helvetica,Arial,sans-serif; color: #213349;\">Thorwald Proll: Yesterdays Scherben * Ted Gaier:\u00a0Die Sache mit Fr\u00fcher. Oder: Wie kann man eigentlich \u00fcber Freiheit reden? * Wolfgang Seidel: Berlin und die Linke in den 1960ern. Die Entstehung der Ton Steine Scherben. * Andre Greiner-Pol (Freygang): Wie die Scherben in den Osten kamen * Detlef Krenz: Das Zodiak am Halleschen Ufer * Wolfgang Seidel: Scherben &#8230; * Achim M\u00fcller: Eisen erzieht * Wolfgang Seidel und Martina Gro\u00df im Gespr\u00e4ch mit Werner Schretzmeier: Der Kampf ums eigene Jugendzentrum * Lutz Neitzert: Wasserm\u00e4nner und Mondk\u00e4lber * Tine Plesch im Gespr\u00e4ch mit Britta Neander: Carambolage * Wolfgang Seidel im Gespr\u00e4ch mit Fran\u00e7oise Cactus: \u201eDie haben immer so psychedelische Experimente gemacht.\u201c * Volker Hauptvogel &amp; Dietmar Kirves: Verweigerer * Egon Bunne \/ Oliver Held: Der Duft vom frischen Heu * Jimmy Boyle: Kritik der Konsumkritik * Hartwig Vens: \u201eUnsere Lieder sind einfach, damit viele sie mitsingen k\u00f6nnen.\u201c Zur Sprache der Scherben. * Ralf Fischer: Lechts und Rinks sind nicht zu verwechseln. Aufkl\u00e4rung \u00fcber einen weitverbreiteten Irrtum. * Robert Kneschke: Sklavenh\u00e4ndler im Callcenter. Warum die Scherben immer noch junge Menschen inspirieren und deshalb sogar Webseiten entstehen. * Antonio Xavier Merchan Casado: Der Sound der Stunde. Naunyn Ritze revisited. * Thies Marsen: Fresenhagen revisited<\/span><\/small><\/p>\n","protected":false},"excerpt":{"rendered":"<p>Wolfgang Seidel (Herausgeber)Scherben. Musik, Politik und Wirkung der Ton Steine [&hellip;] &hellip; <a href=\"https:\/\/www.packpapierverlag.de\/?product=scherben-musik-politik-und-wirkung-der-ton-steine-scherben\">Weiterlesen <span class=\"meta-nav\">&rarr;<\/span><\/a><\/p>\n","protected":false},"featured_media":6424,"template":"","meta":[],"product_brand":[],"product_cat":[19,3],"product_tag":[],"class_list":{"0":"post-6423","1":"product","2":"type-product","3":"status-publish","4":"has-post-thumbnail","6":"product_cat-musik-liederbucher","7":"product_cat-produkte","9":"first","10":"instock","11":"shipping-taxable","12":"purchasable","13":"product-type-simple"},"_links":{"self":[{"href":"https:\/\/www.packpapierverlag.de\/index.php?rest_route=\/wp\/v2\/product\/6423","targetHints":{"allow":["GET"]}}],"collection":[{"href":"https:\/\/www.packpapierverlag.de\/index.php?rest_route=\/wp\/v2\/product"}],"about":[{"href":"https:\/\/www.packpapierverlag.de\/index.php?rest_route=\/wp\/v2\/types\/product"}],"wp:featuredmedia":[{"embeddable":true,"href":"https:\/\/www.packpapierverlag.de\/index.php?rest_route=\/wp\/v2\/media\/6424"}],"wp:attachment":[{"href":"https:\/\/www.packpapierverlag.de\/index.php?rest_route=%2Fwp%2Fv2%2Fmedia&parent=6423"}],"wp:term":[{"taxonomy":"product_brand","embeddable":true,"href":"https:\/\/www.packpapierverlag.de\/index.php?rest_route=%2Fwp%2Fv2%2Fproduct_brand&post=6423"},{"taxonomy":"product_cat","embeddable":true,"href":"https:\/\/www.packpapierverlag.de\/index.php?rest_route=%2Fwp%2Fv2%2Fproduct_cat&post=6423"},{"taxonomy":"product_tag","embeddable":true,"href":"https:\/\/www.packpapierverlag.de\/index.php?rest_route=%2Fwp%2Fv2%2Fproduct_tag&post=6423"}],"curies":[{"name":"wp","href":"https:\/\/api.w.org\/{rel}","templated":true}]}}

<p><a href="https://www.packpapierverlag.de/wp-content/uploads/2015/01/Ton-Steine-Scherben.jpg"><img loading="lazy" decoding="async" class="alignleft size-medium wp-image-6424" title="Ton Steine Scherben" src="https://www.packpapierverlag.de/wp-content/uploads/2015/01/Ton-Steine-Scherben-204x300.jpg" alt="" width="204" height="300" srcset="https://www.packpapierverlag.de/wp-content/uploads/2015/01/Ton-Steine-Scherben-204x300.jpg 204w, https://www.packpapierverlag.de/wp-content/uploads/2015/01/Ton-Steine-Scherben-300x440.jpg 300w, https://www.packpapierverlag.de/wp-content/uploads/2015/01/Ton-Steine-Scherben-697x1024.jpg 697w, https://www.packpapierverlag.de/wp-content/uploads/2015/01/Ton-Steine-Scherben.jpg 1024w" sizes="auto, (max-width: 204px) 100vw, 204px" /></a><small><span style="font-family: Helvetica,Arial,sans-serif; color: #213349;">Wolfgang </span></small><small style="color: #002a2a;"><span style="font-family: Helvetica,Arial,sans-serif; color: #213349;">Seidel (Herausgeber)</span><br style="font-family: Helvetica,Arial,sans-serif; color: #213349;" /><big style="font-weight: bold; color: #334f71;"><span style="font-family: Helvetica,Arial,sans-serif;">Scherben. Musik, Politik und Wirkung der Ton Steine Scherben</span></big> (v106)<br style="font-family: Helvetica,Arial,sans-serif; color: #213349;" /><span style="font-family: Helvetica,Arial,sans-serif; color: #213349;">ISBN 978-3-931555-94-8 </span><span style="font-family: Helvetica,Arial,sans-serif; color: #213349;">Mainz: Ventil Verlag, Neuausgabe 2020, 272 </span><span style="font-family: Helvetica,Arial,sans-serif; color: #213349;">Seiten mit vielen Photos!</span><br style="font-family: Helvetica,Arial,sans-serif; color: #213349;" /><span style="font-weight: bold; font-family: Helvetica,Arial,sans-serif; color: #213349;">Klappentext:</span><br style="font-family: Helvetica,Arial,sans-serif; color: #213349;" /><span style="font-family: Helvetica,Arial,sans-serif; color: #213349;">Kaum eine andere Band spiegelt den Aufbruch einer jungen Generation und ihren kompromisslosen Bruch mit einer als reaktionär empfundenen Republik dermaßen wieder wie die Ton Steine Scherben. Heute werden die Band und ihr charismatischer Sänger Rio Reiser gerne verklärt. Wolfgang Seidel wirkt diesem Mythos entgegen: Als Herausgeber hat er Zeitzeugen versammelt, politische Aktivisten der 1970er und Freunde der Band, deren Erinnerungen die Vergangenheit noch einmal lebendig werden lassen. Das Buch ist allerdings weitaus mehr als nur eine Bandgeschichte. Es bietet einen Überblick über die Mentalität der westdeutschen Linken in den 1970er und 1980er Jahren und reicht zudem bis in die Gegenwart hinein: Welche Wirkung hatten Ton Steine Scherben auf die musikalische Protestkultur? Welche Bedeutung hatten sie für Jugendliche in der DDR? Wie hat sich linker Protest nach dem Mauerfall verändert?</span><br style="font-family: Helvetica,Arial,sans-serif; color: #213349;" /><span style="font-weight: bold; font-family: Helvetica,Arial,sans-serif; color: #213349;">Aus dem Inhalt:<br />
</span><span style="font-family: Helvetica,Arial,sans-serif; color: #213349;">Die Geschichte des Georg-von-Rauch-Hauses; die Berliner Hausbesetzer Szene; die Wirkung der Scherben auf Punk; das Leben in Fresenhagen; von Pop als Gegenkultur bis zur Quotendebatte</span></small></p>
<p><small style="color: #002a2a;"><br style="font-family: Helvetica,Arial,sans-serif; color: #213349;" /><span style="font-weight: bold; font-family: Helvetica,Arial,sans-serif; color: #213349;">Stimmen zum Buch</span><br style="font-family: Helvetica,Arial,sans-serif; color: #213349;" /><span style="font-family: Helvetica,Arial,sans-serif; color: #213349;">„Ob Sprachbetrachtung oder Politanalyse, die Herangehensweise der einzelnen Autoren ist vielfältig. Wer Seidel dabei die scheinbare Kontingenz seiner Textauswahl vorwerfen möchte, läuft in die Leere. Der durchgängige rote Faden mag vordergründig fehlen, doch jeder Autor trägt zur Diskussion bei: Patchworkperspektiven statt Zentralismus. Keine Meinungsmacht für Niemand. Und daher durchweggelungen.“ (Visions)</span></small></p>
<p><small style="color: #002a2a;"><br style="font-family: Helvetica,Arial,sans-serif; color: #213349;" /><span style="font-family: Helvetica,Arial,sans-serif; color: #213349;">„Seine Stärken liegen vor allem darin, dass viele AutorInnen aus verschiedenen Blickwinkeln mit verschiedenen Schwerpunkten an einem Patchwork arbeiten: ob feministische Themen in Tine Pleschs Interview mit der Ex-Scherben-Perkussionistin und späteren Carambolage- und Britta-Musikerin Britta Neander oder Aspekte, die oft übergangen werden, etwa der Flucht der Band aufs Land oder Faible für Esoterik. Besonders gelungen ist der rhizomatisch theorisierende, gleichwohl sehr persönliche Eröffnungs-Essay von Ted Gaier von den Goldenen Zitronen.“ (Intro) </span></small></p>
<p><small style="color: #002a2a;"><span style="font-family: Helvetica,Arial,sans-serif; color: #213349;">„Seidel dreht die Uhr zurück und liefert einen schönen Rückblick in das Berlin der 70er Jahre,</span><br style="font-family: Helvetica,Arial,sans-serif; color: #213349;" /><span style="font-family: Helvetica,Arial,sans-serif; color: #213349;">gibt Einblicke in die Arbeitswelt und den politischen Hintergrund der Scherben, ohne zu </span><span style="font-family: Helvetica,Arial,sans-serif; color: #213349;">Verklären &#8230; Ein Buch das längst überfällig war, wegen der vielen Fotos manchmal auch </span><span style="font-family: Helvetica,Arial,sans-serif; color: #213349;">richtig nostalgisch.“ (Stattzeitung für Südbaden)</span><br style="font-weight: bold; font-family: Helvetica,Arial,sans-serif; color: #213349;" /></small></p>
<p><small style="color: #002a2a;"><span style="font-weight: bold; font-family: Helvetica,Arial,sans-serif; color: #213349;">INHALT:</span><br style="font-family: Helvetica,Arial,sans-serif; color: #213349;" /><span style="font-family: Helvetica,Arial,sans-serif; color: #213349;">Thorwald Proll: Yesterdays Scherben * Ted Gaier: Die Sache mit Früher. Oder: Wie kann man eigentlich über Freiheit reden? * Wolfgang Seidel: Berlin und die Linke in den 1960ern. Die Entstehung der Ton Steine Scherben. * Andre Greiner-Pol (Freygang): Wie die Scherben in den Osten kamen * Detlef Krenz: Das Zodiak am Halleschen Ufer * Wolfgang Seidel: Scherben &#8230; * Achim Müller: Eisen erzieht * Wolfgang Seidel und Martina Groß im Gespräch mit Werner Schretzmeier: Der Kampf ums eigene Jugendzentrum * Lutz Neitzert: Wassermänner und Mondkälber * Tine Plesch im Gespräch mit Britta Neander: Carambolage * Wolfgang Seidel im Gespräch mit Françoise Cactus: „Die haben immer so psychedelische Experimente gemacht.“ * Volker Hauptvogel &amp; Dietmar Kirves: Verweigerer * Egon Bunne / Oliver Held: Der Duft vom frischen Heu * Jimmy Boyle: Kritik der Konsumkritik * Hartwig Vens: „Unsere Lieder sind einfach, damit viele sie mitsingen können.“ Zur Sprache der Scherben. * Ralf Fischer: Lechts und Rinks sind nicht zu verwechseln. Aufklärung über einen weitverbreiteten Irrtum. * Robert Kneschke: Sklavenhändler im Callcenter. Warum die Scherben immer noch junge Menschen inspirieren und deshalb sogar Webseiten entstehen. * Antonio Xavier Merchan Casado: Der Sound der Stunde. Naunyn Ritze revisited. * Thies Marsen: Fresenhagen revisited</span></small></p>
