{"id":652,"date":"2010-12-14T16:36:36","date_gmt":"2010-12-14T15:36:36","guid":{"rendered":"http:\/\/www.packpapierverlag.de\/neu\/?p=652"},"modified":"2023-03-20T20:34:24","modified_gmt":"2023-03-20T19:34:24","slug":"klaus-der-geiger-liederbuch","status":"publish","type":"product","link":"https:\/\/www.packpapierverlag.de\/?product=klaus-der-geiger-liederbuch","title":{"rendered":"Klaus der Geiger &#8211; Liederbuch (w27)"},"content":{"rendered":"<p><a href=\"https:\/\/www.packpapierverlag.de\/wp-content\/uploads\/2010\/12\/Klaus-der-geiger.jpg\"><img loading=\"lazy\" decoding=\"async\" class=\"alignleft size-medium wp-image-4832\" title=\"Klaus der geiger\" src=\"https:\/\/www.packpapierverlag.de\/wp-content\/uploads\/2010\/12\/Klaus-der-geiger-218x300.jpg\" alt=\"\" width=\"218\" height=\"300\" srcset=\"https:\/\/www.packpapierverlag.de\/wp-content\/uploads\/2010\/12\/Klaus-der-geiger-218x300.jpg 218w, https:\/\/www.packpapierverlag.de\/wp-content\/uploads\/2010\/12\/Klaus-der-geiger-300x412.jpg 300w, https:\/\/www.packpapierverlag.de\/wp-content\/uploads\/2010\/12\/Klaus-der-geiger-745x1024.jpg 745w, https:\/\/www.packpapierverlag.de\/wp-content\/uploads\/2010\/12\/Klaus-der-geiger.jpg 1024w\" sizes=\"auto, (max-width: 218px) 100vw, 218px\" \/><\/a><small style=\"color: #2a5f0d; font-family: Helvetica,Arial,sans-serif;\"><big style=\"color: #409214;\"><span style=\"font-weight: bold;\">Klaus der Geiger und die K\u00f6lner Stra\u00dfenmusiker: Du, Krone der Sch\u00f6pfung&#8230;<\/span><\/big><br \/>\n224 Seiten, DIN A5, mit Noten, Songtexten und Bildern von Demos und Aktionen. Packpapier- Verlag.<br \/>\n80 politische, lustige, ernste, bissige und gut singbare Lieder vom lebendigsten K\u00f6lner Urgestein der Stra\u00dfe, immer noch und immer wieder und immer weiter aktiv am Singen und Gegenanst\u00e4nkern. Mu\u00df ja wohl auch mehr geben, als immer nur die Internationale, woll?!<br \/>\nUnd diese Lieder vom kleinen und gro\u00dfen, vom privaten und politischen Leben, von besetzten H\u00e4usern, von Krieg, Frieden und Atomkraft, vom Widerstand, der Bullerei, der tagt\u00e4glichen Narretei,&#8230; sind im Buch versammelt:<br \/>\n** <span style=\"font-weight: bold;\">Exuma<\/span> ** <span style=\"font-weight: bold;\">Geigerlein: <\/span>Br\u00f6llheini &#8212; Die gute Fee &#8212; Traumjob &#8212; N\u00e4, der Schilderja\u00df &#8212; Teddyb\u00e4r &#8212; Voll und satt &#8212; Geigerlein &#8212; Waidmarkt &#8212; Klaus der Jeijer &#8212; Pflaster- Maler- Lied ** <span style=\"font-weight: bold;\">K\u00f6ln am Rhein<\/span>: K\u00f6ln am Rhein &#8212; Sankt Martin &#8212; Skandal und Pipi &#8212; Ich bin Bulle! &#8212; Schneeflocke &#8212; M\u00fcllkippe &#8212; Nachtasyl &#8212; Volks- Z\u00e4hlung (boykott!) ** <span style=\"font-weight: bold;\">Spekulanten<\/span>: Stollwerk- Lied 1 &#8212; Stollwerk- Lied 2 &#8212; Stollwerk- Lied 3 &#8212; Kart\u00e4user Wall &#8212; Marienstra\u00dfe &#8212; Nordtstadt Wesseling &#8212; S\u00fcdstadt Sanierung&#8212; Neu\u00dfer Stro\u00df &#8212; Spekulanten ** <span style=\"font-weight: bold;\">Berber:<\/span> Berberlied &#8212; Ich ging einmal spazieren &#8212; Punk macht krank &#8212; Goldwatch Blues &#8212; Ich hatte mal` n &#8230; ** <span style=\"font-weight: bold;\">Menschen Menschen<\/span>: Menschen Menschen &#8212; Platania &#8212; Krone der Sch\u00f6pfung &#8212; D\u00e4 Burjer King- Kong- Song &#8212; Strahlen &#8212; Wir wollen leben &#8212; Sagt mein kleiner Sohn zu mir &#8212; Jupp Meyer &#8212; Bonsai **<span style=\"font-weight: bold;\"> Life is Life<\/span>: Life is Life &#8212; Ach is der s\u00fc\u00df &#8212;Verdammt &#8212; Stell dir vor, es geht &#8212; Fr\u00fchling ** <span style=\"font-weight: bold;\">Hiroshima:<\/span> Hiroshima &#8212; Ich bin ein deutscher Junge &#8212; Friedensk\u00e4mpfer &#8212; Bundschuhlied &#8212; Bruder, es wird Zeit &#8212; Die Wahl ist vorbei ** <span style=\"font-weight: bold;\">Arbeiterh\u00e4nde<\/span>: Arbeiterh\u00e4nde &#8212; Ghetto &#8212; Schlechte Zeiten &#8212; Ach, ich bin ein kleines Licht &#8212; Stre\u00df- Vampir- Boogie &#8212; Drecksmaloche &#8212; Old McDonald &#8212; Karneval &#8212; Arbeitsamt &#8212; Beim Volk liegt die Kraft &#8212; Bonsai ** <span style=\"font-weight: bold;\">Wenn einer nach Gerechtigkeit ruft<\/span>: Gerechtigkeit &#8212; Gesang in der Klapsm\u00fchle &#8212; Kloster der befristeten Seeligkeit &#8212; Knastlied &#8212; Stadtknast ** <span style=\"font-weight: bold;\">Ali<\/span>: Ali &#8212; Ankara &#8212; T\u00fcrkisches Konsulat &#8212; Zuckerland ** <span style=\"font-weight: bold;\">Tr\u00e4ume<\/span>: Es gibt Tr\u00e4ume &#8212; Silberne M\u00f6we &#8212; Ich frag mich &#8212; Geldlied &#8212; Weihnachtslied &#8212; Tr\u00e4ume<\/small><\/p>\n","protected":false},"excerpt":{"rendered":"<p>Klaus der Geiger und die K\u00f6lner Stra\u00dfenmusiker: Du, Krone der [&hellip;] &hellip; <a href=\"https:\/\/www.packpapierverlag.de\/?product=klaus-der-geiger-liederbuch\">Weiterlesen <span class=\"meta-nav\">&rarr;<\/span><\/a><\/p>\n","protected":false},"featured_media":4832,"template":"","meta":[],"product_brand":[],"product_cat":[19,3],"product_tag":[],"class_list":{"0":"post-652","1":"product","2":"type-product","3":"status-publish","4":"has-post-thumbnail","6":"product_cat-musik-liederbucher","7":"product_cat-produkte","9":"first","10":"instock","11":"shipping-taxable","12":"purchasable","13":"product-type-simple"},"_links":{"self":[{"href":"https:\/\/www.packpapierverlag.de\/index.php?rest_route=\/wp\/v2\/product\/652","targetHints":{"allow":["GET"]}}],"collection":[{"href":"https:\/\/www.packpapierverlag.de\/index.php?rest_route=\/wp\/v2\/product"}],"about":[{"href":"https:\/\/www.packpapierverlag.de\/index.php?rest_route=\/wp\/v2\/types\/product"}],"wp:featuredmedia":[{"embeddable":true,"href":"https:\/\/www.packpapierverlag.de\/index.php?rest_route=\/wp\/v2\/media\/4832"}],"wp:attachment":[{"href":"https:\/\/www.packpapierverlag.de\/index.php?rest_route=%2Fwp%2Fv2%2Fmedia&parent=652"}],"wp:term":[{"taxonomy":"product_brand","embeddable":true,"href":"https:\/\/www.packpapierverlag.de\/index.php?rest_route=%2Fwp%2Fv2%2Fproduct_brand&post=652"},{"taxonomy":"product_cat","embeddable":true,"href":"https:\/\/www.packpapierverlag.de\/index.php?rest_route=%2Fwp%2Fv2%2Fproduct_cat&post=652"},{"taxonomy":"product_tag","embeddable":true,"href":"https:\/\/www.packpapierverlag.de\/index.php?rest_route=%2Fwp%2Fv2%2Fproduct_tag&post=652"}],"curies":[{"name":"wp","href":"https:\/\/api.w.org\/{rel}","templated":true}]}}

<p><a href="https://www.packpapierverlag.de/wp-content/uploads/2010/12/Klaus-der-geiger.jpg"><img loading="lazy" decoding="async" class="alignleft size-medium wp-image-4832" title="Klaus der geiger" src="https://www.packpapierverlag.de/wp-content/uploads/2010/12/Klaus-der-geiger-218x300.jpg" alt="" width="218" height="300" srcset="https://www.packpapierverlag.de/wp-content/uploads/2010/12/Klaus-der-geiger-218x300.jpg 218w, https://www.packpapierverlag.de/wp-content/uploads/2010/12/Klaus-der-geiger-300x412.jpg 300w, https://www.packpapierverlag.de/wp-content/uploads/2010/12/Klaus-der-geiger-745x1024.jpg 745w, https://www.packpapierverlag.de/wp-content/uploads/2010/12/Klaus-der-geiger.jpg 1024w" sizes="auto, (max-width: 218px) 100vw, 218px" /></a><small style="color: #2a5f0d; font-family: Helvetica,Arial,sans-serif;"><big style="color: #409214;"><span style="font-weight: bold;">Klaus der Geiger und die Kölner Straßenmusiker: Du, Krone der Schöpfung&#8230;</span></big><br />
224 Seiten, DIN A5, mit Noten, Songtexten und Bildern von Demos und Aktionen. Packpapier- Verlag.<br />
80 politische, lustige, ernste, bissige und gut singbare Lieder vom lebendigsten Kölner Urgestein der Straße, immer noch und immer wieder und immer weiter aktiv am Singen und Gegenanstänkern. Muß ja wohl auch mehr geben, als immer nur die Internationale, woll?!<br />
Und diese Lieder vom kleinen und großen, vom privaten und politischen Leben, von besetzten Häusern, von Krieg, Frieden und Atomkraft, vom Widerstand, der Bullerei, der tagtäglichen Narretei,&#8230; sind im Buch versammelt:<br />
** <span style="font-weight: bold;">Exuma</span> ** <span style="font-weight: bold;">Geigerlein: </span>Bröllheini &#8212; Die gute Fee &#8212; Traumjob &#8212; Nä, der Schilderjaß &#8212; Teddybär &#8212; Voll und satt &#8212; Geigerlein &#8212; Waidmarkt &#8212; Klaus der Jeijer &#8212; Pflaster- Maler- Lied ** <span style="font-weight: bold;">Köln am Rhein</span>: Köln am Rhein &#8212; Sankt Martin &#8212; Skandal und Pipi &#8212; Ich bin Bulle! &#8212; Schneeflocke &#8212; Müllkippe &#8212; Nachtasyl &#8212; Volks- Zählung (boykott!) ** <span style="font-weight: bold;">Spekulanten</span>: Stollwerk- Lied 1 &#8212; Stollwerk- Lied 2 &#8212; Stollwerk- Lied 3 &#8212; Kartäuser Wall &#8212; Marienstraße &#8212; Nordtstadt Wesseling &#8212; Südstadt Sanierung&#8212; Neußer Stroß &#8212; Spekulanten ** <span style="font-weight: bold;">Berber:</span> Berberlied &#8212; Ich ging einmal spazieren &#8212; Punk macht krank &#8212; Goldwatch Blues &#8212; Ich hatte mal` n &#8230; ** <span style="font-weight: bold;">Menschen Menschen</span>: Menschen Menschen &#8212; Platania &#8212; Krone der Schöpfung &#8212; Dä Burjer King- Kong- Song &#8212; Strahlen &#8212; Wir wollen leben &#8212; Sagt mein kleiner Sohn zu mir &#8212; Jupp Meyer &#8212; Bonsai **<span style="font-weight: bold;"> Life is Life</span>: Life is Life &#8212; Ach is der süß &#8212;Verdammt &#8212; Stell dir vor, es geht &#8212; Frühling ** <span style="font-weight: bold;">Hiroshima:</span> Hiroshima &#8212; Ich bin ein deutscher Junge &#8212; Friedenskämpfer &#8212; Bundschuhlied &#8212; Bruder, es wird Zeit &#8212; Die Wahl ist vorbei ** <span style="font-weight: bold;">Arbeiterhände</span>: Arbeiterhände &#8212; Ghetto &#8212; Schlechte Zeiten &#8212; Ach, ich bin ein kleines Licht &#8212; Streß- Vampir- Boogie &#8212; Drecksmaloche &#8212; Old McDonald &#8212; Karneval &#8212; Arbeitsamt &#8212; Beim Volk liegt die Kraft &#8212; Bonsai ** <span style="font-weight: bold;">Wenn einer nach Gerechtigkeit ruft</span>: Gerechtigkeit &#8212; Gesang in der Klapsmühle &#8212; Kloster der befristeten Seeligkeit &#8212; Knastlied &#8212; Stadtknast ** <span style="font-weight: bold;">Ali</span>: Ali &#8212; Ankara &#8212; Türkisches Konsulat &#8212; Zuckerland ** <span style="font-weight: bold;">Träume</span>: Es gibt Träume &#8212; Silberne Möwe &#8212; Ich frag mich &#8212; Geldlied &#8212; Weihnachtslied &#8212; Träume</small></p>

<p>Klaus der Geiger und die Kölner Straßenmusiker: Du, Krone der [&hellip;] &hellip; <a href="https://www.packpapierverlag.de/?product=klaus-der-geiger-liederbuch">Weiterlesen <span class="meta-nav">&rarr;</span></a></p>
