{"id":6579,"date":"2015-08-11T19:15:20","date_gmt":"2015-08-11T17:15:20","guid":{"rendered":"http:\/\/www.packpapierverlag.de\/?p=6579"},"modified":"2021-12-10T09:47:23","modified_gmt":"2021-12-10T08:47:23","slug":"mit-baumhausern-gegen-bagger-2","status":"publish","type":"product","link":"https:\/\/www.packpapierverlag.de\/?product=mit-baumhausern-gegen-bagger-2","title":{"rendered":"Mit Baumh\u00e4usern gegen Bagger (p174)"},"content":{"rendered":"<p><a href=\"https:\/\/www.packpapierverlag.de\/wp-content\/uploads\/2015\/01\/Baumh\u00e4user-gg-Bagger.jpg\"><img loading=\"lazy\" decoding=\"async\" class=\"alignleft size-medium wp-image-6571\" title=\"Baumh\u00e4user gg Bagger\" src=\"https:\/\/www.packpapierverlag.de\/wp-content\/uploads\/2015\/01\/Baumh\u00e4user-gg-Bagger-210x300.jpg\" alt=\"\" width=\"210\" height=\"300\" srcset=\"https:\/\/www.packpapierverlag.de\/wp-content\/uploads\/2015\/01\/Baumh\u00e4user-gg-Bagger-210x300.jpg 210w, https:\/\/www.packpapierverlag.de\/wp-content\/uploads\/2015\/01\/Baumh\u00e4user-gg-Bagger-300x427.jpg 300w, https:\/\/www.packpapierverlag.de\/wp-content\/uploads\/2015\/01\/Baumh\u00e4user-gg-Bagger-719x1024.jpg 719w, https:\/\/www.packpapierverlag.de\/wp-content\/uploads\/2015\/01\/Baumh\u00e4user-gg-Bagger.jpg 1024w\" sizes=\"auto, (max-width: 210px) 100vw, 210px\" \/><\/a><small style=\"color: #0a2411;\"><big><big><span style=\"font-family: Helvetica,Arial,sans-serif; font-weight: bold; color: #154c24;\">Mit Baumh\u00e4usern gegen Bagger<\/span><\/big><br style=\"font-family: Helvetica,Arial,sans-serif; font-weight: bold;\" \/><span style=\"font-family: Helvetica,Arial,sans-serif; font-weight: bold; color: #154c24;\">Geschichten vom Widerstand im rheinischen Braunkohlerevier<\/span><\/big><br style=\"font-family: Helvetica,Arial,sans-serif;\" \/><span style=\"font-family: Helvetica,Arial,sans-serif;\">ISBN 978-3-931504-55-7 <\/span><\/small><\/p>\n<p><small style=\"color: #0a2411;\"><span style=\"font-family: Helvetica,Arial,sans-serif;\">197 Seiten, DIN A5, mit vielen Abbildungen und Farbphotos. Druck auf Umweltpapier, Recycling-Kartonumschlag.<\/span><br style=\"font-family: Helvetica,Arial,sans-serif;\" \/><span style=\"font-family: Helvetica,Arial,sans-serif;\">Der Hambacher Forst ist Europas letzter \u201eUrwald\u201c; er ist 12.000 Jahre alt- und bald verschwunden, denn seit Jahren rodet und baggert der Energiekonzern RWE, Europas gr\u00f6\u00dfter Luftverschmutzer, die gr\u00fcne Landschaft zur W\u00fcste. Die Folgen f\u00fcr die Natur sind verheerend, nicht nur direkt vor Ort, sondern auch in Form der weiteren Aufheizung der globalen Temperatur durch die Braunkohleverbrennung. Die weltweiten Folgen sind Klimawandel, Klimakriege, Massenflucht, die lokalen: Zwangsumsiedlung, Bergsch\u00e4den, Feinstaubbelastung, Vernichtung jahrtausendealter Siedlungsgemeinschaften und Kulturr\u00e4ume. Fr\u00fcher w\u00e4ren f\u00fcr das gigantische Vernichtungswerk der RWE Armeen und Kriege n\u00f6tig gewesen, heute gen\u00fcgt eine handvoll monstr\u00f6ser Bagger (im Schnitt 80-90 Meter hoch und 200 Meter lang), die von ein paar Kranf\u00fchrern bedient werden, dazu politischer und sozialer Druck und finanzielle Bestechung. <\/span><span style=\"font-family: Helvetica,Arial,sans-serif;\">Im politisch und ethisch taubstummen Merkelland geschieht nicht viel, um dieses verr\u00fcckte Treiben zu beenden- aber etwas passiert doch! <\/span><\/small><\/p>\n<p><small style=\"color: #0a2411;\"><span style=\"font-family: Helvetica,Arial,sans-serif;\">Seit 2012 besetzen Umweltaktivisten mit Baumh\u00e4usern und (Dauer-)Camps den bedrohten Wald, sie blockieren Bagger, leisten Aufkl\u00e4rungsarbeit, vernetzen sich mit internationalen Gruppen und Aktivisten und probieren wie nebenbei in ihren \u201eMonkeyTowns\u201c, \u201eNeul\u00e4ndern\u201c und \u201eSkillsharing Camps\u201c alternative Lebens-, Lern- und Vergemeinschaftungsformen aus- f\u00fcr ein Leben jenseits von Umweltzerst\u00f6rung, Ausbeutung und Konditionierung. <\/span><span style=\"font-family: Helvetica,Arial,sans-serif;\">Repressionen, Durchsuchungen, DNA-Abnahmen, Inhaftierungen und R\u00e4umungen durch die Polizei und die privaten Sicherheitsdienste der RWE lassen die Aktivisten nicht den Mut verlieren, sondern sind ihnen Beweis daf\u00fcr, da\u00df es nicht \u201eegal\u201c oder \u201eumsonst\u201c ist, sich gegen die \u201eGro\u00dfen\u201c aufzulehnen, denn jedesmal, wenn sie reagieren und sich erkl\u00e4ren m\u00fcssen, verlieren sie Zeit (beim Baggern) und Ansehen (in der Bev\u00f6lkerung und bei Aktion\u00e4ren), werden sie auf rechtlich d\u00fcnnes Eis gelockt und machen sich immer st\u00e4rker angreifbar.<\/span><br style=\"font-family: Helvetica,Arial,sans-serif;\" \/><span style=\"font-family: Helvetica,Arial,sans-serif;\">Im vorliegenden Buch erz\u00e4hlen die Umweltaktivisten ihre Geschichten vom Widerstand, informieren \u00fcber die \u00d6kologie des Waldes, legen Medien- und Politfilz offen, machen sich Gedanken zur Frage, wie Menschen in Frieden miteinander und mit der Natur leben k\u00f6nnen. Vertr\u00e4umt, w\u00fctend, kampflustig, \u00fcberm\u00fctig, optimistisch, nachdenklich &#8211; jeder Widerst\u00e4ndler ist anders und vermutlich ist es gerade die bunte Vielfalt von Menschen und Aktionsformen, die den Widerstand im Hambacher Forst von Jahr zu Jahr weiterleben, wachsen und sich entwickeln l\u00e4\u00dft. <\/span><\/small><\/p>\n<p><small style=\"color: #0a2411;\"><span style=\"font-family: Helvetica,Arial,sans-serif;\">Just im Monat der Herausgabe dieses Buches st\u00fcrmten 800 Aktivisten den Garzweiler Baggerkrater&#8212; alle wurden von der Polizei abgef\u00fchrt und von der RWE wegen Hausfriedensbruchs angezeigt. Der Energieriese reagiert \u00fcberzogen und panisch, die Aktivisten werden weiterk\u00e4mpfen!<\/span><\/small><\/p>\n<p><small style=\"color: #0a2411;\"><br style=\"font-family: Helvetica,Arial,sans-serif;\" \/><big style=\"font-weight: bold;\"><span style=\"font-family: Helvetica,Arial,sans-serif;\">INHALT:<\/span><\/big><br style=\"font-family: Helvetica,Arial,sans-serif;\" \/><span style=\"font-family: Helvetica,Arial,sans-serif;\">Vorwort * Erste Erkl\u00e4rung aus dem Hambacher Urwald * Steckt Euch Eure Kohle in den Piep!<\/span><br style=\"font-family: Helvetica,Arial,sans-serif;\" \/><span style=\"font-family: Helvetica,Arial,sans-serif; font-weight: bold;\">TEIL 1 \u2013 DER HAMBACHER FORST<\/span><br style=\"font-family: Helvetica,Arial,sans-serif;\" \/><span style=\"font-family: Helvetica,Arial,sans-serif;\">Zw\u00f6lftausend Erdenjahre * Geschichte und \u00d6kologie des Waldes und bedrohte Tierarten * Wildpflanzen * Rezept f\u00fcr einen \u201eHambacher Wildsalat\u201c<\/span><br style=\"font-family: Helvetica,Arial,sans-serif;\" \/><span style=\"font-family: Helvetica,Arial,sans-serif; font-weight: bold;\">TEIL 2 &#8211; RWEs KOHLERAUBBAU UND DIE FOLGEN<\/span><br style=\"font-family: Helvetica,Arial,sans-serif;\" \/><span style=\"font-family: Helvetica,Arial,sans-serif;\">Braunkohle und die Folgen * Jetzt ist sie weg * Rechtlicher und historischer Hintergrund der Umsiedlungen * Die M\u00e4r von der rekultivierten Sophienh\u00f6he * Subjektive wissenschaftliche Studien und Medien * VeRWEchselbar: Kl\u00fcngel oder Amtsmissbrauch * RWE, Staat und DuMont: Der Filz der Braunkohle * Weitere Folgen des Filzes * Verkn\u00fcpfung von Herrschaft und Umweltzerst\u00f6rung * Sofortausstieg ist m\u00f6glich &#8211; Atomkraft und Braunkohle auf einen Streich<\/span><br style=\"font-family: Helvetica,Arial,sans-serif;\" \/><span style=\"font-family: Helvetica,Arial,sans-serif; font-weight: bold;\">TEIL 3 \u2013 WIDERSTAND IN WALD UND UMGEBUNG<\/span><br style=\"font-family: Helvetica,Arial,sans-serif;\" \/><span style=\"font-family: Helvetica,Arial,sans-serif;\">Was gibt es sonst noch so an Widerstand? * Kleines Lexikon der Aktionsformen * Ein paar Gedanken zu Solidarit\u00e4t und Gewalt * Bericht vom ersten \u201eBesetzungs-Fest\u201c * Ein ganz besonderer Waldspaziergang * Die Tunnelr\u00e4umung: Ein Interview mit dem \u201eMaulwurf\u201c * Die R\u00e4umung von Monkey Town: Kampf um den Wald! * Die letzten Nachrichten aus Neuland * Anti-R\u00e4umungs-Leitfaden<\/span><br style=\"font-family: Helvetica,Arial,sans-serif;\" \/><span style=\"font-family: Helvetica,Arial,sans-serif; font-weight: bold;\">TEIL 4 &#8211; REPRESSION<\/span><br style=\"font-family: Helvetica,Arial,sans-serif;\" \/><span style=\"font-family: Helvetica,Arial,sans-serif;\">Was ist Repression? * RWE vertreibt Wanderer*innen * Brutale und rechtswidrige Personenkontrolle * Ged\u00e4chtnisprotokoll einer Gewahrsamnahme* Abschaffung des Vermummungsverbots * Warum mitspielen? Erkl\u00e4rung zum Verweigern der Personalien * Was hilft, Repression emotional zu \u00fcberstehen? * Die erkennungsdienstliche Behandlung * Auf dem Weg zur Gefangenensammelstelle * Bericht \u00fcber die Haft des Umweltaktivisten Moritz * Durchsuchung der Wiesenbesetzung * Juristische Anti-Repressions-Arbeit<\/span><br style=\"font-family: Helvetica,Arial,sans-serif;\" \/><span style=\"font-family: Helvetica,Arial,sans-serif; font-weight: bold;\">TEIL 5 \u2013 LEBEN AUF EINER WALDBESETZUNG<\/span><br style=\"font-family: Helvetica,Arial,sans-serif;\" \/><span style=\"font-family: Helvetica,Arial,sans-serif;\">Interview \u00fcber den Alltag auf einer Waldbesetzung * Die Waldbesetzung &#8211; ein offener Raum? * Essens- und Wasserversorgung * Die Komposttoilette oder \u201eEin Schei\u00dfhaufen f\u00fcr RWE\u201c * Reproduktive Arbeit * Ausschnitt aus den Aufzeichnungen eines Baumbesetzung * Kleine Geschichte vom Traum eines Kletterb\u00e4ren * Skillsharing-Camps: Alternative Lernm\u00f6glichkeiten * Leben ohne Geld &#8211; Fragmente eines besseren (?) Lebens* \u00dcber das Leben ganz oben gegen die da oben<\/span><br style=\"font-family: Helvetica,Arial,sans-serif;\" \/><span style=\"font-family: Helvetica,Arial,sans-serif; font-weight: bold;\">TEIL 6 &#8211; ANHANG<\/span><br style=\"font-family: Helvetica,Arial,sans-serif;\" \/><span style=\"font-family: Helvetica,Arial,sans-serif;\">Nachwort * Vernetzte Projekte * Anmerkungen und Quellen * Bildquellen * Kommentiertes Medienverzeichnis<\/span><\/small><\/p>\n","protected":false},"excerpt":{"rendered":"<p>Mit Baumh\u00e4usern gegen BaggerGeschichten vom Widerstand im rheinischen BraunkohlerevierISBN 978-3-931504-55-7 [&hellip;] &hellip; <a href=\"https:\/\/www.packpapierverlag.de\/?product=mit-baumhausern-gegen-bagger-2\">Weiterlesen <span class=\"meta-nav\">&rarr;<\/span><\/a><\/p>\n","protected":false},"featured_media":6571,"template":"","meta":[],"product_brand":[],"product_cat":[9,11,6,3],"product_tag":[],"class_list":{"0":"post-6579","1":"product","2":"type-product","3":"status-publish","4":"has-post-thumbnail","6":"product_cat-bewegung-widerstand","7":"product_cat-indianer-poster-texte","8":"product_cat-politik-und-geschichte","9":"product_cat-produkte","11":"first","12":"instock","13":"shipping-taxable","14":"purchasable","15":"product-type-simple"},"_links":{"self":[{"href":"https:\/\/www.packpapierverlag.de\/index.php?rest_route=\/wp\/v2\/product\/6579","targetHints":{"allow":["GET"]}}],"collection":[{"href":"https:\/\/www.packpapierverlag.de\/index.php?rest_route=\/wp\/v2\/product"}],"about":[{"href":"https:\/\/www.packpapierverlag.de\/index.php?rest_route=\/wp\/v2\/types\/product"}],"wp:featuredmedia":[{"embeddable":true,"href":"https:\/\/www.packpapierverlag.de\/index.php?rest_route=\/wp\/v2\/media\/6571"}],"wp:attachment":[{"href":"https:\/\/www.packpapierverlag.de\/index.php?rest_route=%2Fwp%2Fv2%2Fmedia&parent=6579"}],"wp:term":[{"taxonomy":"product_brand","embeddable":true,"href":"https:\/\/www.packpapierverlag.de\/index.php?rest_route=%2Fwp%2Fv2%2Fproduct_brand&post=6579"},{"taxonomy":"product_cat","embeddable":true,"href":"https:\/\/www.packpapierverlag.de\/index.php?rest_route=%2Fwp%2Fv2%2Fproduct_cat&post=6579"},{"taxonomy":"product_tag","embeddable":true,"href":"https:\/\/www.packpapierverlag.de\/index.php?rest_route=%2Fwp%2Fv2%2Fproduct_tag&post=6579"}],"curies":[{"name":"wp","href":"https:\/\/api.w.org\/{rel}","templated":true}]}}