{"id":693,"date":"2010-12-14T16:55:21","date_gmt":"2010-12-14T15:55:21","guid":{"rendered":"http:\/\/www.packpapierverlag.de\/neu\/?p=693"},"modified":"2017-11-06T13:14:10","modified_gmt":"2017-11-06T12:14:10","slug":"atomkraft-kleber-gros","status":"publish","type":"product","link":"https:\/\/www.packpapierverlag.de\/?product=atomkraft-kleber-gros","title":{"rendered":"Aufkleber Atomkraft? Nein Danke! 1 Sonne gro\u00df +4 (k09)"},"content":{"rendered":"<p><a href=\"https:\/\/www.packpapierverlag.de\/wp-content\/uploads\/2010\/12\/Sonne-gro\u00df.jpg\"><img loading=\"lazy\" decoding=\"async\" class=\"alignleft size-medium wp-image-4506\" title=\"Sonne gro\u00df\" src=\"https:\/\/www.packpapierverlag.de\/wp-content\/uploads\/2010\/12\/Sonne-gro\u00df-300x296.jpg\" alt=\"\" width=\"300\" height=\"296\" srcset=\"https:\/\/www.packpapierverlag.de\/wp-content\/uploads\/2010\/12\/Sonne-gro\u00df-300x296.jpg 300w, https:\/\/www.packpapierverlag.de\/wp-content\/uploads\/2010\/12\/Sonne-gro\u00df-100x100.jpg 100w, https:\/\/www.packpapierverlag.de\/wp-content\/uploads\/2010\/12\/Sonne-gro\u00df.jpg 1024w\" sizes=\"auto, (max-width: 300px) 100vw, 300px\" \/><\/a><br \/>\n<small style=\"color: #2a423e;\"><big style=\"color: #4a756e;\"><big><span style=\"font-family: Helvetica,Arial,sans-serif; font-weight: bold;\">Atomkraft? Nein Danke! Sonne<\/span><\/big><\/big><br style=\"font-family: Helvetica,Arial,sans-serif;\" \/><span style=\"font-family: Helvetica,Arial,sans-serif;\">Riesengro\u00dfer Anti &#8211; Atomkraft &#8211; Aufkleber!<\/span><br style=\"font-family: Helvetica,Arial,sans-serif;\" \/><span style=\"font-family: Helvetica,Arial,sans-serif;\"><span style=\"font-weight: bold;\">32 cm<\/span><br \/>\nDurchmesser\u00a0<\/span><span style=\"font-family: Helvetica,Arial,sans-serif;\">+ 4 kleine Aufkleber (5,5 cm) zus\u00e4tzlich.<\/span><br style=\"font-family: Helvetica,Arial,sans-serif;\" \/><span style=\"font-family: Helvetica,Arial,sans-serif;\">Material: Plastik- der Aufkleber ist f\u00fcr drau\u00dfen geeignet.<\/span><\/small><\/p>\n<p>(Der Preis beinhaltet den Portoaufschlag seitens der Post wegen \u00dcbergr\u00f6\u00dfe)<\/p>\n","protected":false},"excerpt":{"rendered":"<p>Atomkraft? Nein Danke! SonneRiesengro\u00dfer Anti &#8211; Atomkraft &#8211; Aufkleber!32 cm [&hellip;] &hellip; <a href=\"https:\/\/www.packpapierverlag.de\/?product=atomkraft-kleber-gros\">Weiterlesen <span class=\"meta-nav\">&rarr;<\/span><\/a><\/p>\n","protected":false},"featured_media":4506,"template":"","meta":[],"product_brand":[],"product_cat":[8,3],"product_tag":[],"class_list":{"0":"post-693","1":"product","2":"type-product","3":"status-publish","4":"has-post-thumbnail","6":"product_cat-aufkleber-sticker-aufnaher","7":"product_cat-produkte","9":"first","10":"instock","11":"shipping-taxable","12":"purchasable","13":"product-type-simple"},"_links":{"self":[{"href":"https:\/\/www.packpapierverlag.de\/index.php?rest_route=\/wp\/v2\/product\/693","targetHints":{"allow":["GET"]}}],"collection":[{"href":"https:\/\/www.packpapierverlag.de\/index.php?rest_route=\/wp\/v2\/product"}],"about":[{"href":"https:\/\/www.packpapierverlag.de\/index.php?rest_route=\/wp\/v2\/types\/product"}],"wp:featuredmedia":[{"embeddable":true,"href":"https:\/\/www.packpapierverlag.de\/index.php?rest_route=\/wp\/v2\/media\/4506"}],"wp:attachment":[{"href":"https:\/\/www.packpapierverlag.de\/index.php?rest_route=%2Fwp%2Fv2%2Fmedia&parent=693"}],"wp:term":[{"taxonomy":"product_brand","embeddable":true,"href":"https:\/\/www.packpapierverlag.de\/index.php?rest_route=%2Fwp%2Fv2%2Fproduct_brand&post=693"},{"taxonomy":"product_cat","embeddable":true,"href":"https:\/\/www.packpapierverlag.de\/index.php?rest_route=%2Fwp%2Fv2%2Fproduct_cat&post=693"},{"taxonomy":"product_tag","embeddable":true,"href":"https:\/\/www.packpapierverlag.de\/index.php?rest_route=%2Fwp%2Fv2%2Fproduct_tag&post=693"}],"curies":[{"name":"wp","href":"https:\/\/api.w.org\/{rel}","templated":true}]}}

Aufkleber Atomkraft? Nein Danke! 1 Sonne groß +4 (k09)

<p><a href="https://www.packpapierverlag.de/wp-content/uploads/2010/12/Sonne-groß.jpg"><img loading="lazy" decoding="async" class="alignleft size-medium wp-image-4506" title="Sonne groß" src="https://www.packpapierverlag.de/wp-content/uploads/2010/12/Sonne-groß-300x296.jpg" alt="" width="300" height="296" srcset="https://www.packpapierverlag.de/wp-content/uploads/2010/12/Sonne-groß-300x296.jpg 300w, https://www.packpapierverlag.de/wp-content/uploads/2010/12/Sonne-groß-100x100.jpg 100w, https://www.packpapierverlag.de/wp-content/uploads/2010/12/Sonne-groß.jpg 1024w" sizes="auto, (max-width: 300px) 100vw, 300px" /></a><br />
<small style="color: #2a423e;"><big style="color: #4a756e;"><big><span style="font-family: Helvetica,Arial,sans-serif; font-weight: bold;">Atomkraft? Nein Danke! Sonne</span></big></big><br style="font-family: Helvetica,Arial,sans-serif;" /><span style="font-family: Helvetica,Arial,sans-serif;">Riesengroßer Anti &#8211; Atomkraft &#8211; Aufkleber!</span><br style="font-family: Helvetica,Arial,sans-serif;" /><span style="font-family: Helvetica,Arial,sans-serif;"><span style="font-weight: bold;">32 cm</span><br />
Durchmesser </span><span style="font-family: Helvetica,Arial,sans-serif;">+ 4 kleine Aufkleber (5,5 cm) zusätzlich.</span><br style="font-family: Helvetica,Arial,sans-serif;" /><span style="font-family: Helvetica,Arial,sans-serif;">Material: Plastik- der Aufkleber ist für draußen geeignet.</span></small></p>
<p>(Der Preis beinhaltet den Portoaufschlag seitens der Post wegen Übergröße)</p>

<p>Atomkraft? Nein Danke! SonneRiesengroßer Anti &#8211; Atomkraft &#8211; Aufkleber!32 cm [&hellip;] &hellip; <a href="https://www.packpapierverlag.de/?product=atomkraft-kleber-gros">Weiterlesen <span class="meta-nav">&rarr;</span></a></p>
