{"id":754,"date":"2010-12-14T17:06:16","date_gmt":"2010-12-14T16:06:16","guid":{"rendered":"http:\/\/www.packpapierverlag.de\/neu\/?p=754"},"modified":"2022-03-15T21:31:00","modified_gmt":"2022-03-15T20:31:00","slug":"aufnaher-gegen-auslanderhas","status":"publish","type":"product","link":"https:\/\/www.packpapierverlag.de\/?product=aufnaher-gegen-auslanderhas","title":{"rendered":"Aufn\u00e4her gegen Ausl\u00e4nderha\u00df (k70)"},"content":{"rendered":"<p><img loading=\"lazy\" decoding=\"async\" class=\"alignleft wp-image-16119 size-medium\" src=\"https:\/\/www.packpapierverlag.de\/wp-content\/uploads\/2022\/03\/k70gegennazis-228x300.jpg\" alt=\"\" width=\"228\" height=\"300\" srcset=\"https:\/\/www.packpapierverlag.de\/wp-content\/uploads\/2022\/03\/k70gegennazis-228x300.jpg 228w, https:\/\/www.packpapierverlag.de\/wp-content\/uploads\/2022\/03\/k70gegennazis-300x395.jpg 300w, https:\/\/www.packpapierverlag.de\/wp-content\/uploads\/2022\/03\/k70gegennazis-779x1024.jpg 779w, https:\/\/www.packpapierverlag.de\/wp-content\/uploads\/2022\/03\/k70gegennazis.jpg 800w\" sizes=\"auto, (max-width: 228px) 100vw, 228px\" \/><\/p>\n<p>Aufn\u00e4her gegen Ausl\u00e4nderha\u00df Nr.k70<\/p>\n","protected":false},"excerpt":{"rendered":"<p>Aufn\u00e4her gegen Ausl\u00e4nderha\u00df Nr.k70<\/p>\n","protected":false},"featured_media":16119,"template":"","meta":[],"product_brand":[],"product_cat":[8,3],"product_tag":[],"class_list":{"0":"post-754","1":"product","2":"type-product","3":"status-publish","4":"has-post-thumbnail","6":"product_cat-aufkleber-sticker-aufnaher","7":"product_cat-produkte","9":"first","10":"instock","11":"shipping-taxable","12":"purchasable","13":"product-type-simple"},"_links":{"self":[{"href":"https:\/\/www.packpapierverlag.de\/index.php?rest_route=\/wp\/v2\/product\/754","targetHints":{"allow":["GET"]}}],"collection":[{"href":"https:\/\/www.packpapierverlag.de\/index.php?rest_route=\/wp\/v2\/product"}],"about":[{"href":"https:\/\/www.packpapierverlag.de\/index.php?rest_route=\/wp\/v2\/types\/product"}],"wp:featuredmedia":[{"embeddable":true,"href":"https:\/\/www.packpapierverlag.de\/index.php?rest_route=\/wp\/v2\/media\/16119"}],"wp:attachment":[{"href":"https:\/\/www.packpapierverlag.de\/index.php?rest_route=%2Fwp%2Fv2%2Fmedia&parent=754"}],"wp:term":[{"taxonomy":"product_brand","embeddable":true,"href":"https:\/\/www.packpapierverlag.de\/index.php?rest_route=%2Fwp%2Fv2%2Fproduct_brand&post=754"},{"taxonomy":"product_cat","embeddable":true,"href":"https:\/\/www.packpapierverlag.de\/index.php?rest_route=%2Fwp%2Fv2%2Fproduct_cat&post=754"},{"taxonomy":"product_tag","embeddable":true,"href":"https:\/\/www.packpapierverlag.de\/index.php?rest_route=%2Fwp%2Fv2%2Fproduct_tag&post=754"}],"curies":[{"name":"wp","href":"https:\/\/api.w.org\/{rel}","templated":true}]}}

Aufnäher gegen Ausländerhaß (k70)

<p><img loading="lazy" decoding="async" class="alignleft wp-image-16119 size-medium" src="https://www.packpapierverlag.de/wp-content/uploads/2022/03/k70gegennazis-228x300.jpg" alt="" width="228" height="300" srcset="https://www.packpapierverlag.de/wp-content/uploads/2022/03/k70gegennazis-228x300.jpg 228w, https://www.packpapierverlag.de/wp-content/uploads/2022/03/k70gegennazis-300x395.jpg 300w, https://www.packpapierverlag.de/wp-content/uploads/2022/03/k70gegennazis-779x1024.jpg 779w, https://www.packpapierverlag.de/wp-content/uploads/2022/03/k70gegennazis.jpg 800w" sizes="auto, (max-width: 228px) 100vw, 228px" /></p>
<p>Aufnäher gegen Ausländerhaß Nr.k70</p>

<p>Aufnäher gegen Ausländerhaß Nr.k70</p>
