{"id":7902,"date":"2017-11-21T14:36:55","date_gmt":"2017-11-21T13:36:55","guid":{"rendered":"http:\/\/www.packpapierverlag.de\/?post_type=product&#038;p=7902"},"modified":"2020-06-07T16:19:20","modified_gmt":"2020-06-07T14:19:20","slug":"utopie-magazin-fuer-sinn-verstand-12015","status":"publish","type":"product","link":"https:\/\/www.packpapierverlag.de\/?product=utopie-magazin-fuer-sinn-verstand-12015","title":{"rendered":"Utopie Magazin f\u00fcr Sinn &#038; Verstand 1\/2015 (u90)"},"content":{"rendered":"<p><small style=\"color: #001515;\"><big style=\"color: #002424;\"><span style=\"font-family: Helvetica,Arial,sans-serif; font-weight: bold;\"><a href=\"https:\/\/www.packpapierverlag.de\/wp-content\/uploads\/2017\/11\/Utopie-Magazin-1-2015.jpg\" rel=\"attachment wp-att-7880\"><img loading=\"lazy\" decoding=\"async\" class=\"size-medium wp-image-7880 alignleft\" src=\"https:\/\/www.packpapierverlag.de\/wp-content\/uploads\/2017\/11\/Utopie-Magazin-1-2015-208x300.jpg\" alt=\"Utopie Magazin 1 2015\" width=\"208\" height=\"300\" srcset=\"https:\/\/www.packpapierverlag.de\/wp-content\/uploads\/2017\/11\/Utopie-Magazin-1-2015-208x300.jpg 208w, https:\/\/www.packpapierverlag.de\/wp-content\/uploads\/2017\/11\/Utopie-Magazin-1-2015-300x433.jpg 300w, https:\/\/www.packpapierverlag.de\/wp-content\/uploads\/2017\/11\/Utopie-Magazin-1-2015-768x1109.jpg 768w, https:\/\/www.packpapierverlag.de\/wp-content\/uploads\/2017\/11\/Utopie-Magazin-1-2015-709x1024.jpg 709w, https:\/\/www.packpapierverlag.de\/wp-content\/uploads\/2017\/11\/Utopie-Magazin-1-2015.jpg 1024w\" sizes=\"auto, (max-width: 208px) 100vw, 208px\" \/><\/a>UTOPIE<br style=\"font-family: Helvetica,Arial,sans-serif; font-weight: bold;\" \/><\/span><\/big><span style=\"font-family: Helvetica,Arial,sans-serif; font-weight: bold;\">Magazin f\u00fcr Sinn &amp; Verstand<\/span><br style=\"font-family: Helvetica,Arial,sans-serif;\" \/><span style=\"font-family: Helvetica,Arial,sans-serif;\">1. Ausgabe, Jahrgang 1, 2015 ISSN 2364-5628<\/span><br style=\"font-family: Helvetica,Arial,sans-serif;\" \/><span style=\"font-family: Helvetica,Arial,sans-serif;\">Buch mit 136 Seiten, illustriert, Klebebindung; Sprache: deutsch<\/span><br style=\"font-family: Helvetica,Arial,sans-serif;\" \/><span style=\"font-family: Helvetica,Arial,sans-serif;\">Das Utopiemagazin ist ein &#8211; noch! &#8211; selten erscheinendes spannendes Lesebuch aus dem Berliner spanischen Buchladen Amarcord mit Beitr\u00e4gen vornehmlich aus dem s\u00fcdeurop\u00e4isch-lateinamerikanischen Raum (zB Mexiko), was die hiesigen Gedanken doch beleben k\u00f6nnte.<\/span><br style=\"font-family: Helvetica,Arial,sans-serif;\" \/><span style=\"font-family: Helvetica,Arial,sans-serif;\">Revolution\u00e4r-utopistisch sind nicht nur die Texte, sondern auch der \u00e4sthetisch ansprechende geordnet-wilde Satz (Satz\/Zeilen\/Farbwechsel,&#8230;) sowie die comichaften bis ikonographischen Zeichnungen. Beides lockert die Texte angenehm auf und schafft auf visueller Ebene eine gelungene Verbindung der wissenschaftlich-theoretischen mit den k\u00fcnstlerischen Betr\u00e4gen.<\/span><br style=\"font-family: Helvetica,Arial,sans-serif;\" \/><span style=\"font-family: Helvetica,Arial,sans-serif;\">Das Motto der ersten Ausgabe des UTOPIE-Magazins lautet: Der Kampf selbst ist bereits unmittelbar Befreiung.<\/span><br style=\"font-family: Helvetica,Arial,sans-serif;\" \/><span style=\"font-family: Helvetica,Arial,sans-serif;\">INHALT:<br \/>\nSantiago Lopez Petit: Und wenn wir es aufg\u00e4ben, Staatsb\u00fcrger zu sein? Manifest f\u00fcr die Befreiung von der Ordnung * Julio Monteverde: Utopie \u2014 ein Br\u00fcckenschlag * J\u00falio do Carmo Gomes: Urro * Jacques Ellul: Die Autonomie der Technik * Los Amigos de Ludd: Obsoleszenz und Tugend der Utopie * Christian Ferrer: Die Maschinenst\u00fcrmer. In memoriam * Spideralex: Technologische Souver\u00e4nit\u00e4t * Jaime Semprun: Gespr\u00e4che \u00fcber den H\u00f6hepunkt der modernen Zeiten * Michael Albert im Interview: Jenseits der Sackgasse. Stategie und Richtung: Die sozialen Bewegungen und die Linken * J\u00falio do Carmo Gomes: Utopie: Die M\u00f6glichkeit eines Neustarts? Partizipatorische \u00d6konomie * Rui Pereira: Nachrichten von der Peripherie: Das Konzept der \u201eKrise\u201c und das Leben in der \u201eKrise\u201c (Teil 1) * Mario Salazar Hieron \u2014 Vollkommene Welt * Julien Maret: Aporie des Anfangs<\/span><\/small><\/p>\n","protected":false},"excerpt":{"rendered":"<p>UTOPIEMagazin f\u00fcr Sinn &amp; Verstand1. Ausgabe, Jahrgang 1, 2015 ISSN [&hellip;] &hellip; <a href=\"https:\/\/www.packpapierverlag.de\/?product=utopie-magazin-fuer-sinn-verstand-12015\">Weiterlesen <span class=\"meta-nav\">&rarr;<\/span><\/a><\/p>\n","protected":false},"featured_media":7880,"template":"","meta":[],"product_brand":[],"product_cat":[9,18,6,3,4],"product_tag":[],"class_list":{"0":"post-7902","1":"product","2":"type-product","3":"status-publish","4":"has-post-thumbnail","6":"product_cat-bewegung-widerstand","7":"product_cat-literatur","8":"product_cat-politik-und-geschichte","9":"product_cat-produkte","10":"product_cat-projekte-utopie-chaos","12":"first","13":"instock","14":"shipping-taxable","15":"purchasable","16":"product-type-simple"},"_links":{"self":[{"href":"https:\/\/www.packpapierverlag.de\/index.php?rest_route=\/wp\/v2\/product\/7902","targetHints":{"allow":["GET"]}}],"collection":[{"href":"https:\/\/www.packpapierverlag.de\/index.php?rest_route=\/wp\/v2\/product"}],"about":[{"href":"https:\/\/www.packpapierverlag.de\/index.php?rest_route=\/wp\/v2\/types\/product"}],"wp:featuredmedia":[{"embeddable":true,"href":"https:\/\/www.packpapierverlag.de\/index.php?rest_route=\/wp\/v2\/media\/7880"}],"wp:attachment":[{"href":"https:\/\/www.packpapierverlag.de\/index.php?rest_route=%2Fwp%2Fv2%2Fmedia&parent=7902"}],"wp:term":[{"taxonomy":"product_brand","embeddable":true,"href":"https:\/\/www.packpapierverlag.de\/index.php?rest_route=%2Fwp%2Fv2%2Fproduct_brand&post=7902"},{"taxonomy":"product_cat","embeddable":true,"href":"https:\/\/www.packpapierverlag.de\/index.php?rest_route=%2Fwp%2Fv2%2Fproduct_cat&post=7902"},{"taxonomy":"product_tag","embeddable":true,"href":"https:\/\/www.packpapierverlag.de\/index.php?rest_route=%2Fwp%2Fv2%2Fproduct_tag&post=7902"}],"curies":[{"name":"wp","href":"https:\/\/api.w.org\/{rel}","templated":true}]}}

Utopie Magazin für Sinn &#038; Verstand 1/2015 (u90)

<p><small style="color: #001515;"><big style="color: #002424;"><span style="font-family: Helvetica,Arial,sans-serif; font-weight: bold;"><a href="https://www.packpapierverlag.de/wp-content/uploads/2017/11/Utopie-Magazin-1-2015.jpg" rel="attachment wp-att-7880"><img loading="lazy" decoding="async" class="size-medium wp-image-7880 alignleft" src="https://www.packpapierverlag.de/wp-content/uploads/2017/11/Utopie-Magazin-1-2015-208x300.jpg" alt="Utopie Magazin 1 2015" width="208" height="300" srcset="https://www.packpapierverlag.de/wp-content/uploads/2017/11/Utopie-Magazin-1-2015-208x300.jpg 208w, https://www.packpapierverlag.de/wp-content/uploads/2017/11/Utopie-Magazin-1-2015-300x433.jpg 300w, https://www.packpapierverlag.de/wp-content/uploads/2017/11/Utopie-Magazin-1-2015-768x1109.jpg 768w, https://www.packpapierverlag.de/wp-content/uploads/2017/11/Utopie-Magazin-1-2015-709x1024.jpg 709w, https://www.packpapierverlag.de/wp-content/uploads/2017/11/Utopie-Magazin-1-2015.jpg 1024w" sizes="auto, (max-width: 208px) 100vw, 208px" /></a>UTOPIE<br style="font-family: Helvetica,Arial,sans-serif; font-weight: bold;" /></span></big><span style="font-family: Helvetica,Arial,sans-serif; font-weight: bold;">Magazin für Sinn &amp; Verstand</span><br style="font-family: Helvetica,Arial,sans-serif;" /><span style="font-family: Helvetica,Arial,sans-serif;">1. Ausgabe, Jahrgang 1, 2015 ISSN 2364-5628</span><br style="font-family: Helvetica,Arial,sans-serif;" /><span style="font-family: Helvetica,Arial,sans-serif;">Buch mit 136 Seiten, illustriert, Klebebindung; Sprache: deutsch</span><br style="font-family: Helvetica,Arial,sans-serif;" /><span style="font-family: Helvetica,Arial,sans-serif;">Das Utopiemagazin ist ein &#8211; noch! &#8211; selten erscheinendes spannendes Lesebuch aus dem Berliner spanischen Buchladen Amarcord mit Beiträgen vornehmlich aus dem südeuropäisch-lateinamerikanischen Raum (zB Mexiko), was die hiesigen Gedanken doch beleben könnte.</span><br style="font-family: Helvetica,Arial,sans-serif;" /><span style="font-family: Helvetica,Arial,sans-serif;">Revolutionär-utopistisch sind nicht nur die Texte, sondern auch der ästhetisch ansprechende geordnet-wilde Satz (Satz/Zeilen/Farbwechsel,&#8230;) sowie die comichaften bis ikonographischen Zeichnungen. Beides lockert die Texte angenehm auf und schafft auf visueller Ebene eine gelungene Verbindung der wissenschaftlich-theoretischen mit den künstlerischen Beträgen.</span><br style="font-family: Helvetica,Arial,sans-serif;" /><span style="font-family: Helvetica,Arial,sans-serif;">Das Motto der ersten Ausgabe des UTOPIE-Magazins lautet: Der Kampf selbst ist bereits unmittelbar Befreiung.</span><br style="font-family: Helvetica,Arial,sans-serif;" /><span style="font-family: Helvetica,Arial,sans-serif;">INHALT:<br />
Santiago Lopez Petit: Und wenn wir es aufgäben, Staatsbürger zu sein? Manifest für die Befreiung von der Ordnung * Julio Monteverde: Utopie — ein Brückenschlag * Júlio do Carmo Gomes: Urro * Jacques Ellul: Die Autonomie der Technik * Los Amigos de Ludd: Obsoleszenz und Tugend der Utopie * Christian Ferrer: Die Maschinenstürmer. In memoriam * Spideralex: Technologische Souveränität * Jaime Semprun: Gespräche über den Höhepunkt der modernen Zeiten * Michael Albert im Interview: Jenseits der Sackgasse. Stategie und Richtung: Die sozialen Bewegungen und die Linken * Júlio do Carmo Gomes: Utopie: Die Möglichkeit eines Neustarts? Partizipatorische Ökonomie * Rui Pereira: Nachrichten von der Peripherie: Das Konzept der „Krise“ und das Leben in der „Krise“ (Teil 1) * Mario Salazar Hieron — Vollkommene Welt * Julien Maret: Aporie des Anfangs</span></small></p>

<p>UTOPIEMagazin für Sinn &amp; Verstand1. Ausgabe, Jahrgang 1, 2015 ISSN [&hellip;] &hellip; <a href="https://www.packpapierverlag.de/?product=utopie-magazin-fuer-sinn-verstand-12015">Weiterlesen <span class="meta-nav">&rarr;</span></a></p>
