{"id":7905,"date":"2017-11-21T14:54:46","date_gmt":"2017-11-21T13:54:46","guid":{"rendered":"http:\/\/www.packpapierverlag.de\/?post_type=product&#038;p=7905"},"modified":"2017-11-21T14:54:46","modified_gmt":"2017-11-21T13:54:46","slug":"regina-jaeger-schneckenfressende-enten-im-garten-halten-c72","status":"publish","type":"product","link":"https:\/\/www.packpapierverlag.de\/?product=regina-jaeger-schneckenfressende-enten-im-garten-halten-c72","title":{"rendered":"Regina Jaeger: Schneckenfressende Enten im Garten halten (c72)"},"content":{"rendered":"<p><small style=\"color: #001e1e;\"><big style=\"color: #003131;\"><span style=\"font-family: Helvetica,Arial,sans-serif; font-weight: bold;\"><a href=\"https:\/\/www.packpapierverlag.de\/wp-content\/uploads\/2017\/11\/Schneckenfresserenten.jpg\" rel=\"attachment wp-att-7878\"><img loading=\"lazy\" decoding=\"async\" class=\"size-medium wp-image-7878 alignleft\" src=\"https:\/\/www.packpapierverlag.de\/wp-content\/uploads\/2017\/11\/Schneckenfresserenten-208x300.jpg\" alt=\"Schneckenfresserenten\" width=\"208\" height=\"300\" srcset=\"https:\/\/www.packpapierverlag.de\/wp-content\/uploads\/2017\/11\/Schneckenfresserenten-208x300.jpg 208w, https:\/\/www.packpapierverlag.de\/wp-content\/uploads\/2017\/11\/Schneckenfresserenten-300x432.jpg 300w, https:\/\/www.packpapierverlag.de\/wp-content\/uploads\/2017\/11\/Schneckenfresserenten-768x1106.jpg 768w, https:\/\/www.packpapierverlag.de\/wp-content\/uploads\/2017\/11\/Schneckenfresserenten-711x1024.jpg 711w, https:\/\/www.packpapierverlag.de\/wp-content\/uploads\/2017\/11\/Schneckenfresserenten.jpg 1024w\" sizes=\"auto, (max-width: 208px) 100vw, 208px\" \/><\/a>Regina Jaeger: Schneckenfressende Enten im Garten halten<\/span><\/big><br style=\"font-family: Helvetica,Arial,sans-serif; font-weight: bold;\" \/><span style=\"font-family: Helvetica,Arial,sans-serif; font-weight: bold;\">Aus der Reihe Artgerechte Tierhaltung<\/span><br style=\"font-family: Helvetica,Arial,sans-serif;\" \/><span style=\"font-family: Helvetica,Arial,sans-serif;\">Heft mit 46 Seiten, DIN A5, mit Photos illustriert.Verlag 85, Kiel 2009.<\/span><br style=\"font-family: Helvetica,Arial,sans-serif;\" \/><span style=\"font-family: Helvetica,Arial,sans-serif;\">Die Autorin, studierte Agrarwirtin, ist keine Gegnerin der \u201eNutztierhaltung\u201c; sie ist allerdings der Ansicht, da\u00df, wer sich von Tieren oder deren Erzeugnissen ern\u00e4hren oder sie anderweitig \u201enutzen\u201c m\u00f6chte, nur dann ethisch handeln kann, wenn er Tiere selbst h\u00e4lt und zwar so, da\u00df zuallererst deren Verhaltens- und sonstigen Bed\u00fcrfnissen entsprochen wird. In diesem Zusammenhang m\u00f6chte sie zur Selbstversorgung anregen&#8230;und hier dem von Schnecken geplagten G\u00e4rtner zur Hilfe eilen \ud83d\ude09<\/span><br style=\"font-family: Helvetica,Arial,sans-serif;\" \/><span style=\"font-family: Helvetica,Arial,sans-serif; font-weight: bold;\">INHALT:<\/span><br style=\"font-family: Helvetica,Arial,sans-serif;\" \/><span style=\"font-family: Helvetica,Arial,sans-serif;\">Vorwort * Einf\u00fchrung * Vor und Nachteile der Haltung von Schneckenfresser-Enten * II. Schneckenfresser-Enten anschaffen * Was sind schneckenfressende Enten? * Wie viele Schneckenfresser- Enten sollte man mindestens halten? * Wann ist der Zeitpunkt g\u00fcnstig f\u00fcr die Anschaffung? * Woher bekommt man Schneckenfresser-Enten? * III.Wie h\u00e4tten sie\u2019s denn gern? * Was Schneckenfresser-Enten wollen, und was sie brauchen: Auslauf * Stall * Futter * Wasser zum Trinken * Wasser zum Baden * IV. Krankheiten * Vorbeugung * Symptome * Noch einige Hinweise * V. Kosten * Eigene Nachzucht * VII. Rechtliches * Anmerkungen zur professionellen Entenhaltung * Anmerkungen zur Gefl\u00fcgelpest-Verordnung * VIII. Checklisten * IX. H\u00e4ufig gestellte Fragen&#8230; unter anderem: Wie alt werden Enten? K\u00f6nnen Enten ertrinken? Kann man Enten-Eier essen? Kinder und Schneckenfresser-Enten &#8211; geht das gut? * Zus\u00e4tzliche Tipps * Lockpfiff beibringen * Enten an den Stall gew\u00f6hnen * H\u00fctehund und Laufenten * XI. Sch\u00f6ne Momente * Schneckenfresser-Enten beobachten und erleben * XII. Die Autorin: Regine Jager<\/span><\/small><\/p>\n","protected":false},"excerpt":{"rendered":"<p>Regina Jaeger: Schneckenfressende Enten im Garten haltenAus der Reihe Artgerechte [&hellip;] &hellip; <a href=\"https:\/\/www.packpapierverlag.de\/?product=regina-jaeger-schneckenfressende-enten-im-garten-halten-c72\">Weiterlesen <span class=\"meta-nav\">&rarr;<\/span><\/a><\/p>\n","protected":false},"featured_media":7878,"template":"","meta":[],"product_brand":[],"product_cat":[17,3,5],"product_tag":[],"class_list":{"0":"post-7905","1":"product","2":"type-product","3":"status-publish","4":"has-post-thumbnail","6":"product_cat-land-garten-anders-leben","7":"product_cat-produkte","8":"product_cat-selbstversorgung","10":"first","11":"instock","12":"shipping-taxable","13":"purchasable","14":"product-type-simple"},"_links":{"self":[{"href":"https:\/\/www.packpapierverlag.de\/index.php?rest_route=\/wp\/v2\/product\/7905","targetHints":{"allow":["GET"]}}],"collection":[{"href":"https:\/\/www.packpapierverlag.de\/index.php?rest_route=\/wp\/v2\/product"}],"about":[{"href":"https:\/\/www.packpapierverlag.de\/index.php?rest_route=\/wp\/v2\/types\/product"}],"wp:featuredmedia":[{"embeddable":true,"href":"https:\/\/www.packpapierverlag.de\/index.php?rest_route=\/wp\/v2\/media\/7878"}],"wp:attachment":[{"href":"https:\/\/www.packpapierverlag.de\/index.php?rest_route=%2Fwp%2Fv2%2Fmedia&parent=7905"}],"wp:term":[{"taxonomy":"product_brand","embeddable":true,"href":"https:\/\/www.packpapierverlag.de\/index.php?rest_route=%2Fwp%2Fv2%2Fproduct_brand&post=7905"},{"taxonomy":"product_cat","embeddable":true,"href":"https:\/\/www.packpapierverlag.de\/index.php?rest_route=%2Fwp%2Fv2%2Fproduct_cat&post=7905"},{"taxonomy":"product_tag","embeddable":true,"href":"https:\/\/www.packpapierverlag.de\/index.php?rest_route=%2Fwp%2Fv2%2Fproduct_tag&post=7905"}],"curies":[{"name":"wp","href":"https:\/\/api.w.org\/{rel}","templated":true}]}}