{"id":7976,"date":"2017-12-01T16:07:15","date_gmt":"2017-12-01T15:07:15","guid":{"rendered":"http:\/\/www.packpapierverlag.de\/?post_type=product&#038;p=7976"},"modified":"2017-12-01T16:16:18","modified_gmt":"2017-12-01T15:16:18","slug":"flucht-ist-kein-verbrechen-24-friedensfestival-iserlohn-festivalzeitung-2014","status":"publish","type":"product","link":"https:\/\/www.packpapierverlag.de\/?product=flucht-ist-kein-verbrechen-24-friedensfestival-iserlohn-festivalzeitung-2014","title":{"rendered":"Flucht ist kein Verbrechen 24. Friedensfestival Iserlohn FESTIVALZEITUNG 2014"},"content":{"rendered":"<p><a href=\"https:\/\/www.packpapierverlag.de\/wp-content\/uploads\/2017\/12\/Iserlohn-Friedensfest-24.jpg\" rel=\"attachment wp-att-7978\"><img loading=\"lazy\" decoding=\"async\" class=\"size-medium wp-image-7978 alignleft\" src=\"https:\/\/www.packpapierverlag.de\/wp-content\/uploads\/2017\/12\/Iserlohn-Friedensfest-24-207x300.jpg\" alt=\"Iserlohn Friedensfest 24\" width=\"207\" height=\"300\" srcset=\"https:\/\/www.packpapierverlag.de\/wp-content\/uploads\/2017\/12\/Iserlohn-Friedensfest-24-207x300.jpg 207w, https:\/\/www.packpapierverlag.de\/wp-content\/uploads\/2017\/12\/Iserlohn-Friedensfest-24-300x434.jpg 300w, https:\/\/www.packpapierverlag.de\/wp-content\/uploads\/2017\/12\/Iserlohn-Friedensfest-24-768x1111.jpg 768w, https:\/\/www.packpapierverlag.de\/wp-content\/uploads\/2017\/12\/Iserlohn-Friedensfest-24-708x1024.jpg 708w, https:\/\/www.packpapierverlag.de\/wp-content\/uploads\/2017\/12\/Iserlohn-Friedensfest-24.jpg 1024w\" sizes=\"auto, (max-width: 207px) 100vw, 207px\" \/><\/a><\/p>\n<p>Das Friedensfestival Iserlohn ist eine j\u00e4hrliche Gegenveranstaltung zum zeitgleich stattfindenden Sch\u00fctzenfest. 2014 stand es unter dem Motto FLUCHT IST KEIN VERBRECHEN. Die 60seitige Brosch\u00fcre, DIN A4, ist reich bebildert und informiert \u00fcber Krieg und Frieden, Bundeswehr, Justiz, \u00d6kologie, Veganismus, Gentrifizierung, Hartz4, lokale und weltweite Entwicklungen. Es enth\u00e4lt zudem das 2014er Festivalprogramm, R\u00fcckblicke auf das vorj\u00e4hrige Festival und vier Kinderseiten. Genaue Inhaltsangabe: siehe Bild (anklicken und vergr\u00f6\u00dfern)<\/p>\n<p>&nbsp;<\/p>\n<p><a href=\"https:\/\/www.packpapierverlag.de\/wp-content\/uploads\/2017\/12\/Iserlohn-Friedensfest-24-Inhalt.jpg\" rel=\"attachment wp-att-7977\"><img loading=\"lazy\" decoding=\"async\" class=\"size-medium wp-image-7977 alignleft\" src=\"https:\/\/www.packpapierverlag.de\/wp-content\/uploads\/2017\/12\/Iserlohn-Friedensfest-24-Inhalt-205x300.jpg\" alt=\"Iserlohn Friedensfest 24 Inhalt\" width=\"205\" height=\"300\" srcset=\"https:\/\/www.packpapierverlag.de\/wp-content\/uploads\/2017\/12\/Iserlohn-Friedensfest-24-Inhalt-205x300.jpg 205w, https:\/\/www.packpapierverlag.de\/wp-content\/uploads\/2017\/12\/Iserlohn-Friedensfest-24-Inhalt-300x438.jpg 300w, https:\/\/www.packpapierverlag.de\/wp-content\/uploads\/2017\/12\/Iserlohn-Friedensfest-24-Inhalt-768x1122.jpg 768w, https:\/\/www.packpapierverlag.de\/wp-content\/uploads\/2017\/12\/Iserlohn-Friedensfest-24-Inhalt-701x1024.jpg 701w, https:\/\/www.packpapierverlag.de\/wp-content\/uploads\/2017\/12\/Iserlohn-Friedensfest-24-Inhalt.jpg 1024w\" sizes=\"auto, (max-width: 205px) 100vw, 205px\" \/><\/a><\/p>\n","protected":false},"excerpt":{"rendered":"<p>Das Friedensfestival Iserlohn ist eine j\u00e4hrliche Gegenveranstaltung zum zeitgleich stattfindenden [&hellip;] &hellip; <a href=\"https:\/\/www.packpapierverlag.de\/?product=flucht-ist-kein-verbrechen-24-friedensfestival-iserlohn-festivalzeitung-2014\">Weiterlesen <span class=\"meta-nav\">&rarr;<\/span><\/a><\/p>\n","protected":false},"featured_media":7978,"template":"","meta":[],"product_brand":[],"product_cat":[3,40],"product_tag":[],"class_list":{"0":"post-7976","1":"product","2":"type-product","3":"status-publish","4":"has-post-thumbnail","6":"product_cat-produkte","7":"product_cat-zeitschriften","9":"first","10":"instock","11":"shipping-taxable","12":"purchasable","13":"product-type-simple"},"_links":{"self":[{"href":"https:\/\/www.packpapierverlag.de\/index.php?rest_route=\/wp\/v2\/product\/7976","targetHints":{"allow":["GET"]}}],"collection":[{"href":"https:\/\/www.packpapierverlag.de\/index.php?rest_route=\/wp\/v2\/product"}],"about":[{"href":"https:\/\/www.packpapierverlag.de\/index.php?rest_route=\/wp\/v2\/types\/product"}],"wp:featuredmedia":[{"embeddable":true,"href":"https:\/\/www.packpapierverlag.de\/index.php?rest_route=\/wp\/v2\/media\/7978"}],"wp:attachment":[{"href":"https:\/\/www.packpapierverlag.de\/index.php?rest_route=%2Fwp%2Fv2%2Fmedia&parent=7976"}],"wp:term":[{"taxonomy":"product_brand","embeddable":true,"href":"https:\/\/www.packpapierverlag.de\/index.php?rest_route=%2Fwp%2Fv2%2Fproduct_brand&post=7976"},{"taxonomy":"product_cat","embeddable":true,"href":"https:\/\/www.packpapierverlag.de\/index.php?rest_route=%2Fwp%2Fv2%2Fproduct_cat&post=7976"},{"taxonomy":"product_tag","embeddable":true,"href":"https:\/\/www.packpapierverlag.de\/index.php?rest_route=%2Fwp%2Fv2%2Fproduct_tag&post=7976"}],"curies":[{"name":"wp","href":"https:\/\/api.w.org\/{rel}","templated":true}]}}

<p><a href="https://www.packpapierverlag.de/wp-content/uploads/2017/12/Iserlohn-Friedensfest-24.jpg" rel="attachment wp-att-7978"><img loading="lazy" decoding="async" class="size-medium wp-image-7978 alignleft" src="https://www.packpapierverlag.de/wp-content/uploads/2017/12/Iserlohn-Friedensfest-24-207x300.jpg" alt="Iserlohn Friedensfest 24" width="207" height="300" srcset="https://www.packpapierverlag.de/wp-content/uploads/2017/12/Iserlohn-Friedensfest-24-207x300.jpg 207w, https://www.packpapierverlag.de/wp-content/uploads/2017/12/Iserlohn-Friedensfest-24-300x434.jpg 300w, https://www.packpapierverlag.de/wp-content/uploads/2017/12/Iserlohn-Friedensfest-24-768x1111.jpg 768w, https://www.packpapierverlag.de/wp-content/uploads/2017/12/Iserlohn-Friedensfest-24-708x1024.jpg 708w, https://www.packpapierverlag.de/wp-content/uploads/2017/12/Iserlohn-Friedensfest-24.jpg 1024w" sizes="auto, (max-width: 207px) 100vw, 207px" /></a></p>
<p>Das Friedensfestival Iserlohn ist eine jährliche Gegenveranstaltung zum zeitgleich stattfindenden Schützenfest. 2014 stand es unter dem Motto FLUCHT IST KEIN VERBRECHEN. Die 60seitige Broschüre, DIN A4, ist reich bebildert und informiert über Krieg und Frieden, Bundeswehr, Justiz, Ökologie, Veganismus, Gentrifizierung, Hartz4, lokale und weltweite Entwicklungen. Es enthält zudem das 2014er Festivalprogramm, Rückblicke auf das vorjährige Festival und vier Kinderseiten. Genaue Inhaltsangabe: siehe Bild (anklicken und vergrößern)</p>
<p>&nbsp;</p>
<p><a href="https://www.packpapierverlag.de/wp-content/uploads/2017/12/Iserlohn-Friedensfest-24-Inhalt.jpg" rel="attachment wp-att-7977"><img loading="lazy" decoding="async" class="size-medium wp-image-7977 alignleft" src="https://www.packpapierverlag.de/wp-content/uploads/2017/12/Iserlohn-Friedensfest-24-Inhalt-205x300.jpg" alt="Iserlohn Friedensfest 24 Inhalt" width="205" height="300" srcset="https://www.packpapierverlag.de/wp-content/uploads/2017/12/Iserlohn-Friedensfest-24-Inhalt-205x300.jpg 205w, https://www.packpapierverlag.de/wp-content/uploads/2017/12/Iserlohn-Friedensfest-24-Inhalt-300x438.jpg 300w, https://www.packpapierverlag.de/wp-content/uploads/2017/12/Iserlohn-Friedensfest-24-Inhalt-768x1122.jpg 768w, https://www.packpapierverlag.de/wp-content/uploads/2017/12/Iserlohn-Friedensfest-24-Inhalt-701x1024.jpg 701w, https://www.packpapierverlag.de/wp-content/uploads/2017/12/Iserlohn-Friedensfest-24-Inhalt.jpg 1024w" sizes="auto, (max-width: 205px) 100vw, 205px" /></a></p>

<p>Das Friedensfestival Iserlohn ist eine jährliche Gegenveranstaltung zum zeitgleich stattfindenden [&hellip;] &hellip; <a href="https://www.packpapierverlag.de/?product=flucht-ist-kein-verbrechen-24-friedensfestival-iserlohn-festivalzeitung-2014">Weiterlesen <span class="meta-nav">&rarr;</span></a></p>
