{"id":818,"date":"2010-12-17T15:55:47","date_gmt":"2010-12-17T14:55:47","guid":{"rendered":"http:\/\/www.packpapierverlag.de\/neu\/?p=818"},"modified":"2017-05-08T13:04:42","modified_gmt":"2017-05-08T11:04:42","slug":"schwendter-subkultur","status":"publish","type":"product","link":"https:\/\/www.packpapierverlag.de\/?product=schwendter-subkultur","title":{"rendered":"Rolf Schwendter: Zur Theorie der Subkultur (u35)"},"content":{"rendered":"<p><a href=\"https:\/\/www.packpapierverlag.de\/wp-content\/uploads\/2010\/12\/Schwendter-Subkultur.jpg\"><img loading=\"lazy\" decoding=\"async\" class=\"alignleft size-medium wp-image-4429\" title=\"Schwendter Subkultur\" src=\"https:\/\/www.packpapierverlag.de\/wp-content\/uploads\/2010\/12\/Schwendter-Subkultur-213x300.jpg\" alt=\"\" width=\"213\" height=\"300\" srcset=\"https:\/\/www.packpapierverlag.de\/wp-content\/uploads\/2010\/12\/Schwendter-Subkultur-213x300.jpg 213w, https:\/\/www.packpapierverlag.de\/wp-content\/uploads\/2010\/12\/Schwendter-Subkultur-300x421.jpg 300w, https:\/\/www.packpapierverlag.de\/wp-content\/uploads\/2010\/12\/Schwendter-Subkultur-729x1024.jpg 729w, https:\/\/www.packpapierverlag.de\/wp-content\/uploads\/2010\/12\/Schwendter-Subkultur.jpg 1024w\" sizes=\"auto, (max-width: 213px) 100vw, 213px\" \/><\/a><small style=\"color: #234747;\"><big style=\"font-weight: bold; color: #366d6d;\"><span style=\"font-family: Helvetica,Arial,sans-serif;\">Rolf Schwendter: Zur Theorie der Subkultur + 8 utopische Lieder<\/span><\/big><br style=\"font-family: Helvetica,Arial,sans-serif;\" \/><span style=\"font-family: Helvetica,Arial,sans-serif;\">Vorgetragen beim Utopie- Projekt in M\u00fcnster (NRW) am 29.10.1994. <\/span><br style=\"font-family: Helvetica,Arial,sans-serif;\" \/><span style=\"font-family: Helvetica,Arial,sans-serif;\">Verlegt im Packpapier Verlag Osnabr\u00fcck. Heft in DIN A5 mit 23 Seiten und 4 Abbildungen.<\/span><br style=\"font-family: Helvetica,Arial,sans-serif;\" \/><span style=\"font-family: Helvetica,Arial,sans-serif;\">Der vorliegende Text wurde 1968 in der Musikzeitschrift \u201eSong\u201c erstmals abgedruckt, zu einer Zeit, als die Subkultur, B\u00fcrger- und Frauenrechtsbewegungen, Hippies, Provos, Gammler, Friedensbewegten, linken Intellektuellen,&#8230; und zahlreiche Minderheitengruppen weltweit begannen, ihre Kultur \u00f6ffentlich als Protest und Alternative zum kriegerisch-kapitalistischen und rassistischen Mainstream zu leben. Der Text beleuchtet somit die Anf\u00e4nge jener Subkultur (inzwischen oftmals Avantgarde genannt), deren Errungenschaften unsere Gesellschaft noch immer pr\u00e4gen, auch wenn die neoliberale Ideologie bestrebt ist, sie abzuschaffen bzw. ihre Tr\u00e4ger auszugrenzen, sofern sie ihnen nicht marktrevelant erscheinen.<\/span><br style=\"font-family: Helvetica,Arial,sans-serif;\" \/><span style=\"font-family: Helvetica,Arial,sans-serif;\">Neben dem Text von Rolf Schwendter sind im Heft folgende politische Liedertexte versammelt: Einst lag ich unter dem letzten Baum &#8212; Prinzip Hoffnung (Neue Fassung) &#8212; Ballade vom Freiheitsbaum (1989- 15. Open- Ohr- Festival) &#8212; Video-Lied &#8212; Fourier-Lied &#8212; Zukunft &#8212; Emanzipation &#8212; 50 Arten, die Welt zu zerst\u00f6ren (Paul Simon)<\/span><\/small><\/p>\n","protected":false},"excerpt":{"rendered":"<p>Rolf Schwendter: Zur Theorie der Subkultur + 8 utopische LiederVorgetragen [&hellip;] &hellip; <a href=\"https:\/\/www.packpapierverlag.de\/?product=schwendter-subkultur\">Weiterlesen <span class=\"meta-nav\">&rarr;<\/span><\/a><\/p>\n","protected":false},"featured_media":4429,"template":"","meta":[],"product_brand":[],"product_cat":[6,3,4],"product_tag":[],"class_list":{"0":"post-818","1":"product","2":"type-product","3":"status-publish","4":"has-post-thumbnail","6":"product_cat-politik-und-geschichte","7":"product_cat-produkte","8":"product_cat-projekte-utopie-chaos","10":"first","11":"instock","12":"shipping-taxable","13":"purchasable","14":"product-type-simple"},"_links":{"self":[{"href":"https:\/\/www.packpapierverlag.de\/index.php?rest_route=\/wp\/v2\/product\/818","targetHints":{"allow":["GET"]}}],"collection":[{"href":"https:\/\/www.packpapierverlag.de\/index.php?rest_route=\/wp\/v2\/product"}],"about":[{"href":"https:\/\/www.packpapierverlag.de\/index.php?rest_route=\/wp\/v2\/types\/product"}],"wp:featuredmedia":[{"embeddable":true,"href":"https:\/\/www.packpapierverlag.de\/index.php?rest_route=\/wp\/v2\/media\/4429"}],"wp:attachment":[{"href":"https:\/\/www.packpapierverlag.de\/index.php?rest_route=%2Fwp%2Fv2%2Fmedia&parent=818"}],"wp:term":[{"taxonomy":"product_brand","embeddable":true,"href":"https:\/\/www.packpapierverlag.de\/index.php?rest_route=%2Fwp%2Fv2%2Fproduct_brand&post=818"},{"taxonomy":"product_cat","embeddable":true,"href":"https:\/\/www.packpapierverlag.de\/index.php?rest_route=%2Fwp%2Fv2%2Fproduct_cat&post=818"},{"taxonomy":"product_tag","embeddable":true,"href":"https:\/\/www.packpapierverlag.de\/index.php?rest_route=%2Fwp%2Fv2%2Fproduct_tag&post=818"}],"curies":[{"name":"wp","href":"https:\/\/api.w.org\/{rel}","templated":true}]}}