{"id":849,"date":"2010-12-17T16:01:48","date_gmt":"2010-12-17T15:01:48","guid":{"rendered":"http:\/\/www.packpapierverlag.de\/neu\/?p=849"},"modified":"2017-04-15T18:16:50","modified_gmt":"2017-04-15T16:16:50","slug":"anarchisten-kurzbiografien","status":"publish","type":"product","link":"https:\/\/www.packpapierverlag.de\/?product=anarchisten-kurzbiografien","title":{"rendered":"Anarchisten: 10 Kurzbiografien (e04)"},"content":{"rendered":"<p><a href=\"https:\/\/www.packpapierverlag.de\/wp-content\/uploads\/2010\/12\/A-Kurzbio1.jpg\"><img loading=\"lazy\" decoding=\"async\" class=\"alignleft size-medium wp-image-2983\" title=\"A Kurzbio\" src=\"https:\/\/www.packpapierverlag.de\/wp-content\/uploads\/2010\/12\/A-Kurzbio1-212x300.jpg\" alt=\"\" width=\"212\" height=\"300\" srcset=\"https:\/\/www.packpapierverlag.de\/wp-content\/uploads\/2010\/12\/A-Kurzbio1-212x300.jpg 212w, https:\/\/www.packpapierverlag.de\/wp-content\/uploads\/2010\/12\/A-Kurzbio1-300x424.jpg 300w, https:\/\/www.packpapierverlag.de\/wp-content\/uploads\/2010\/12\/A-Kurzbio1.jpg 393w\" sizes=\"auto, (max-width: 212px) 100vw, 212px\" \/><\/a><br \/>\n<small style=\"color: #234646; font-family: Helvetica,Arial,sans-serif;\"><big style=\"font-weight: bold; color: #72233b;\">Anarchisten! 10 Kurzbiografien.<\/big> Heft mit 72 Seiten, DIN A6. Packpapier- Verlag.<br \/>\nKurzbiografien (mit den jeweiligen Lebensdaten, Theorien und Kernaussagen, vielen Zitaten und Photos\/Skizzen. <\/small><small style=\"color: #234646; font-family: Helvetica,Arial,sans-serif;\">Die Brosch\u00fcre gibt einen guten und verst\u00e4ndlich zusammengefassten \u00dcberblick \u00fcber die \u201eUrv\u00e4ter- und M\u00fctter\u201c des Anarchismus und ihre Philosophien, sowie \u00fcber die jeweiligen zeithistorischen Umst\u00e4nde. Auch als erste Einf\u00fchrung in den Anarchismus zu empfehlen.<\/small><small style=\"color: #234646; font-family: Helvetica,Arial,sans-serif;\"><br style=\"font-family: Helvetica,Arial,sans-serif;\" \/><span style=\"font-weight: bold; font-family: Helvetica,Arial,sans-serif;\">Michail Bakunin <\/span><span style=\"font-family: Helvetica,Arial,sans-serif;\">1814- 1876 (Lebensdaten, Bedeutung und Pers\u00f6nlichkeit, Die \u201equalitative Umwandlung\u201c, Der Kampf der \u201eInternationale\u201c) <\/span><span style=\"font-weight: bold; font-family: Helvetica,Arial,sans-serif;\">* William Godwin <\/span><span style=\"font-family: Helvetica,Arial,sans-serif;\">1756- 1836 * <\/span><span style=\"font-weight: bold; font-family: Helvetica,Arial,sans-serif;\">Emma<br \/>\nGoldman<\/span><span style=\"font-family: Helvetica,Arial,sans-serif;\"> 1869- 1940 <\/span><span style=\"font-weight: bold; font-family: Helvetica,Arial,sans-serif;\">* Alexander Herzen<\/span><span style=\"font-family: Helvetica,Arial,sans-serif;\"> 1812- 1870 * <\/span><span style=\"font-weight: bold; font-family: Helvetica,Arial,sans-serif;\">Peter<br \/>\nKropotkin <\/span><span style=\"font-family: Helvetica,Arial,sans-serif;\">1842- 1921 * <\/span><span style=\"font-weight: bold; font-family: Helvetica,Arial,sans-serif;\">Gustav Landauer <\/span><span style=\"font-family: Helvetica,Arial,sans-serif;\">1870- 1919 * <\/span><span style=\"font-weight: bold; font-family: Helvetica,Arial,sans-serif;\">Errico Malatesta <\/span><span style=\"font-family: Helvetica,Arial,sans-serif;\">1853- 1932 * <\/span><span style=\"font-weight: bold; font-family: Helvetica,Arial,sans-serif;\">Pierre- Joseph Proudhon <\/span><span style=\"font-family: Helvetica,Arial,sans-serif;\">1809- 1865 * <\/span><span style=\"font-weight: bold; font-family: Helvetica,Arial,sans-serif;\">Rudolf Rocker<\/span><span style=\"font-family: Helvetica,Arial,sans-serif;\"> 1873- 1958 * <\/span><span style=\"font-weight: bold; font-family: Helvetica,Arial,sans-serif;\">Voline <\/span><span style=\"font-family: Helvetica,Arial,sans-serif;\">(d.i. Vsevolod Michailowitsch Eichenbaum) 1882- 1945<\/span><span style=\"font-weight: bold; color: #72233b;\"><br \/>\n<\/span><\/small><\/p>\n","protected":false},"excerpt":{"rendered":"<p>Anarchisten! 10 Kurzbiografien. Heft mit 72 Seiten, DIN A6. Packpapier- [&hellip;] &hellip; <a href=\"https:\/\/www.packpapierverlag.de\/?product=anarchisten-kurzbiografien\">Weiterlesen <span class=\"meta-nav\">&rarr;<\/span><\/a><\/p>\n","protected":false},"featured_media":2983,"template":"","meta":[],"product_brand":[],"product_cat":[7,3],"product_tag":[],"class_list":{"0":"post-849","1":"product","2":"type-product","3":"status-publish","4":"has-post-thumbnail","6":"product_cat-anarchie-hefte-und-bucher","7":"product_cat-produkte","9":"first","10":"instock","11":"shipping-taxable","12":"purchasable","13":"product-type-simple"},"_links":{"self":[{"href":"https:\/\/www.packpapierverlag.de\/index.php?rest_route=\/wp\/v2\/product\/849","targetHints":{"allow":["GET"]}}],"collection":[{"href":"https:\/\/www.packpapierverlag.de\/index.php?rest_route=\/wp\/v2\/product"}],"about":[{"href":"https:\/\/www.packpapierverlag.de\/index.php?rest_route=\/wp\/v2\/types\/product"}],"wp:featuredmedia":[{"embeddable":true,"href":"https:\/\/www.packpapierverlag.de\/index.php?rest_route=\/wp\/v2\/media\/2983"}],"wp:attachment":[{"href":"https:\/\/www.packpapierverlag.de\/index.php?rest_route=%2Fwp%2Fv2%2Fmedia&parent=849"}],"wp:term":[{"taxonomy":"product_brand","embeddable":true,"href":"https:\/\/www.packpapierverlag.de\/index.php?rest_route=%2Fwp%2Fv2%2Fproduct_brand&post=849"},{"taxonomy":"product_cat","embeddable":true,"href":"https:\/\/www.packpapierverlag.de\/index.php?rest_route=%2Fwp%2Fv2%2Fproduct_cat&post=849"},{"taxonomy":"product_tag","embeddable":true,"href":"https:\/\/www.packpapierverlag.de\/index.php?rest_route=%2Fwp%2Fv2%2Fproduct_tag&post=849"}],"curies":[{"name":"wp","href":"https:\/\/api.w.org\/{rel}","templated":true}]}}