{"id":850,"date":"2010-12-17T16:02:08","date_gmt":"2010-12-17T15:02:08","guid":{"rendered":"http:\/\/www.packpapierverlag.de\/neu\/?p=850"},"modified":"2017-11-03T19:17:51","modified_gmt":"2017-11-03T18:17:51","slug":"die-organisation-der-autonomen-zellen","status":"publish","type":"product","link":"https:\/\/www.packpapierverlag.de\/?product=die-organisation-der-autonomen-zellen","title":{"rendered":"Die Organisation der autonomen Zellen (v18)"},"content":{"rendered":"<p><a href=\"https:\/\/www.packpapierverlag.de\/wp-content\/uploads\/2010\/12\/Autonome-Zellen.jpg\"><img loading=\"lazy\" decoding=\"async\" class=\"alignleft size-medium wp-image-4395\" title=\"Autonome Zellen\" src=\"https:\/\/www.packpapierverlag.de\/wp-content\/uploads\/2010\/12\/Autonome-Zellen-205x300.jpg\" alt=\"\" width=\"205\" height=\"300\" srcset=\"https:\/\/www.packpapierverlag.de\/wp-content\/uploads\/2010\/12\/Autonome-Zellen-205x300.jpg 205w, https:\/\/www.packpapierverlag.de\/wp-content\/uploads\/2010\/12\/Autonome-Zellen-300x437.jpg 300w, https:\/\/www.packpapierverlag.de\/wp-content\/uploads\/2010\/12\/Autonome-Zellen-702x1024.jpg 702w, https:\/\/www.packpapierverlag.de\/wp-content\/uploads\/2010\/12\/Autonome-Zellen.jpg 1024w\" sizes=\"auto, (max-width: 205px) 100vw, 205px\" \/><\/a><br \/>\n<small style=\"color: #183b3b;\"><big style=\"color: #2d6e6e;\"><span style=\"font-family: Helvetica,Arial,sans-serif; font-weight: bold;\">Die Organisation der autonomen Zellen<\/span><\/big><br style=\"font-family: Helvetica,Arial,sans-serif;\" \/><span style=\"font-family: Helvetica,Arial,sans-serif;\">Heft mit 17 Seiten, DIN A 5. <\/span><br style=\"font-family: Helvetica,Arial,sans-serif;\" \/><span style=\"font-weight: bold; font-family: Helvetica,Arial,sans-serif;\">Inhalt <\/span><span style=\"font-family: Helvetica,Arial,sans-serif;\">(auszugsweise): * 2 Grundprinzipien ideologisch begr\u00fcndeter Organisationsformen: zentralistisch und dezentralistisch * Die Organisationsfrage ist der Frage nach der Funktion unterzuordnen * 4 Kriterien der Effektivit\u00e4t auf die Funktion hin betrachtet:\u00a0 Schnelligkeit, Sicherheit, Steuerbarkeit, Flexibilit\u00e4t * Vergleichbare Organisationen aus Soziologie, Biologie und \u00d6konomie * Gr\u00f6\u00dfte Effektivit\u00e4t bei Systemen mit autonomen Untersystemen, d.h. autonomen Zellen (Inklusive kleiner Kultur\/Systemvergleich UDSSR und China) * Der Aufbau einer politischen Organisation zur Erf\u00fcllung einer revolution\u00e4ren Aufgabe: 3 Informationsebenen: 1.) Ebene der Autonomen Zellen 2.) Ebene der Verbindungsleute 3.) Ebene der Massenkommunikation * Konfidentensystem (inklusive dreier Schaubilder) * Situationismus, politisch arbeiten nach der Regelkreis- Methode * Modelle f\u00fcr eine \u00fcbergreifende Organisation (lokale, regionale und \u00fcberregionale F\u00f6deration)<\/span><\/small><\/p>\n","protected":false},"excerpt":{"rendered":"<p>Die Organisation der autonomen ZellenHeft mit 17 Seiten, DIN A [&hellip;] &hellip; <a href=\"https:\/\/www.packpapierverlag.de\/?product=die-organisation-der-autonomen-zellen\">Weiterlesen <span class=\"meta-nav\">&rarr;<\/span><\/a><\/p>\n","protected":false},"featured_media":4395,"template":"","meta":[],"product_brand":[],"product_cat":[7,3],"product_tag":[],"class_list":{"0":"post-850","1":"product","2":"type-product","3":"status-publish","4":"has-post-thumbnail","6":"product_cat-anarchie-hefte-und-bucher","7":"product_cat-produkte","9":"first","10":"instock","11":"shipping-taxable","12":"purchasable","13":"product-type-simple"},"_links":{"self":[{"href":"https:\/\/www.packpapierverlag.de\/index.php?rest_route=\/wp\/v2\/product\/850","targetHints":{"allow":["GET"]}}],"collection":[{"href":"https:\/\/www.packpapierverlag.de\/index.php?rest_route=\/wp\/v2\/product"}],"about":[{"href":"https:\/\/www.packpapierverlag.de\/index.php?rest_route=\/wp\/v2\/types\/product"}],"wp:featuredmedia":[{"embeddable":true,"href":"https:\/\/www.packpapierverlag.de\/index.php?rest_route=\/wp\/v2\/media\/4395"}],"wp:attachment":[{"href":"https:\/\/www.packpapierverlag.de\/index.php?rest_route=%2Fwp%2Fv2%2Fmedia&parent=850"}],"wp:term":[{"taxonomy":"product_brand","embeddable":true,"href":"https:\/\/www.packpapierverlag.de\/index.php?rest_route=%2Fwp%2Fv2%2Fproduct_brand&post=850"},{"taxonomy":"product_cat","embeddable":true,"href":"https:\/\/www.packpapierverlag.de\/index.php?rest_route=%2Fwp%2Fv2%2Fproduct_cat&post=850"},{"taxonomy":"product_tag","embeddable":true,"href":"https:\/\/www.packpapierverlag.de\/index.php?rest_route=%2Fwp%2Fv2%2Fproduct_tag&post=850"}],"curies":[{"name":"wp","href":"https:\/\/api.w.org\/{rel}","templated":true}]}}

<p><a href="https://www.packpapierverlag.de/wp-content/uploads/2010/12/Autonome-Zellen.jpg"><img loading="lazy" decoding="async" class="alignleft size-medium wp-image-4395" title="Autonome Zellen" src="https://www.packpapierverlag.de/wp-content/uploads/2010/12/Autonome-Zellen-205x300.jpg" alt="" width="205" height="300" srcset="https://www.packpapierverlag.de/wp-content/uploads/2010/12/Autonome-Zellen-205x300.jpg 205w, https://www.packpapierverlag.de/wp-content/uploads/2010/12/Autonome-Zellen-300x437.jpg 300w, https://www.packpapierverlag.de/wp-content/uploads/2010/12/Autonome-Zellen-702x1024.jpg 702w, https://www.packpapierverlag.de/wp-content/uploads/2010/12/Autonome-Zellen.jpg 1024w" sizes="auto, (max-width: 205px) 100vw, 205px" /></a><br />
<small style="color: #183b3b;"><big style="color: #2d6e6e;"><span style="font-family: Helvetica,Arial,sans-serif; font-weight: bold;">Die Organisation der autonomen Zellen</span></big><br style="font-family: Helvetica,Arial,sans-serif;" /><span style="font-family: Helvetica,Arial,sans-serif;">Heft mit 17 Seiten, DIN A 5. </span><br style="font-family: Helvetica,Arial,sans-serif;" /><span style="font-weight: bold; font-family: Helvetica,Arial,sans-serif;">Inhalt </span><span style="font-family: Helvetica,Arial,sans-serif;">(auszugsweise): * 2 Grundprinzipien ideologisch begründeter Organisationsformen: zentralistisch und dezentralistisch * Die Organisationsfrage ist der Frage nach der Funktion unterzuordnen * 4 Kriterien der Effektivität auf die Funktion hin betrachtet:  Schnelligkeit, Sicherheit, Steuerbarkeit, Flexibilität * Vergleichbare Organisationen aus Soziologie, Biologie und Ökonomie * Größte Effektivität bei Systemen mit autonomen Untersystemen, d.h. autonomen Zellen (Inklusive kleiner Kultur/Systemvergleich UDSSR und China) * Der Aufbau einer politischen Organisation zur Erfüllung einer revolutionären Aufgabe: 3 Informationsebenen: 1.) Ebene der Autonomen Zellen 2.) Ebene der Verbindungsleute 3.) Ebene der Massenkommunikation * Konfidentensystem (inklusive dreier Schaubilder) * Situationismus, politisch arbeiten nach der Regelkreis- Methode * Modelle für eine übergreifende Organisation (lokale, regionale und überregionale Föderation)</span></small></p>
