{"id":8502,"date":"2018-06-15T17:44:02","date_gmt":"2018-06-15T15:44:02","guid":{"rendered":"http:\/\/www.packpapierverlag.de\/?post_type=product&#038;p=8502"},"modified":"2022-03-05T12:59:37","modified_gmt":"2022-03-05T11:59:37","slug":"aufnaeher-seifenblasen-zu-sternen-bs","status":"publish","type":"product","link":"https:\/\/www.packpapierverlag.de\/?product=aufnaeher-seifenblasen-zu-sternen-bs","title":{"rendered":"Aufn\u00e4her Seifenblasen zu Sternen ! k157"},"content":{"rendered":"<p><a href=\"https:\/\/www.packpapierverlag.de\/wp-content\/uploads\/2018\/06\/Aufn\u00e4her-Seifenblasensterne-blau.jpg\" rel=\"attachment wp-att-8500\"><img loading=\"lazy\" decoding=\"async\" class=\"size-medium wp-image-8500 alignleft\" src=\"https:\/\/www.packpapierverlag.de\/wp-content\/uploads\/2018\/06\/Aufn\u00e4her-Seifenblasensterne-blau-300x166.jpg\" alt=\"Aufn\u00e4her Seifenblasensterne blau\" width=\"300\" height=\"166\" srcset=\"https:\/\/www.packpapierverlag.de\/wp-content\/uploads\/2018\/06\/Aufn\u00e4her-Seifenblasensterne-blau-300x166.jpg 300w, https:\/\/www.packpapierverlag.de\/wp-content\/uploads\/2018\/06\/Aufn\u00e4her-Seifenblasensterne-blau-768x425.jpg 768w, https:\/\/www.packpapierverlag.de\/wp-content\/uploads\/2018\/06\/Aufn\u00e4her-Seifenblasensterne-blau.jpg 1024w\" sizes=\"auto, (max-width: 300px) 100vw, 300px\" \/><\/a>Stoffaufn\u00e4her, Siebdruck von Martin<\/p>\n<p>Seifenblasen zu Sternen!<\/p>\n<p>Motivma\u00dfe ca. 8\u00d711 cm<\/p>\n","protected":false},"excerpt":{"rendered":"<p>Stoffaufn\u00e4her, Siebdruck von Martin Seifenblasen zu Sternen! Motivma\u00dfe ca. 8\u00d711 [&hellip;] &hellip; <a href=\"https:\/\/www.packpapierverlag.de\/?product=aufnaeher-seifenblasen-zu-sternen-bs\">Weiterlesen <span class=\"meta-nav\">&rarr;<\/span><\/a><\/p>\n","protected":false},"featured_media":8500,"template":"","meta":[],"product_brand":[],"product_cat":[8,3],"product_tag":[],"class_list":{"0":"post-8502","1":"product","2":"type-product","3":"status-publish","4":"has-post-thumbnail","6":"product_cat-aufkleber-sticker-aufnaher","7":"product_cat-produkte","9":"first","10":"instock","11":"shipping-taxable","12":"purchasable","13":"product-type-simple"},"_links":{"self":[{"href":"https:\/\/www.packpapierverlag.de\/index.php?rest_route=\/wp\/v2\/product\/8502","targetHints":{"allow":["GET"]}}],"collection":[{"href":"https:\/\/www.packpapierverlag.de\/index.php?rest_route=\/wp\/v2\/product"}],"about":[{"href":"https:\/\/www.packpapierverlag.de\/index.php?rest_route=\/wp\/v2\/types\/product"}],"wp:featuredmedia":[{"embeddable":true,"href":"https:\/\/www.packpapierverlag.de\/index.php?rest_route=\/wp\/v2\/media\/8500"}],"wp:attachment":[{"href":"https:\/\/www.packpapierverlag.de\/index.php?rest_route=%2Fwp%2Fv2%2Fmedia&parent=8502"}],"wp:term":[{"taxonomy":"product_brand","embeddable":true,"href":"https:\/\/www.packpapierverlag.de\/index.php?rest_route=%2Fwp%2Fv2%2Fproduct_brand&post=8502"},{"taxonomy":"product_cat","embeddable":true,"href":"https:\/\/www.packpapierverlag.de\/index.php?rest_route=%2Fwp%2Fv2%2Fproduct_cat&post=8502"},{"taxonomy":"product_tag","embeddable":true,"href":"https:\/\/www.packpapierverlag.de\/index.php?rest_route=%2Fwp%2Fv2%2Fproduct_tag&post=8502"}],"curies":[{"name":"wp","href":"https:\/\/api.w.org\/{rel}","templated":true}]}}

Aufnäher Seifenblasen zu Sternen ! k157

<p><a href="https://www.packpapierverlag.de/wp-content/uploads/2018/06/Aufnäher-Seifenblasensterne-blau.jpg" rel="attachment wp-att-8500"><img loading="lazy" decoding="async" class="size-medium wp-image-8500 alignleft" src="https://www.packpapierverlag.de/wp-content/uploads/2018/06/Aufnäher-Seifenblasensterne-blau-300x166.jpg" alt="Aufnäher Seifenblasensterne blau" width="300" height="166" srcset="https://www.packpapierverlag.de/wp-content/uploads/2018/06/Aufnäher-Seifenblasensterne-blau-300x166.jpg 300w, https://www.packpapierverlag.de/wp-content/uploads/2018/06/Aufnäher-Seifenblasensterne-blau-768x425.jpg 768w, https://www.packpapierverlag.de/wp-content/uploads/2018/06/Aufnäher-Seifenblasensterne-blau.jpg 1024w" sizes="auto, (max-width: 300px) 100vw, 300px" /></a>Stoffaufnäher, Siebdruck von Martin</p>
<p>Seifenblasen zu Sternen!</p>
<p>Motivmaße ca. 8×11 cm</p>

<p>Stoffaufnäher, Siebdruck von Martin Seifenblasen zu Sternen! Motivmaße ca. 8×11 [&hellip;] &hellip; <a href="https://www.packpapierverlag.de/?product=aufnaeher-seifenblasen-zu-sternen-bs">Weiterlesen <span class="meta-nav">&rarr;</span></a></p>
