{"id":868,"date":"2010-12-17T16:04:56","date_gmt":"2010-12-17T15:04:56","guid":{"rendered":"http:\/\/www.packpapierverlag.de\/neu\/?p=868"},"modified":"2022-01-16T11:32:59","modified_gmt":"2022-01-16T10:32:59","slug":"dada-siegt","status":"publish","type":"product","link":"https:\/\/www.packpapierverlag.de\/?product=dada-siegt","title":{"rendered":"Huelsenbeck: DADA siegt! 3,50\u20ac (w59)"},"content":{"rendered":"<p><a href=\"https:\/\/www.packpapierverlag.de\/wp-content\/uploads\/2010\/12\/Dada-siegt.jpg\"><img loading=\"lazy\" decoding=\"async\" class=\"alignleft size-medium wp-image-4408\" title=\"Dada siegt\" src=\"https:\/\/www.packpapierverlag.de\/wp-content\/uploads\/2010\/12\/Dada-siegt-204x300.jpg\" alt=\"\" width=\"204\" height=\"300\" srcset=\"https:\/\/www.packpapierverlag.de\/wp-content\/uploads\/2010\/12\/Dada-siegt-204x300.jpg 204w, https:\/\/www.packpapierverlag.de\/wp-content\/uploads\/2010\/12\/Dada-siegt-300x440.jpg 300w, https:\/\/www.packpapierverlag.de\/wp-content\/uploads\/2010\/12\/Dada-siegt-698x1024.jpg 698w, https:\/\/www.packpapierverlag.de\/wp-content\/uploads\/2010\/12\/Dada-siegt.jpg 1024w\" sizes=\"auto, (max-width: 204px) 100vw, 204px\" \/><\/a><small style=\"color: #264f4f;\"><big style=\"color: #306464;\"><span style=\"font-family: Helvetica,Arial,sans-serif; font-weight: bold;\">Richard Huelsenbeck : DADA siegt. Eine Bilanz des Dadaismus<\/span><\/big><\/small><\/p>\n<p><small style=\"color: #264f4f;\"><big style=\"color: #306464;\"><span style=\"font-family: Helvetica,Arial,sans-serif; font-weight: bold;\"><small>Brosch\u00fcre mit 48 Seiten, DIN A 5. Antiquarisch, 3,50 (w59).<br \/>\n<\/small><\/span><\/big><span style=\"font-family: Helvetica,Arial,sans-serif;\">DADanarchistische Reprints 1983, nach der Originalausgabe im Malik- Verlag, Berlin 1920. Mit einer kurzen Biographie Huelsenbecks.<\/span><br style=\"font-family: Helvetica,Arial,sans-serif;\" \/><span style=\"font-family: Helvetica,Arial,sans-serif;\">Hier erh\u00e4lt der dadaistisch und kunstpolitisch interessierte Mensch einen Einblick in die franz\u00f6sische, schweizerische, berlinische,&#8230; europ\u00e4ische DADA- Szene, darf sich \u00fcber Anekdoten, Bild- und Vortrags- Analysen und Statements freuen, erkennt die Bedeutung Picassos f\u00fcr die Bewegung und den (negativen) Stellenwert von Waldens \u201eSturm\u201c- Abenden, darf miterleben, wie DADA aufw\u00e4chst, bl\u00fcht und- nat\u00fcrlich- siegt. <\/span><span style=\"font-family: Helvetica,Arial,sans-serif;\">\u201eWas ist dada? Eine Kunst? Eine Philosophie? Eine Politik? Eine Feuerversicherung? Oder: Staatsreligion? Ist dada wirkliche Energie? Oder ist es Garnichts, d.h. Alles?\u201c<\/span><\/small><\/p>\n","protected":false},"excerpt":{"rendered":"<p>Richard Huelsenbeck : DADA siegt. Eine Bilanz des Dadaismus Brosch\u00fcre [&hellip;] &hellip; <a href=\"https:\/\/www.packpapierverlag.de\/?product=dada-siegt\">Weiterlesen <span class=\"meta-nav\">&rarr;<\/span><\/a><\/p>\n","protected":false},"featured_media":4408,"template":"","meta":[],"product_brand":[],"product_cat":[7,18,3],"product_tag":[],"class_list":{"0":"post-868","1":"product","2":"type-product","3":"status-publish","4":"has-post-thumbnail","6":"product_cat-anarchie-hefte-und-bucher","7":"product_cat-literatur","8":"product_cat-produkte","10":"first","11":"instock","12":"shipping-taxable","13":"purchasable","14":"product-type-simple"},"_links":{"self":[{"href":"https:\/\/www.packpapierverlag.de\/index.php?rest_route=\/wp\/v2\/product\/868","targetHints":{"allow":["GET"]}}],"collection":[{"href":"https:\/\/www.packpapierverlag.de\/index.php?rest_route=\/wp\/v2\/product"}],"about":[{"href":"https:\/\/www.packpapierverlag.de\/index.php?rest_route=\/wp\/v2\/types\/product"}],"wp:featuredmedia":[{"embeddable":true,"href":"https:\/\/www.packpapierverlag.de\/index.php?rest_route=\/wp\/v2\/media\/4408"}],"wp:attachment":[{"href":"https:\/\/www.packpapierverlag.de\/index.php?rest_route=%2Fwp%2Fv2%2Fmedia&parent=868"}],"wp:term":[{"taxonomy":"product_brand","embeddable":true,"href":"https:\/\/www.packpapierverlag.de\/index.php?rest_route=%2Fwp%2Fv2%2Fproduct_brand&post=868"},{"taxonomy":"product_cat","embeddable":true,"href":"https:\/\/www.packpapierverlag.de\/index.php?rest_route=%2Fwp%2Fv2%2Fproduct_cat&post=868"},{"taxonomy":"product_tag","embeddable":true,"href":"https:\/\/www.packpapierverlag.de\/index.php?rest_route=%2Fwp%2Fv2%2Fproduct_tag&post=868"}],"curies":[{"name":"wp","href":"https:\/\/api.w.org\/{rel}","templated":true}]}}

<p><a href="https://www.packpapierverlag.de/wp-content/uploads/2010/12/Dada-siegt.jpg"><img loading="lazy" decoding="async" class="alignleft size-medium wp-image-4408" title="Dada siegt" src="https://www.packpapierverlag.de/wp-content/uploads/2010/12/Dada-siegt-204x300.jpg" alt="" width="204" height="300" srcset="https://www.packpapierverlag.de/wp-content/uploads/2010/12/Dada-siegt-204x300.jpg 204w, https://www.packpapierverlag.de/wp-content/uploads/2010/12/Dada-siegt-300x440.jpg 300w, https://www.packpapierverlag.de/wp-content/uploads/2010/12/Dada-siegt-698x1024.jpg 698w, https://www.packpapierverlag.de/wp-content/uploads/2010/12/Dada-siegt.jpg 1024w" sizes="auto, (max-width: 204px) 100vw, 204px" /></a><small style="color: #264f4f;"><big style="color: #306464;"><span style="font-family: Helvetica,Arial,sans-serif; font-weight: bold;">Richard Huelsenbeck : DADA siegt. Eine Bilanz des Dadaismus</span></big></small></p>
<p><small style="color: #264f4f;"><big style="color: #306464;"><span style="font-family: Helvetica,Arial,sans-serif; font-weight: bold;"><small>Broschüre mit 48 Seiten, DIN A 5. Antiquarisch, 3,50 (w59).<br />
</small></span></big><span style="font-family: Helvetica,Arial,sans-serif;">DADanarchistische Reprints 1983, nach der Originalausgabe im Malik- Verlag, Berlin 1920. Mit einer kurzen Biographie Huelsenbecks.</span><br style="font-family: Helvetica,Arial,sans-serif;" /><span style="font-family: Helvetica,Arial,sans-serif;">Hier erhält der dadaistisch und kunstpolitisch interessierte Mensch einen Einblick in die französische, schweizerische, berlinische,&#8230; europäische DADA- Szene, darf sich über Anekdoten, Bild- und Vortrags- Analysen und Statements freuen, erkennt die Bedeutung Picassos für die Bewegung und den (negativen) Stellenwert von Waldens „Sturm“- Abenden, darf miterleben, wie DADA aufwächst, blüht und- natürlich- siegt. </span><span style="font-family: Helvetica,Arial,sans-serif;">„Was ist dada? Eine Kunst? Eine Philosophie? Eine Politik? Eine Feuerversicherung? Oder: Staatsreligion? Ist dada wirkliche Energie? Oder ist es Garnichts, d.h. Alles?“</span></small></p>

<p>Richard Huelsenbeck : DADA siegt. Eine Bilanz des Dadaismus Broschüre [&hellip;] &hellip; <a href="https://www.packpapierverlag.de/?product=dada-siegt">Weiterlesen <span class="meta-nav">&rarr;</span></a></p>
