{"id":870,"date":"2010-12-17T16:05:45","date_gmt":"2010-12-17T15:05:45","guid":{"rendered":"http:\/\/www.packpapierverlag.de\/neu\/?p=870"},"modified":"2017-05-08T12:56:34","modified_gmt":"2017-05-08T10:56:34","slug":"dutschke-bibliografie-des-sozialismus","status":"publish","type":"product","link":"https:\/\/www.packpapierverlag.de\/?product=dutschke-bibliografie-des-sozialismus","title":{"rendered":"Rudi Dutschke: Bibliografie des Sozialismus (v40)"},"content":{"rendered":"<p><a href=\"https:\/\/www.packpapierverlag.de\/wp-content\/uploads\/2010\/12\/Dutschke-Soz.jpg\"><img loading=\"lazy\" decoding=\"async\" class=\"alignleft size-medium wp-image-4413\" title=\"Dutschke Soz\" src=\"https:\/\/www.packpapierverlag.de\/wp-content\/uploads\/2010\/12\/Dutschke-Soz-201x300.jpg\" alt=\"\" width=\"201\" height=\"300\" srcset=\"https:\/\/www.packpapierverlag.de\/wp-content\/uploads\/2010\/12\/Dutschke-Soz-201x300.jpg 201w, https:\/\/www.packpapierverlag.de\/wp-content\/uploads\/2010\/12\/Dutschke-Soz-300x446.jpg 300w, https:\/\/www.packpapierverlag.de\/wp-content\/uploads\/2010\/12\/Dutschke-Soz-688x1024.jpg 688w, https:\/\/www.packpapierverlag.de\/wp-content\/uploads\/2010\/12\/Dutschke-Soz.jpg 1024w\" sizes=\"auto, (max-width: 201px) 100vw, 201px\" \/><\/a><small style=\"color: #2e3656;\"><big style=\"font-weight: bold; color: #3f456c;\"><span style=\"font-family: Helvetica,Arial,sans-serif;\">Rudi Dutschke: Zur Literatur des revolution\u00e4ren Sozialismus.Von Karl Marx bis in die Gegenwart.<\/span><\/big><br style=\"font-family: Helvetica,Arial,sans-serif;\" \/><span style=\"font-family: Helvetica,Arial,sans-serif;\">Aus der SDS- Korrespondenz. Sondernummer 196. Nachgedruckt auf Umweltpapier. 20 Seiten DIN A 5.<\/span><br style=\"font-family: Helvetica,Arial,sans-serif;\" \/><span style=\"font-family: Helvetica,Arial,sans-serif;\">Rudi Dutschke gibt hier eine kurze und umfassende Geschichte der sozialistischen Literatur. Da er kein Marxist sondern Antiautorit\u00e4rer war, verschweigt er auch nicht die libert\u00e4ren und anarchistischen Str\u00f6mungen. Von den ersten Utopisten (u.a. Weidling, Proudhon) und Fr\u00fchsozialisten bis zu den Theoretikern der antikolonialen Revolution (u.a. Fanon, Mao, Ch\u00e9) und des Neokapitalismus (u.a. Mandel, Sweezy). Nat\u00fcrlich finden auch Marx und Engels ihre Erw\u00e4hnung.<\/span><br style=\"font-family: Helvetica,Arial,sans-serif;\" \/><\/small><\/p>\n","protected":false},"excerpt":{"rendered":"<p>Rudi Dutschke: Zur Literatur des revolution\u00e4ren Sozialismus.Von Karl Marx bis [&hellip;] &hellip; <a href=\"https:\/\/www.packpapierverlag.de\/?product=dutschke-bibliografie-des-sozialismus\">Weiterlesen <span class=\"meta-nav\">&rarr;<\/span><\/a><\/p>\n","protected":false},"featured_media":4413,"template":"","meta":[],"product_brand":[],"product_cat":[7,3],"product_tag":[],"class_list":{"0":"post-870","1":"product","2":"type-product","3":"status-publish","4":"has-post-thumbnail","6":"product_cat-anarchie-hefte-und-bucher","7":"product_cat-produkte","9":"first","10":"instock","11":"shipping-taxable","12":"purchasable","13":"product-type-simple"},"_links":{"self":[{"href":"https:\/\/www.packpapierverlag.de\/index.php?rest_route=\/wp\/v2\/product\/870","targetHints":{"allow":["GET"]}}],"collection":[{"href":"https:\/\/www.packpapierverlag.de\/index.php?rest_route=\/wp\/v2\/product"}],"about":[{"href":"https:\/\/www.packpapierverlag.de\/index.php?rest_route=\/wp\/v2\/types\/product"}],"wp:featuredmedia":[{"embeddable":true,"href":"https:\/\/www.packpapierverlag.de\/index.php?rest_route=\/wp\/v2\/media\/4413"}],"wp:attachment":[{"href":"https:\/\/www.packpapierverlag.de\/index.php?rest_route=%2Fwp%2Fv2%2Fmedia&parent=870"}],"wp:term":[{"taxonomy":"product_brand","embeddable":true,"href":"https:\/\/www.packpapierverlag.de\/index.php?rest_route=%2Fwp%2Fv2%2Fproduct_brand&post=870"},{"taxonomy":"product_cat","embeddable":true,"href":"https:\/\/www.packpapierverlag.de\/index.php?rest_route=%2Fwp%2Fv2%2Fproduct_cat&post=870"},{"taxonomy":"product_tag","embeddable":true,"href":"https:\/\/www.packpapierverlag.de\/index.php?rest_route=%2Fwp%2Fv2%2Fproduct_tag&post=870"}],"curies":[{"name":"wp","href":"https:\/\/api.w.org\/{rel}","templated":true}]}}

<p><a href="https://www.packpapierverlag.de/wp-content/uploads/2010/12/Dutschke-Soz.jpg"><img loading="lazy" decoding="async" class="alignleft size-medium wp-image-4413" title="Dutschke Soz" src="https://www.packpapierverlag.de/wp-content/uploads/2010/12/Dutschke-Soz-201x300.jpg" alt="" width="201" height="300" srcset="https://www.packpapierverlag.de/wp-content/uploads/2010/12/Dutschke-Soz-201x300.jpg 201w, https://www.packpapierverlag.de/wp-content/uploads/2010/12/Dutschke-Soz-300x446.jpg 300w, https://www.packpapierverlag.de/wp-content/uploads/2010/12/Dutschke-Soz-688x1024.jpg 688w, https://www.packpapierverlag.de/wp-content/uploads/2010/12/Dutschke-Soz.jpg 1024w" sizes="auto, (max-width: 201px) 100vw, 201px" /></a><small style="color: #2e3656;"><big style="font-weight: bold; color: #3f456c;"><span style="font-family: Helvetica,Arial,sans-serif;">Rudi Dutschke: Zur Literatur des revolutionären Sozialismus.Von Karl Marx bis in die Gegenwart.</span></big><br style="font-family: Helvetica,Arial,sans-serif;" /><span style="font-family: Helvetica,Arial,sans-serif;">Aus der SDS- Korrespondenz. Sondernummer 196. Nachgedruckt auf Umweltpapier. 20 Seiten DIN A 5.</span><br style="font-family: Helvetica,Arial,sans-serif;" /><span style="font-family: Helvetica,Arial,sans-serif;">Rudi Dutschke gibt hier eine kurze und umfassende Geschichte der sozialistischen Literatur. Da er kein Marxist sondern Antiautoritärer war, verschweigt er auch nicht die libertären und anarchistischen Strömungen. Von den ersten Utopisten (u.a. Weidling, Proudhon) und Frühsozialisten bis zu den Theoretikern der antikolonialen Revolution (u.a. Fanon, Mao, Ché) und des Neokapitalismus (u.a. Mandel, Sweezy). Natürlich finden auch Marx und Engels ihre Erwähnung.</span><br style="font-family: Helvetica,Arial,sans-serif;" /></small></p>

<p>Rudi Dutschke: Zur Literatur des revolutionären Sozialismus.Von Karl Marx bis [&hellip;] &hellip; <a href="https://www.packpapierverlag.de/?product=dutschke-bibliografie-des-sozialismus">Weiterlesen <span class="meta-nav">&rarr;</span></a></p>
