{"id":910,"date":"2010-12-17T16:12:20","date_gmt":"2010-12-17T15:12:20","guid":{"rendered":"http:\/\/www.packpapierverlag.de\/neu\/?p=910"},"modified":"2017-05-05T10:31:53","modified_gmt":"2017-05-05T08:31:53","slug":"le-vipere-absentismus-die-kunst-des-krankfeierns","status":"publish","type":"product","link":"https:\/\/www.packpapierverlag.de\/?product=le-vipere-absentismus-die-kunst-des-krankfeierns","title":{"rendered":"Le Vipre: Absenteismus die Kunst des Krankfeierns (e43)"},"content":{"rendered":"<p><a href=\"https:\/\/www.packpapierverlag.de\/wp-content\/uploads\/2010\/12\/Absenteismus.jpg\"><img loading=\"lazy\" decoding=\"async\" class=\"alignleft size-medium wp-image-4391\" title=\"Absenteismus\" src=\"https:\/\/www.packpapierverlag.de\/wp-content\/uploads\/2010\/12\/Absenteismus-207x300.jpg\" alt=\"\" width=\"207\" height=\"300\" srcset=\"https:\/\/www.packpapierverlag.de\/wp-content\/uploads\/2010\/12\/Absenteismus-207x300.jpg 207w, https:\/\/www.packpapierverlag.de\/wp-content\/uploads\/2010\/12\/Absenteismus-300x434.jpg 300w, https:\/\/www.packpapierverlag.de\/wp-content\/uploads\/2010\/12\/Absenteismus-708x1024.jpg 708w, https:\/\/www.packpapierverlag.de\/wp-content\/uploads\/2010\/12\/Absenteismus.jpg 1024w\" sizes=\"auto, (max-width: 207px) 100vw, 207px\" \/><\/a><br \/>\n<span style=\"font-weight: bold; color: #296363; font-family: Helvetica,Arial,sans-serif;\">Le Vipre: Absenteismus. Die Kunst des Krankfeierns.<\/span><small style=\"color: #0a1818; font-family: Helvetica,Arial,sans-serif;\"><br \/>\nIns Deutsche \u00fcbersetzt nach der italienischen Originalausgabe Manuale dell` Assenteista (1978). Heft mit 96 Seiten.<br \/>\nAbsentismus (Assenteismo), von ital. assente- abwesend, assenza-Abwesenheit, essere assente \u2013 fehlen, vers\u00e4umen: Krankfeiern, Blaumachen, sich so viel und so oft wie m\u00f6glich arbeitsfreie Zeit auch und gerade dann zu verschaffen, wenn man gesund genug ist, diese Zeit f\u00fcr sich selbst n\u00fctzlich oder lustvoll verwenden zu k\u00f6nnen; moderne Form der Sabotage und der Direkten Aktion der Arbeitenden im bewu\u00dften oder unbewu\u00dften Kampf gegen die Lohnarbeit.<br \/>\n<span style=\"font-weight: bold;\">Vorwort des \u00dcbersetzers: <\/span>Diese Schrift ist kein Rezeptbuch, keine Gebrauchsanleitung zum Krankfeiern, die nur noch schematisch befolgt werden m\u00fc\u00dfte &#8211; was auch \u00fcberfl\u00fcssig w\u00e4re, denn die meisten Arbeiter wissen recht gut, wie sie sich der stumpfsinnigen Zeitvergeudung in der Fabrik entziehen k\u00f6nnen. Ihre Bedeutung liegt vielmehr in ihrer Methode einer zusammenh\u00e4ngenden Untersuchung der gesellschaftlichen Bedingungen, unter denen sich absenteistische Praxis entwickelt &#8211; der Entwicklung der Arbeiterk\u00e4mpfe, der Strategien des Kapitals, der Krankenkassen, der Gewerkschaften -und der geschichtlichen Erfahrung der italienischen Klassenk\u00e4mpfe von der Mitte der sechziger Jahre bis heute, die ihren Hintergrund bildet. Die Situation der italienischen Arbeiter unterscheidet sich in vielen Einzelheiten zu sehr von der in Deutschland, als da\u00df ihre Erfahrungen und die daraus gezogenen Konsequenzen einfach \u00fcbertragbar w\u00e4ren. Vielmehr geht es uns bei der Herausgabe der \u00dcbersetzung darum, diese Erfahrungen und Konsequenzen erst einmal in deutscher Sprache zug\u00e4nglich zu machen &#8211; Schlu\u00dffolgerungen daraus und ihre praktische Anwendung bleiben Sache der fortgesetzten Erprobung und Weiterentwicklung durch alle praktizierenden Absenteisten selbst. \u2013 B\u00fccher k\u00f6nnen zur radikalen G\u00e4rung beitragen; doch ein Wissen dar\u00fcber, was zu tun ist, kann nur im praktischen Kampf entstehen, in der konkreten Entscheidung.<br \/>\n<span style=\"font-weight: bold;\">Inhalt:<\/span> *<br \/>\nDie Wahl des Arztes * Die Wahl der Krankheit * Einige Handwerkstricks, Beispiele * Die Kontrolluntersuchung (Vertrauens\u00e4rztliche Untersuchung) * Die Arbeiter und die Medizin der herrschenden Klasse * Der Absenteismus ist eine Form des Kampfes * Die Periode von 1967 bis 1970 * 1973 * Die Strategie der INAM 1976 bis 1977* Praktische Schemata * Absenteismus und Arbeitszeitverk\u00fcrzung * Der proletarische Gebrauch des Absenteismus * <span style=\"font-weight: bold;\">Anhang: <\/span>* Instrumente und Strategien, die der Staat ans Werk setzt, um das Krankfeiern zu bek\u00e4mpfen * Der Gebrauch der Teilzeitarbeit oder Gelegenheitsarbeit und der Mobilit\u00e4t au\u00dferhalb der Fabrik gegen den Absenteismus: Der Fall Frankreich \/\u00a0 Italien: Die gegenw\u00e4rtige Situation * Unverh\u00fcllt repressive Ma\u00dfnahmen * Die Neuorganisation der Arbeit * Anhang zur deutschen Ausgabe: Perspektive: Abschaffung der Lohnarbeit * Notizen der Herausgeber:\u00a0Aslan Grimson: Zur j\u00fcngsten Entwicklung der italienischen Klassenk\u00e4mpfe * Ida Igel: Streik und Absenteismus * Anmerkungen des \u00dcbersetzers\/ Erl\u00e4uterungen<br \/>\n<\/small><\/p>\n","protected":false},"excerpt":{"rendered":"<p>Le Vipre: Absenteismus. Die Kunst des Krankfeierns. Ins Deutsche \u00fcbersetzt [&hellip;] &hellip; <a href=\"https:\/\/www.packpapierverlag.de\/?product=le-vipere-absentismus-die-kunst-des-krankfeierns\">Weiterlesen <span class=\"meta-nav\">&rarr;<\/span><\/a><\/p>\n","protected":false},"featured_media":4391,"template":"","meta":[],"product_brand":[],"product_cat":[7,9,3],"product_tag":[],"class_list":{"0":"post-910","1":"product","2":"type-product","3":"status-publish","4":"has-post-thumbnail","6":"product_cat-anarchie-hefte-und-bucher","7":"product_cat-bewegung-widerstand","8":"product_cat-produkte","10":"first","11":"instock","12":"shipping-taxable","13":"purchasable","14":"product-type-simple"},"_links":{"self":[{"href":"https:\/\/www.packpapierverlag.de\/index.php?rest_route=\/wp\/v2\/product\/910","targetHints":{"allow":["GET"]}}],"collection":[{"href":"https:\/\/www.packpapierverlag.de\/index.php?rest_route=\/wp\/v2\/product"}],"about":[{"href":"https:\/\/www.packpapierverlag.de\/index.php?rest_route=\/wp\/v2\/types\/product"}],"wp:featuredmedia":[{"embeddable":true,"href":"https:\/\/www.packpapierverlag.de\/index.php?rest_route=\/wp\/v2\/media\/4391"}],"wp:attachment":[{"href":"https:\/\/www.packpapierverlag.de\/index.php?rest_route=%2Fwp%2Fv2%2Fmedia&parent=910"}],"wp:term":[{"taxonomy":"product_brand","embeddable":true,"href":"https:\/\/www.packpapierverlag.de\/index.php?rest_route=%2Fwp%2Fv2%2Fproduct_brand&post=910"},{"taxonomy":"product_cat","embeddable":true,"href":"https:\/\/www.packpapierverlag.de\/index.php?rest_route=%2Fwp%2Fv2%2Fproduct_cat&post=910"},{"taxonomy":"product_tag","embeddable":true,"href":"https:\/\/www.packpapierverlag.de\/index.php?rest_route=%2Fwp%2Fv2%2Fproduct_tag&post=910"}],"curies":[{"name":"wp","href":"https:\/\/api.w.org\/{rel}","templated":true}]}}

<p><a href="https://www.packpapierverlag.de/wp-content/uploads/2010/12/Absenteismus.jpg"><img loading="lazy" decoding="async" class="alignleft size-medium wp-image-4391" title="Absenteismus" src="https://www.packpapierverlag.de/wp-content/uploads/2010/12/Absenteismus-207x300.jpg" alt="" width="207" height="300" srcset="https://www.packpapierverlag.de/wp-content/uploads/2010/12/Absenteismus-207x300.jpg 207w, https://www.packpapierverlag.de/wp-content/uploads/2010/12/Absenteismus-300x434.jpg 300w, https://www.packpapierverlag.de/wp-content/uploads/2010/12/Absenteismus-708x1024.jpg 708w, https://www.packpapierverlag.de/wp-content/uploads/2010/12/Absenteismus.jpg 1024w" sizes="auto, (max-width: 207px) 100vw, 207px" /></a><br />
<span style="font-weight: bold; color: #296363; font-family: Helvetica,Arial,sans-serif;">Le Vipre: Absenteismus. Die Kunst des Krankfeierns.</span><small style="color: #0a1818; font-family: Helvetica,Arial,sans-serif;"><br />
Ins Deutsche übersetzt nach der italienischen Originalausgabe Manuale dell` Assenteista (1978). Heft mit 96 Seiten.<br />
Absentismus (Assenteismo), von ital. assente- abwesend, assenza-Abwesenheit, essere assente – fehlen, versäumen: Krankfeiern, Blaumachen, sich so viel und so oft wie möglich arbeitsfreie Zeit auch und gerade dann zu verschaffen, wenn man gesund genug ist, diese Zeit für sich selbst nützlich oder lustvoll verwenden zu können; moderne Form der Sabotage und der Direkten Aktion der Arbeitenden im bewußten oder unbewußten Kampf gegen die Lohnarbeit.<br />
<span style="font-weight: bold;">Vorwort des Übersetzers: </span>Diese Schrift ist kein Rezeptbuch, keine Gebrauchsanleitung zum Krankfeiern, die nur noch schematisch befolgt werden müßte &#8211; was auch überflüssig wäre, denn die meisten Arbeiter wissen recht gut, wie sie sich der stumpfsinnigen Zeitvergeudung in der Fabrik entziehen können. Ihre Bedeutung liegt vielmehr in ihrer Methode einer zusammenhängenden Untersuchung der gesellschaftlichen Bedingungen, unter denen sich absenteistische Praxis entwickelt &#8211; der Entwicklung der Arbeiterkämpfe, der Strategien des Kapitals, der Krankenkassen, der Gewerkschaften -und der geschichtlichen Erfahrung der italienischen Klassenkämpfe von der Mitte der sechziger Jahre bis heute, die ihren Hintergrund bildet. Die Situation der italienischen Arbeiter unterscheidet sich in vielen Einzelheiten zu sehr von der in Deutschland, als daß ihre Erfahrungen und die daraus gezogenen Konsequenzen einfach übertragbar wären. Vielmehr geht es uns bei der Herausgabe der Übersetzung darum, diese Erfahrungen und Konsequenzen erst einmal in deutscher Sprache zugänglich zu machen &#8211; Schlußfolgerungen daraus und ihre praktische Anwendung bleiben Sache der fortgesetzten Erprobung und Weiterentwicklung durch alle praktizierenden Absenteisten selbst. – Bücher können zur radikalen Gärung beitragen; doch ein Wissen darüber, was zu tun ist, kann nur im praktischen Kampf entstehen, in der konkreten Entscheidung.<br />
<span style="font-weight: bold;">Inhalt:</span> *<br />
Die Wahl des Arztes * Die Wahl der Krankheit * Einige Handwerkstricks, Beispiele * Die Kontrolluntersuchung (Vertrauensärztliche Untersuchung) * Die Arbeiter und die Medizin der herrschenden Klasse * Der Absenteismus ist eine Form des Kampfes * Die Periode von 1967 bis 1970 * 1973 * Die Strategie der INAM 1976 bis 1977* Praktische Schemata * Absenteismus und Arbeitszeitverkürzung * Der proletarische Gebrauch des Absenteismus * <span style="font-weight: bold;">Anhang: </span>* Instrumente und Strategien, die der Staat ans Werk setzt, um das Krankfeiern zu bekämpfen * Der Gebrauch der Teilzeitarbeit oder Gelegenheitsarbeit und der Mobilität außerhalb der Fabrik gegen den Absenteismus: Der Fall Frankreich /  Italien: Die gegenwärtige Situation * Unverhüllt repressive Maßnahmen * Die Neuorganisation der Arbeit * Anhang zur deutschen Ausgabe: Perspektive: Abschaffung der Lohnarbeit * Notizen der Herausgeber: Aslan Grimson: Zur jüngsten Entwicklung der italienischen Klassenkämpfe * Ida Igel: Streik und Absenteismus * Anmerkungen des Übersetzers/ Erläuterungen<br />
</small></p>

<p>Le Vipre: Absenteismus. Die Kunst des Krankfeierns. Ins Deutsche übersetzt [&hellip;] &hellip; <a href="https://www.packpapierverlag.de/?product=le-vipere-absentismus-die-kunst-des-krankfeierns">Weiterlesen <span class="meta-nav">&rarr;</span></a></p>
