{"id":911,"date":"2010-12-17T16:12:40","date_gmt":"2010-12-17T15:12:40","guid":{"rendered":"http:\/\/www.packpapierverlag.de\/neu\/?p=911"},"modified":"2017-05-05T10:33:06","modified_gmt":"2017-05-05T08:33:06","slug":"w-liebknecht-robert-owen-sein-leben-und-wirken","status":"publish","type":"product","link":"https:\/\/www.packpapierverlag.de\/?product=w-liebknecht-robert-owen-sein-leben-und-wirken","title":{"rendered":"Wilhelm Liebknecht : Robert Owen (p05)"},"content":{"rendered":"<p><a href=\"https:\/\/www.packpapierverlag.de\/wp-content\/uploads\/2010\/12\/Liebknecht-Robert-Owen.jpg\"><img loading=\"lazy\" decoding=\"async\" class=\"alignleft size-medium wp-image-6494\" title=\"Liebknecht Robert Owen\" src=\"https:\/\/www.packpapierverlag.de\/wp-content\/uploads\/2010\/12\/Liebknecht-Robert-Owen-208x300.jpg\" alt=\"\" width=\"208\" height=\"300\" srcset=\"https:\/\/www.packpapierverlag.de\/wp-content\/uploads\/2010\/12\/Liebknecht-Robert-Owen-208x300.jpg 208w, https:\/\/www.packpapierverlag.de\/wp-content\/uploads\/2010\/12\/Liebknecht-Robert-Owen-300x431.jpg 300w, https:\/\/www.packpapierverlag.de\/wp-content\/uploads\/2010\/12\/Liebknecht-Robert-Owen-712x1024.jpg 712w, https:\/\/www.packpapierverlag.de\/wp-content\/uploads\/2010\/12\/Liebknecht-Robert-Owen.jpg 1024w\" sizes=\"auto, (max-width: 208px) 100vw, 208px\" \/><\/a><br \/>\n<small style=\"color: #162f2f;\"><big><span style=\"font-family: Helvetica,Arial,sans-serif; font-weight: bold;\">Wilhelm Liebknecht:<\/span><br style=\"font-family: Helvetica,Arial,sans-serif; font-weight: bold;\" \/><span style=\"font-family: Helvetica,Arial,sans-serif; font-weight: bold;\">Robert Owen. Sein Leben und sozialpolitisches Wirken.<\/span><\/big><br style=\"font-family: Helvetica,Arial,sans-serif;\" \/><span style=\"font-family: Helvetica,Arial,sans-serif;\">Brosch\u00fcre, DIN A5, 63 Seiten, 6 Photos.<\/span><br style=\"font-family: Helvetica,Arial,sans-serif;\" \/><span style=\"font-family: Helvetica,Arial,sans-serif;\">Neuherausgabe eines Klassikers der konkreten praktischen Utopie, \u00fcber den englischen Sozialreformer Robert Owen. Owen stammte aus armen Verh\u00e4ltnissen und hatte sich zum Unternehmer hochgearbeitet, in seiner Fabrik f\u00fchrte er vielbeachtete soziale Neuerungen ein. \u201eEr erkl\u00e4rte seinen Freunden, er werde ein ganz neues System einweihen, das sich auf Gerechtigkeit und G\u00fcte st\u00fctze; er werde sein Hauptaugenmerk auf die Erziehung der Kinder legen und damit beginnen, alle Strafen abzuschaffen. Man lachte ihn aus, aber die Lacher wurden bald besch\u00e4mt &#8230;\u201c<\/span><br style=\"font-family: Helvetica,Arial,sans-serif;\" \/><span style=\"font-family: Helvetica,Arial,sans-serif;\"><span style=\"font-weight: bold;\">INHALT:<\/span> Owenite Communities * Vorwort * Robert Owen. Ein Charakterbild * Robert Owen. Aus seinen Reden und Schriften. <\/span><\/small><\/p>\n","protected":false},"excerpt":{"rendered":"<p>Wilhelm Liebknecht:Robert Owen. Sein Leben und sozialpolitisches Wirken.Brosch\u00fcre, DIN A5, [&hellip;] &hellip; <a href=\"https:\/\/www.packpapierverlag.de\/?product=w-liebknecht-robert-owen-sein-leben-und-wirken\">Weiterlesen <span class=\"meta-nav\">&rarr;<\/span><\/a><\/p>\n","protected":false},"featured_media":6494,"template":"","meta":[],"product_brand":[],"product_cat":[7,6,3,4],"product_tag":[],"class_list":{"0":"post-911","1":"product","2":"type-product","3":"status-publish","4":"has-post-thumbnail","6":"product_cat-anarchie-hefte-und-bucher","7":"product_cat-politik-und-geschichte","8":"product_cat-produkte","9":"product_cat-projekte-utopie-chaos","11":"first","12":"instock","13":"shipping-taxable","14":"purchasable","15":"product-type-simple"},"_links":{"self":[{"href":"https:\/\/www.packpapierverlag.de\/index.php?rest_route=\/wp\/v2\/product\/911","targetHints":{"allow":["GET"]}}],"collection":[{"href":"https:\/\/www.packpapierverlag.de\/index.php?rest_route=\/wp\/v2\/product"}],"about":[{"href":"https:\/\/www.packpapierverlag.de\/index.php?rest_route=\/wp\/v2\/types\/product"}],"wp:featuredmedia":[{"embeddable":true,"href":"https:\/\/www.packpapierverlag.de\/index.php?rest_route=\/wp\/v2\/media\/6494"}],"wp:attachment":[{"href":"https:\/\/www.packpapierverlag.de\/index.php?rest_route=%2Fwp%2Fv2%2Fmedia&parent=911"}],"wp:term":[{"taxonomy":"product_brand","embeddable":true,"href":"https:\/\/www.packpapierverlag.de\/index.php?rest_route=%2Fwp%2Fv2%2Fproduct_brand&post=911"},{"taxonomy":"product_cat","embeddable":true,"href":"https:\/\/www.packpapierverlag.de\/index.php?rest_route=%2Fwp%2Fv2%2Fproduct_cat&post=911"},{"taxonomy":"product_tag","embeddable":true,"href":"https:\/\/www.packpapierverlag.de\/index.php?rest_route=%2Fwp%2Fv2%2Fproduct_tag&post=911"}],"curies":[{"name":"wp","href":"https:\/\/api.w.org\/{rel}","templated":true}]}}

<p><a href="https://www.packpapierverlag.de/wp-content/uploads/2010/12/Liebknecht-Robert-Owen.jpg"><img loading="lazy" decoding="async" class="alignleft size-medium wp-image-6494" title="Liebknecht Robert Owen" src="https://www.packpapierverlag.de/wp-content/uploads/2010/12/Liebknecht-Robert-Owen-208x300.jpg" alt="" width="208" height="300" srcset="https://www.packpapierverlag.de/wp-content/uploads/2010/12/Liebknecht-Robert-Owen-208x300.jpg 208w, https://www.packpapierverlag.de/wp-content/uploads/2010/12/Liebknecht-Robert-Owen-300x431.jpg 300w, https://www.packpapierverlag.de/wp-content/uploads/2010/12/Liebknecht-Robert-Owen-712x1024.jpg 712w, https://www.packpapierverlag.de/wp-content/uploads/2010/12/Liebknecht-Robert-Owen.jpg 1024w" sizes="auto, (max-width: 208px) 100vw, 208px" /></a><br />
<small style="color: #162f2f;"><big><span style="font-family: Helvetica,Arial,sans-serif; font-weight: bold;">Wilhelm Liebknecht:</span><br style="font-family: Helvetica,Arial,sans-serif; font-weight: bold;" /><span style="font-family: Helvetica,Arial,sans-serif; font-weight: bold;">Robert Owen. Sein Leben und sozialpolitisches Wirken.</span></big><br style="font-family: Helvetica,Arial,sans-serif;" /><span style="font-family: Helvetica,Arial,sans-serif;">Broschüre, DIN A5, 63 Seiten, 6 Photos.</span><br style="font-family: Helvetica,Arial,sans-serif;" /><span style="font-family: Helvetica,Arial,sans-serif;">Neuherausgabe eines Klassikers der konkreten praktischen Utopie, über den englischen Sozialreformer Robert Owen. Owen stammte aus armen Verhältnissen und hatte sich zum Unternehmer hochgearbeitet, in seiner Fabrik führte er vielbeachtete soziale Neuerungen ein. „Er erklärte seinen Freunden, er werde ein ganz neues System einweihen, das sich auf Gerechtigkeit und Güte stütze; er werde sein Hauptaugenmerk auf die Erziehung der Kinder legen und damit beginnen, alle Strafen abzuschaffen. Man lachte ihn aus, aber die Lacher wurden bald beschämt &#8230;“</span><br style="font-family: Helvetica,Arial,sans-serif;" /><span style="font-family: Helvetica,Arial,sans-serif;"><span style="font-weight: bold;">INHALT:</span> Owenite Communities * Vorwort * Robert Owen. Ein Charakterbild * Robert Owen. Aus seinen Reden und Schriften. </span></small></p>

<p>Wilhelm Liebknecht:Robert Owen. Sein Leben und sozialpolitisches Wirken.Broschüre, DIN A5, [&hellip;] &hellip; <a href="https://www.packpapierverlag.de/?product=w-liebknecht-robert-owen-sein-leben-und-wirken">Weiterlesen <span class="meta-nav">&rarr;</span></a></p>
