{"id":919,"date":"2010-12-17T16:14:33","date_gmt":"2010-12-17T15:14:33","guid":{"rendered":"http:\/\/www.packpapierverlag.de\/neu\/?p=919"},"modified":"2021-01-17T22:19:51","modified_gmt":"2021-01-17T21:19:51","slug":"malatesta-in-wahlzeiten","status":"publish","type":"product","link":"https:\/\/www.packpapierverlag.de\/?product=malatesta-in-wahlzeiten","title":{"rendered":"Malatesta: In Wahlzeiten (e21)"},"content":{"rendered":"<p><a href=\"https:\/\/www.packpapierverlag.de\/wp-content\/uploads\/2017\/11\/Malatesta-Wahlzeiten.jpg\" rel=\"attachment wp-att-7892\"><img loading=\"lazy\" decoding=\"async\" class=\"size-medium wp-image-7892 alignleft\" src=\"https:\/\/www.packpapierverlag.de\/wp-content\/uploads\/2017\/11\/Malatesta-Wahlzeiten-209x300.jpg\" alt=\"Malatesta Wahlzeiten\" width=\"209\" height=\"300\" srcset=\"https:\/\/www.packpapierverlag.de\/wp-content\/uploads\/2017\/11\/Malatesta-Wahlzeiten-209x300.jpg 209w, https:\/\/www.packpapierverlag.de\/wp-content\/uploads\/2017\/11\/Malatesta-Wahlzeiten-300x432.jpg 300w, https:\/\/www.packpapierverlag.de\/wp-content\/uploads\/2017\/11\/Malatesta-Wahlzeiten-768x1105.jpg 768w, https:\/\/www.packpapierverlag.de\/wp-content\/uploads\/2017\/11\/Malatesta-Wahlzeiten-712x1024.jpg 712w, https:\/\/www.packpapierverlag.de\/wp-content\/uploads\/2017\/11\/Malatesta-Wahlzeiten.jpg 1024w\" sizes=\"auto, (max-width: 209px) 100vw, 209px\" \/><\/a>Errico Malatesta: In Wahlzeiten. Ein Arbeiterzwiegespr\u00e4ch \u00fcber die Unm\u00f6glichkeit politischer Ver\u00e4nderung durch Wahlen, 24 Seiten, DinA5<\/p>\n","protected":false},"excerpt":{"rendered":"<p>Errico Malatesta: In Wahlzeiten. Ein Arbeiterzwiegespr\u00e4ch \u00fcber die Unm\u00f6glichkeit politischer [&hellip;] &hellip; <a href=\"https:\/\/www.packpapierverlag.de\/?product=malatesta-in-wahlzeiten\">Weiterlesen <span class=\"meta-nav\">&rarr;<\/span><\/a><\/p>\n","protected":false},"featured_media":7892,"template":"","meta":[],"product_brand":[],"product_cat":[7,3],"product_tag":[],"class_list":{"0":"post-919","1":"product","2":"type-product","3":"status-publish","4":"has-post-thumbnail","6":"product_cat-anarchie-hefte-und-bucher","7":"product_cat-produkte","9":"first","10":"instock","11":"shipping-taxable","12":"purchasable","13":"product-type-simple"},"_links":{"self":[{"href":"https:\/\/www.packpapierverlag.de\/index.php?rest_route=\/wp\/v2\/product\/919","targetHints":{"allow":["GET"]}}],"collection":[{"href":"https:\/\/www.packpapierverlag.de\/index.php?rest_route=\/wp\/v2\/product"}],"about":[{"href":"https:\/\/www.packpapierverlag.de\/index.php?rest_route=\/wp\/v2\/types\/product"}],"wp:featuredmedia":[{"embeddable":true,"href":"https:\/\/www.packpapierverlag.de\/index.php?rest_route=\/wp\/v2\/media\/7892"}],"wp:attachment":[{"href":"https:\/\/www.packpapierverlag.de\/index.php?rest_route=%2Fwp%2Fv2%2Fmedia&parent=919"}],"wp:term":[{"taxonomy":"product_brand","embeddable":true,"href":"https:\/\/www.packpapierverlag.de\/index.php?rest_route=%2Fwp%2Fv2%2Fproduct_brand&post=919"},{"taxonomy":"product_cat","embeddable":true,"href":"https:\/\/www.packpapierverlag.de\/index.php?rest_route=%2Fwp%2Fv2%2Fproduct_cat&post=919"},{"taxonomy":"product_tag","embeddable":true,"href":"https:\/\/www.packpapierverlag.de\/index.php?rest_route=%2Fwp%2Fv2%2Fproduct_tag&post=919"}],"curies":[{"name":"wp","href":"https:\/\/api.w.org\/{rel}","templated":true}]}}

<p><a href="https://www.packpapierverlag.de/wp-content/uploads/2017/11/Malatesta-Wahlzeiten.jpg" rel="attachment wp-att-7892"><img loading="lazy" decoding="async" class="size-medium wp-image-7892 alignleft" src="https://www.packpapierverlag.de/wp-content/uploads/2017/11/Malatesta-Wahlzeiten-209x300.jpg" alt="Malatesta Wahlzeiten" width="209" height="300" srcset="https://www.packpapierverlag.de/wp-content/uploads/2017/11/Malatesta-Wahlzeiten-209x300.jpg 209w, https://www.packpapierverlag.de/wp-content/uploads/2017/11/Malatesta-Wahlzeiten-300x432.jpg 300w, https://www.packpapierverlag.de/wp-content/uploads/2017/11/Malatesta-Wahlzeiten-768x1105.jpg 768w, https://www.packpapierverlag.de/wp-content/uploads/2017/11/Malatesta-Wahlzeiten-712x1024.jpg 712w, https://www.packpapierverlag.de/wp-content/uploads/2017/11/Malatesta-Wahlzeiten.jpg 1024w" sizes="auto, (max-width: 209px) 100vw, 209px" /></a>Errico Malatesta: In Wahlzeiten. Ein Arbeiterzwiegespräch über die Unmöglichkeit politischer Veränderung durch Wahlen, 24 Seiten, DinA5</p>

<p>Errico Malatesta: In Wahlzeiten. Ein Arbeiterzwiegespräch über die Unmöglichkeit politischer [&hellip;] &hellip; <a href="https://www.packpapierverlag.de/?product=malatesta-in-wahlzeiten">Weiterlesen <span class="meta-nav">&rarr;</span></a></p>
