{"id":9331,"date":"2019-03-22T11:45:05","date_gmt":"2019-03-22T10:45:05","guid":{"rendered":"http:\/\/www.packpapierverlag.de\/?post_type=product&#038;p=9331"},"modified":"2019-03-22T11:48:35","modified_gmt":"2019-03-22T10:48:35","slug":"der-rabe-ralf-berliner-umweltzeitung","status":"publish","type":"product","link":"https:\/\/www.packpapierverlag.de\/?product=der-rabe-ralf-berliner-umweltzeitung","title":{"rendered":"Der Rabe Ralf &#8211; Berliner Umweltzeitung"},"content":{"rendered":"<p><a href=\"http:\/\/www.packpapierverlag.de\/wp-content\/uploads\/2019\/03\/RabeRalf.jpg\" rel=\"attachment wp-att-9332\"><img loading=\"lazy\" decoding=\"async\" class=\"alignnone size-full wp-image-9332\" src=\"http:\/\/www.packpapierverlag.de\/wp-content\/uploads\/2019\/03\/RabeRalf.jpg\" alt=\"RabeRalf\" width=\"229\" height=\"202\" \/><\/a>DER RABE RALF&#8230;<\/p>\n<p>&#8230; erscheint alle 2\u00a0 Monate. Wir verteilen ihn auf M\u00e4rkten und an L\u00e4den. Exemplare, die dabei \u00fcbrigbleiben, geben wir gerne zum Kennenlernen kostenlos an Euch ab (falls wir keine aktuelle Ausgabe vorr\u00e4tig haben, legen wir eine \u00e4ltere bei). Pro Bestellung max. 1 Exemplar.<\/p>\n<p>Viel Spa\u00df beim Lesen!<\/p>\n<p>&nbsp;<\/p>\n<p>WAS IST DER RABE RALF?<\/p>\n<p>Der Rabe Ralf ist die Umweltzeitung der Gr\u00fcnen Liga e.V. in Berlin, einem Umweltschutzverband, dessen Wurzeln in der Friedens- und Umweltbewegung der DDR liegen. Im Raben gibt es Neuigkeiten zur Umwelt- und Sozialpolitik in Berlin und weltweit, dazu den Gentechnik- Ticker, Veranstaltungs- und Aktionshinweise- und Berichte sowie Anregungen zum G\u00e4rtnern in der Stadt.<\/p>\n<p>&nbsp;<\/p>\n<p><a href=\"http:\/\/raberalf.grueneliga-berlin.de\" target=\"_blank\">raberalf.grueneliga-berlin.de<\/a><\/p>\n","protected":false},"excerpt":{"rendered":"<p>DER RABE RALF&#8230; &#8230; erscheint alle 2\u00a0 Monate. Wir verteilen [&hellip;] &hellip; <a href=\"https:\/\/www.packpapierverlag.de\/?product=der-rabe-ralf-berliner-umweltzeitung\">Weiterlesen <span class=\"meta-nav\">&rarr;<\/span><\/a><\/p>\n","protected":false},"featured_media":9332,"template":"","meta":[],"product_brand":[],"product_cat":[9,17,6,3],"product_tag":[],"class_list":{"0":"post-9331","1":"product","2":"type-product","3":"status-publish","4":"has-post-thumbnail","6":"product_cat-bewegung-widerstand","7":"product_cat-land-garten-anders-leben","8":"product_cat-politik-und-geschichte","9":"product_cat-produkte","11":"first","12":"instock","13":"shipping-taxable","14":"purchasable","15":"product-type-simple"},"_links":{"self":[{"href":"https:\/\/www.packpapierverlag.de\/index.php?rest_route=\/wp\/v2\/product\/9331","targetHints":{"allow":["GET"]}}],"collection":[{"href":"https:\/\/www.packpapierverlag.de\/index.php?rest_route=\/wp\/v2\/product"}],"about":[{"href":"https:\/\/www.packpapierverlag.de\/index.php?rest_route=\/wp\/v2\/types\/product"}],"wp:featuredmedia":[{"embeddable":true,"href":"https:\/\/www.packpapierverlag.de\/index.php?rest_route=\/wp\/v2\/media\/9332"}],"wp:attachment":[{"href":"https:\/\/www.packpapierverlag.de\/index.php?rest_route=%2Fwp%2Fv2%2Fmedia&parent=9331"}],"wp:term":[{"taxonomy":"product_brand","embeddable":true,"href":"https:\/\/www.packpapierverlag.de\/index.php?rest_route=%2Fwp%2Fv2%2Fproduct_brand&post=9331"},{"taxonomy":"product_cat","embeddable":true,"href":"https:\/\/www.packpapierverlag.de\/index.php?rest_route=%2Fwp%2Fv2%2Fproduct_cat&post=9331"},{"taxonomy":"product_tag","embeddable":true,"href":"https:\/\/www.packpapierverlag.de\/index.php?rest_route=%2Fwp%2Fv2%2Fproduct_tag&post=9331"}],"curies":[{"name":"wp","href":"https:\/\/api.w.org\/{rel}","templated":true}]}}