{"id":978,"date":"2010-12-17T16:24:54","date_gmt":"2010-12-17T15:24:54","guid":{"rendered":"http:\/\/www.packpapierverlag.de\/neu\/?p=978"},"modified":"2019-03-17T07:38:08","modified_gmt":"2019-03-17T06:38:08","slug":"bruckner-die-mescalero-affare","status":"publish","type":"product","link":"https:\/\/www.packpapierverlag.de\/?product=bruckner-die-mescalero-affare","title":{"rendered":"Br\u00fcckner: Die Mescalero-Aff\u00e4re (w13)"},"content":{"rendered":"<p><a href=\"https:\/\/www.packpapierverlag.de\/wp-content\/uploads\/2010\/12\/br\u00fcckner-mescalero.jpg\"><img loading=\"lazy\" decoding=\"async\" class=\"alignleft size-medium wp-image-5226\" title=\"br\u00fcckner mescalero\" src=\"https:\/\/www.packpapierverlag.de\/wp-content\/uploads\/2010\/12\/br\u00fcckner-mescalero-215x300.jpg\" alt=\"\" width=\"215\" height=\"300\" srcset=\"https:\/\/www.packpapierverlag.de\/wp-content\/uploads\/2010\/12\/br\u00fcckner-mescalero-215x300.jpg 215w, https:\/\/www.packpapierverlag.de\/wp-content\/uploads\/2010\/12\/br\u00fcckner-mescalero-300x418.jpg 300w, https:\/\/www.packpapierverlag.de\/wp-content\/uploads\/2010\/12\/br\u00fcckner-mescalero-735x1024.jpg 735w, https:\/\/www.packpapierverlag.de\/wp-content\/uploads\/2010\/12\/br\u00fcckner-mescalero.jpg 1024w\" sizes=\"auto, (max-width: 215px) 100vw, 215px\" \/><\/a><small style=\"color: #112424;\"><big style=\"color: #326b6b;\"><span style=\"font-family: Helvetica,Arial,sans-serif; font-weight: bold;\">Peter Br\u00fcckner: Die Mescalero \u2013 Aff\u00e4re. Ein Lehrst\u00fcck f\u00fcr Aufkl\u00e4rung und politische Kultur. <\/span><\/big><br style=\"font-family: Helvetica,Arial,sans-serif;\" \/><span style=\"font-family: Helvetica,Arial,sans-serif;\">Brosch\u00fcre mit 80 Seiten, DIN A 5 auf Umweltpapier, Internationalismus Verlag.<\/span><br style=\"font-family: Helvetica,Arial,sans-serif;\" \/><span style=\"font-family: Helvetica,Arial,sans-serif;\">Diese von Professor Peter Br\u00fcckner herausgegeben Brosch\u00fcre, die auch Ausdruck seiner Weigerung ist, eine \u201eLoyalit\u00e4tserkl\u00e4rung\u201c zu<br \/>\nunterzeichnen, um sich vom Vorwurf des \u201eSympathisantentums\u201c mit der RAF zu entledigen, kostete Br\u00fcckner die Professur. Seiner, so ein Sprecher des Ministeriums, \u201efeindselige Einstellung gegen\u00fcber unserem Staat\u201c, habe er auf wiederholte Weise Ausdruck verliehen.\u00a0Am 25.04.1977 erschien in der Zeitung des Asta ein Beitrag \u201eBubak \u2013 ein Nachruf\u201c, der den Mord an Generalbundesanwalt Bubak kommentierte, der am 07.04. 1977 vom Kommando \u201eUlrike Meinhof\u201c (RAF) in Karlsruhe erschossen worden war. Ein Student der G\u00f6ttinger \u201eMescalero\u201c- Gruppe kritisierte und verurteilte die Liquidierungsstrategie der RAF, gab aber seine erste Reaktion (die der \u201eklammheimlichen Freude\u201c) wieder und erkl\u00e4rte sie aus den bundesrepublikanischen Zust\u00e4nden. \u00a0Grob verk\u00fcrzt und auf das klammheimliche Gef\u00fchl sinnverzerrend reduziert, hetzten der RCDS und die konservative Presse gegen den Autor. Den Vorwurf der Sympathisantenschaft mit den Aktionen der RAF weitete sich zu einem Generalverdacht gegen nicht- konservative und libert\u00e4re Studenten und Professoren aus. Schlie\u00dflich gipfelte die Verzerrung in der Forderung, den \u201eSumpf trockenzulegen\u201c und mit den \u201eSympathisanten des Terrors\u201c abzurechnen. Kurz vor Pfingsten 1977 wurde dann in einer Polizeiaktion der notstandsgesetzlerischen Gier nachgegeben: das Asta- Geb\u00e4ude, der Buchladen Rote Stra\u00dfe, das B\u00fcro des kommunistischen Bundes Westdeutschland und zwei Druckereien wurden untersucht und Zeitungen, Notizen, Tageb\u00fccher und Flugbl\u00e4tter beschlagnahmt. Die Solidarit\u00e4tsbekundungen vieler deutscher Asten, Fachschaften und Studenten, sowie der von 43 Professoren, 4 Anw\u00e4lten und einem akademischen Rat zur \u00f6ffentlichen Diskussion gestellte Bubak- Nachruf f\u00fchrten schlie\u00dflich dazu, \u00fcber 20 % der deutschen Studenten als \u201eSympathisanten des Terrors\u201c zu kriminalisieren. Die Anklagen sprachen von \u201eVolksverhetzung\u201c und der \u201eVerunglimpfung des Andenkens Verstorbener\u201c, der Staat erhob\u00a0Anklage.<\/span><br style=\"font-family: Helvetica,Arial,sans-serif;\" \/><span style=\"font-family: Helvetica,Arial,sans-serif;\"><span style=\"font-weight: bold;\">INHALT:<\/span> * Die Ereignisse: Was ist ein Ereignis? * Um der Machtfrage willen (o Gott9! Analyse des Artikels \u201eBubak- ein Nachruf\u201c&#8230;.. So werden die Leser in den ersten Maiwochen informiert &#8230;. Urteil des Jugendsch\u00f6ffengerichts D\u00fcsseldorf * Wie entsteht ein b\u00f6ses Objekt? &#8230; Eine Stimme der Vernunft &#8230; Briefwechsel C. Offe \u2013 P. Glotz &#8230; Anmerkungen zum Brief des Senators an C. Offe * Distanzieren Sie sich oder gehen Sie! (Schlagzeile in: Die Welt vom 09.07.1977) &#8230; Warum habe ich mich entschlossen \u201eBubak- ein Nachruf\u201c mit herauszugeben? &#8230; Moralische und politische Isolierung: Noch einmal P. glotz * Aktive Aufkl\u00e4rung in Niedersachsen * Anmerkungen<\/span><\/small><\/p>\n","protected":false},"excerpt":{"rendered":"<p>Peter Br\u00fcckner: Die Mescalero \u2013 Aff\u00e4re. Ein Lehrst\u00fcck f\u00fcr Aufkl\u00e4rung [&hellip;] &hellip; <a href=\"https:\/\/www.packpapierverlag.de\/?product=bruckner-die-mescalero-affare\">Weiterlesen <span class=\"meta-nav\">&rarr;<\/span><\/a><\/p>\n","protected":false},"featured_media":5226,"template":"","meta":[],"product_brand":[],"product_cat":[9,3],"product_tag":[],"class_list":{"0":"post-978","1":"product","2":"type-product","3":"status-publish","4":"has-post-thumbnail","6":"product_cat-bewegung-widerstand","7":"product_cat-produkte","9":"first","10":"instock","11":"shipping-taxable","12":"purchasable","13":"product-type-simple"},"_links":{"self":[{"href":"https:\/\/www.packpapierverlag.de\/index.php?rest_route=\/wp\/v2\/product\/978","targetHints":{"allow":["GET"]}}],"collection":[{"href":"https:\/\/www.packpapierverlag.de\/index.php?rest_route=\/wp\/v2\/product"}],"about":[{"href":"https:\/\/www.packpapierverlag.de\/index.php?rest_route=\/wp\/v2\/types\/product"}],"wp:featuredmedia":[{"embeddable":true,"href":"https:\/\/www.packpapierverlag.de\/index.php?rest_route=\/wp\/v2\/media\/5226"}],"wp:attachment":[{"href":"https:\/\/www.packpapierverlag.de\/index.php?rest_route=%2Fwp%2Fv2%2Fmedia&parent=978"}],"wp:term":[{"taxonomy":"product_brand","embeddable":true,"href":"https:\/\/www.packpapierverlag.de\/index.php?rest_route=%2Fwp%2Fv2%2Fproduct_brand&post=978"},{"taxonomy":"product_cat","embeddable":true,"href":"https:\/\/www.packpapierverlag.de\/index.php?rest_route=%2Fwp%2Fv2%2Fproduct_cat&post=978"},{"taxonomy":"product_tag","embeddable":true,"href":"https:\/\/www.packpapierverlag.de\/index.php?rest_route=%2Fwp%2Fv2%2Fproduct_tag&post=978"}],"curies":[{"name":"wp","href":"https:\/\/api.w.org\/{rel}","templated":true}]}}

Brückner: Die Mescalero-Affäre (w13)

<p><a href="https://www.packpapierverlag.de/wp-content/uploads/2010/12/brückner-mescalero.jpg"><img loading="lazy" decoding="async" class="alignleft size-medium wp-image-5226" title="brückner mescalero" src="https://www.packpapierverlag.de/wp-content/uploads/2010/12/brückner-mescalero-215x300.jpg" alt="" width="215" height="300" srcset="https://www.packpapierverlag.de/wp-content/uploads/2010/12/brückner-mescalero-215x300.jpg 215w, https://www.packpapierverlag.de/wp-content/uploads/2010/12/brückner-mescalero-300x418.jpg 300w, https://www.packpapierverlag.de/wp-content/uploads/2010/12/brückner-mescalero-735x1024.jpg 735w, https://www.packpapierverlag.de/wp-content/uploads/2010/12/brückner-mescalero.jpg 1024w" sizes="auto, (max-width: 215px) 100vw, 215px" /></a><small style="color: #112424;"><big style="color: #326b6b;"><span style="font-family: Helvetica,Arial,sans-serif; font-weight: bold;">Peter Brückner: Die Mescalero – Affäre. Ein Lehrstück für Aufklärung und politische Kultur. </span></big><br style="font-family: Helvetica,Arial,sans-serif;" /><span style="font-family: Helvetica,Arial,sans-serif;">Broschüre mit 80 Seiten, DIN A 5 auf Umweltpapier, Internationalismus Verlag.</span><br style="font-family: Helvetica,Arial,sans-serif;" /><span style="font-family: Helvetica,Arial,sans-serif;">Diese von Professor Peter Brückner herausgegeben Broschüre, die auch Ausdruck seiner Weigerung ist, eine „Loyalitätserklärung“ zu<br />
unterzeichnen, um sich vom Vorwurf des „Sympathisantentums“ mit der RAF zu entledigen, kostete Brückner die Professur. Seiner, so ein Sprecher des Ministeriums, „feindselige Einstellung gegenüber unserem Staat“, habe er auf wiederholte Weise Ausdruck verliehen. Am 25.04.1977 erschien in der Zeitung des Asta ein Beitrag „Bubak – ein Nachruf“, der den Mord an Generalbundesanwalt Bubak kommentierte, der am 07.04. 1977 vom Kommando „Ulrike Meinhof“ (RAF) in Karlsruhe erschossen worden war. Ein Student der Göttinger „Mescalero“- Gruppe kritisierte und verurteilte die Liquidierungsstrategie der RAF, gab aber seine erste Reaktion (die der „klammheimlichen Freude“) wieder und erklärte sie aus den bundesrepublikanischen Zuständen.  Grob verkürzt und auf das klammheimliche Gefühl sinnverzerrend reduziert, hetzten der RCDS und die konservative Presse gegen den Autor. Den Vorwurf der Sympathisantenschaft mit den Aktionen der RAF weitete sich zu einem Generalverdacht gegen nicht- konservative und libertäre Studenten und Professoren aus. Schließlich gipfelte die Verzerrung in der Forderung, den „Sumpf trockenzulegen“ und mit den „Sympathisanten des Terrors“ abzurechnen. Kurz vor Pfingsten 1977 wurde dann in einer Polizeiaktion der notstandsgesetzlerischen Gier nachgegeben: das Asta- Gebäude, der Buchladen Rote Straße, das Büro des kommunistischen Bundes Westdeutschland und zwei Druckereien wurden untersucht und Zeitungen, Notizen, Tagebücher und Flugblätter beschlagnahmt. Die Solidaritätsbekundungen vieler deutscher Asten, Fachschaften und Studenten, sowie der von 43 Professoren, 4 Anwälten und einem akademischen Rat zur öffentlichen Diskussion gestellte Bubak- Nachruf führten schließlich dazu, über 20 % der deutschen Studenten als „Sympathisanten des Terrors“ zu kriminalisieren. Die Anklagen sprachen von „Volksverhetzung“ und der „Verunglimpfung des Andenkens Verstorbener“, der Staat erhob Anklage.</span><br style="font-family: Helvetica,Arial,sans-serif;" /><span style="font-family: Helvetica,Arial,sans-serif;"><span style="font-weight: bold;">INHALT:</span> * Die Ereignisse: Was ist ein Ereignis? * Um der Machtfrage willen (o Gott9! Analyse des Artikels „Bubak- ein Nachruf“&#8230;.. So werden die Leser in den ersten Maiwochen informiert &#8230;. Urteil des Jugendschöffengerichts Düsseldorf * Wie entsteht ein böses Objekt? &#8230; Eine Stimme der Vernunft &#8230; Briefwechsel C. Offe – P. Glotz &#8230; Anmerkungen zum Brief des Senators an C. Offe * Distanzieren Sie sich oder gehen Sie! (Schlagzeile in: Die Welt vom 09.07.1977) &#8230; Warum habe ich mich entschlossen „Bubak- ein Nachruf“ mit herauszugeben? &#8230; Moralische und politische Isolierung: Noch einmal P. glotz * Aktive Aufklärung in Niedersachsen * Anmerkungen</span></small></p>

<p>Peter Brückner: Die Mescalero – Affäre. Ein Lehrstück für Aufklärung [&hellip;] &hellip; <a href="https://www.packpapierverlag.de/?product=bruckner-die-mescalero-affare">Weiterlesen <span class="meta-nav">&rarr;</span></a></p>
