{"id":981,"date":"2010-12-17T16:25:58","date_gmt":"2010-12-17T15:25:58","guid":{"rendered":"http:\/\/www.packpapierverlag.de\/neu\/?p=981"},"modified":"2019-02-05T10:53:37","modified_gmt":"2019-02-05T09:53:37","slug":"bruckner-provokation","status":"publish","type":"product","link":"https:\/\/www.packpapierverlag.de\/?product=bruckner-provokation","title":{"rendered":"Br\u00fcckner: Provokation (w35)"},"content":{"rendered":"<p><a href=\"https:\/\/www.packpapierverlag.de\/wp-content\/uploads\/2010\/12\/br\u00fcckner-provokation.jpg\"><img loading=\"lazy\" decoding=\"async\" class=\"alignleft size-medium wp-image-5228\" title=\"br\u00fcckner provokation\" src=\"https:\/\/www.packpapierverlag.de\/wp-content\/uploads\/2010\/12\/br\u00fcckner-provokation-222x300.jpg\" alt=\"\" width=\"222\" height=\"300\" srcset=\"https:\/\/www.packpapierverlag.de\/wp-content\/uploads\/2010\/12\/br\u00fcckner-provokation-222x300.jpg 222w, https:\/\/www.packpapierverlag.de\/wp-content\/uploads\/2010\/12\/br\u00fcckner-provokation-300x404.jpg 300w, https:\/\/www.packpapierverlag.de\/wp-content\/uploads\/2010\/12\/br\u00fcckner-provokation-759x1024.jpg 759w, https:\/\/www.packpapierverlag.de\/wp-content\/uploads\/2010\/12\/br\u00fcckner-provokation.jpg 1024w\" sizes=\"auto, (max-width: 222px) 100vw, 222px\" \/><\/a><br \/>\n<small style=\"color: #033030;\"><big style=\"font-weight: bold; color: #077171;\"><span style=\"font-family: Helvetica,Arial,sans-serif;\">Peter Br\u00fcckner: PROVOKATION<\/span><\/big><br style=\"font-family: Helvetica,Arial,sans-serif;\" \/><span style=\"font-family: Helvetica,Arial,sans-serif;\">Brosch\u00fcre mit 74 Seiten, DIN A5.\u00a0<\/span><br style=\"font-family: Helvetica,Arial,sans-serif;\" \/><span style=\"font-family: Helvetica,Arial,sans-serif;\"><span style=\"font-style: italic; font-weight: bold;\">\u201eWir sind gegen das Prinzip der falschen Einheit. \/ Wo keine ist, wollen wir auch keine vort\u00e4uschen. \/ Die Provokateure sind unter uns. \/ Das \u00dcberIch wird langsam abgeschoben und landet da, wo es hingeh\u00f6rt \/ &#8211; auf dem M\u00fcllhaufen der Geschichte.<\/span>\u201c (Br\u00fcckner)<\/span><br style=\"font-family: Helvetica,Arial,sans-serif;\" \/><span style=\"font-family: Helvetica,Arial,sans-serif;\">Br\u00fcckners N\u00e4he zur und Zusammenarbeit mit der Studentenbewegung brachte ihn wiederholt mit seiner Professur und dem Staat BRD in Konflikt. Er wurde unter anderem 1977 wegen der Mitherausgabe einer Dokumentation des Buback- Nachrufs sowie dessen Abdrucks der Universit\u00e4t verwiesen (Mescalero- Aff\u00e4re): Sympathisanten- Verdacht. Ein Vorwurf, dem sich seinerzeit so ziemlich jeder ausgesetzt sah, der eine gesamtgesellschaftliche- und politische Analyse des Ph\u00e4nomens \u201eTerrorismus in der BRD\u201c in Angriff nahm&#8212; und diesen nicht auf pers\u00f6nliche Abnormit\u00e4ten zur\u00fcckf\u00fchrte (siehe die verquere Mandelkern- Debatte um Ulrikes Gehirn), sondern auf die historische Situation des Umfeldes, in welchem sich das Ph\u00e4nomen ereignete: auf die post- nationalistische und neukapitalistische Bundesrepublik mit ihren Bewohnern und Repr\u00e4sentanten und auf die gesellschaftlichen, wirtschaftlichen und staatlichen Zw\u00e4nge, die zu einer Auflehnung f\u00fchren k\u00f6nnen. Nach Br\u00fcckners Ansicht \u00fcbrigens auch sollen! Jedoch schwebte Br\u00fcckner keine Bombardierung von Menschen vor, sondern die Bombardierung der kleinb\u00fcrgerlichen Moral, des verlogenen Geschmacks und des Aufschwung- Opportunismus. In wiefern und an welchen Stellen dabei die Provokation als Mittel der politischen Auseinandersetzung sinnvoll ist und verh\u00e4rtete Denkmuster aufbrechen kann, dar\u00fcber schreibt Br\u00fcckner in der vorliegenden Brosch\u00fcre. Au\u00dferdem untersucht er die Tr\u00e4ger der damals aktuellen Provokation durchaus kritisch und analysiert Sinn und Unsinn bestimmter Provokationsformen. Gerade, da\u00df Br\u00fcckner f\u00e4hig war, in historischen Zusammenh\u00e4ngen zu denken, macht seine \u00dcberlegungen \u00fcber die damalige Zeit hinaus aktuell.<\/span><br style=\"font-family: Helvetica,Arial,sans-serif;\" \/><span style=\"font-family: Helvetica,Arial,sans-serif;\"><span style=\"font-weight: bold;\">INHALT: <\/span>*<br \/>\nVorbemerkung 1978 *\u00a0Vorwort *\u00a0Subjekt, Gegenstand, Absicht der Provokation *\u00a0Bedingungen, Motive f\u00fcr Selbstbefreiung *\u00a0Familie, Sozialcharakter, institutionalisierter Ha\u00df *\u00a0Kommune und Wohngemeinschaft * Zur Dialektik von Provokation *<\/span><\/small><\/p>\n","protected":false},"excerpt":{"rendered":"<p>Peter Br\u00fcckner: PROVOKATIONBrosch\u00fcre mit 74 Seiten, DIN A5.\u00a0\u201eWir sind gegen [&hellip;] &hellip; <a href=\"https:\/\/www.packpapierverlag.de\/?product=bruckner-provokation\">Weiterlesen <span class=\"meta-nav\">&rarr;<\/span><\/a><\/p>\n","protected":false},"featured_media":5228,"template":"","meta":[],"product_brand":[],"product_cat":[9,3],"product_tag":[],"class_list":{"0":"post-981","1":"product","2":"type-product","3":"status-publish","4":"has-post-thumbnail","6":"product_cat-bewegung-widerstand","7":"product_cat-produkte","9":"first","10":"instock","11":"shipping-taxable","12":"purchasable","13":"product-type-simple"},"_links":{"self":[{"href":"https:\/\/www.packpapierverlag.de\/index.php?rest_route=\/wp\/v2\/product\/981","targetHints":{"allow":["GET"]}}],"collection":[{"href":"https:\/\/www.packpapierverlag.de\/index.php?rest_route=\/wp\/v2\/product"}],"about":[{"href":"https:\/\/www.packpapierverlag.de\/index.php?rest_route=\/wp\/v2\/types\/product"}],"wp:featuredmedia":[{"embeddable":true,"href":"https:\/\/www.packpapierverlag.de\/index.php?rest_route=\/wp\/v2\/media\/5228"}],"wp:attachment":[{"href":"https:\/\/www.packpapierverlag.de\/index.php?rest_route=%2Fwp%2Fv2%2Fmedia&parent=981"}],"wp:term":[{"taxonomy":"product_brand","embeddable":true,"href":"https:\/\/www.packpapierverlag.de\/index.php?rest_route=%2Fwp%2Fv2%2Fproduct_brand&post=981"},{"taxonomy":"product_cat","embeddable":true,"href":"https:\/\/www.packpapierverlag.de\/index.php?rest_route=%2Fwp%2Fv2%2Fproduct_cat&post=981"},{"taxonomy":"product_tag","embeddable":true,"href":"https:\/\/www.packpapierverlag.de\/index.php?rest_route=%2Fwp%2Fv2%2Fproduct_tag&post=981"}],"curies":[{"name":"wp","href":"https:\/\/api.w.org\/{rel}","templated":true}]}}

Brückner: Provokation (w35)

<p><a href="https://www.packpapierverlag.de/wp-content/uploads/2010/12/brückner-provokation.jpg"><img loading="lazy" decoding="async" class="alignleft size-medium wp-image-5228" title="brückner provokation" src="https://www.packpapierverlag.de/wp-content/uploads/2010/12/brückner-provokation-222x300.jpg" alt="" width="222" height="300" srcset="https://www.packpapierverlag.de/wp-content/uploads/2010/12/brückner-provokation-222x300.jpg 222w, https://www.packpapierverlag.de/wp-content/uploads/2010/12/brückner-provokation-300x404.jpg 300w, https://www.packpapierverlag.de/wp-content/uploads/2010/12/brückner-provokation-759x1024.jpg 759w, https://www.packpapierverlag.de/wp-content/uploads/2010/12/brückner-provokation.jpg 1024w" sizes="auto, (max-width: 222px) 100vw, 222px" /></a><br />
<small style="color: #033030;"><big style="font-weight: bold; color: #077171;"><span style="font-family: Helvetica,Arial,sans-serif;">Peter Brückner: PROVOKATION</span></big><br style="font-family: Helvetica,Arial,sans-serif;" /><span style="font-family: Helvetica,Arial,sans-serif;">Broschüre mit 74 Seiten, DIN A5. </span><br style="font-family: Helvetica,Arial,sans-serif;" /><span style="font-family: Helvetica,Arial,sans-serif;"><span style="font-style: italic; font-weight: bold;">„Wir sind gegen das Prinzip der falschen Einheit. / Wo keine ist, wollen wir auch keine vortäuschen. / Die Provokateure sind unter uns. / Das ÜberIch wird langsam abgeschoben und landet da, wo es hingehört / &#8211; auf dem Müllhaufen der Geschichte.</span>“ (Brückner)</span><br style="font-family: Helvetica,Arial,sans-serif;" /><span style="font-family: Helvetica,Arial,sans-serif;">Brückners Nähe zur und Zusammenarbeit mit der Studentenbewegung brachte ihn wiederholt mit seiner Professur und dem Staat BRD in Konflikt. Er wurde unter anderem 1977 wegen der Mitherausgabe einer Dokumentation des Buback- Nachrufs sowie dessen Abdrucks der Universität verwiesen (Mescalero- Affäre): Sympathisanten- Verdacht. Ein Vorwurf, dem sich seinerzeit so ziemlich jeder ausgesetzt sah, der eine gesamtgesellschaftliche- und politische Analyse des Phänomens „Terrorismus in der BRD“ in Angriff nahm&#8212; und diesen nicht auf persönliche Abnormitäten zurückführte (siehe die verquere Mandelkern- Debatte um Ulrikes Gehirn), sondern auf die historische Situation des Umfeldes, in welchem sich das Phänomen ereignete: auf die post- nationalistische und neukapitalistische Bundesrepublik mit ihren Bewohnern und Repräsentanten und auf die gesellschaftlichen, wirtschaftlichen und staatlichen Zwänge, die zu einer Auflehnung führen können. Nach Brückners Ansicht übrigens auch sollen! Jedoch schwebte Brückner keine Bombardierung von Menschen vor, sondern die Bombardierung der kleinbürgerlichen Moral, des verlogenen Geschmacks und des Aufschwung- Opportunismus. In wiefern und an welchen Stellen dabei die Provokation als Mittel der politischen Auseinandersetzung sinnvoll ist und verhärtete Denkmuster aufbrechen kann, darüber schreibt Brückner in der vorliegenden Broschüre. Außerdem untersucht er die Träger der damals aktuellen Provokation durchaus kritisch und analysiert Sinn und Unsinn bestimmter Provokationsformen. Gerade, daß Brückner fähig war, in historischen Zusammenhängen zu denken, macht seine Überlegungen über die damalige Zeit hinaus aktuell.</span><br style="font-family: Helvetica,Arial,sans-serif;" /><span style="font-family: Helvetica,Arial,sans-serif;"><span style="font-weight: bold;">INHALT: </span>*<br />
Vorbemerkung 1978 * Vorwort * Subjekt, Gegenstand, Absicht der Provokation * Bedingungen, Motive für Selbstbefreiung * Familie, Sozialcharakter, institutionalisierter Haß * Kommune und Wohngemeinschaft * Zur Dialektik von Provokation *</span></small></p>

<p>Peter Brückner: PROVOKATIONBroschüre mit 74 Seiten, DIN A5. „Wir sind gegen [&hellip;] &hellip; <a href="https://www.packpapierverlag.de/?product=bruckner-provokation">Weiterlesen <span class="meta-nav">&rarr;</span></a></p>
