{"id":987,"date":"2010-12-17T16:28:14","date_gmt":"2010-12-17T15:28:14","guid":{"rendered":"http:\/\/www.packpapierverlag.de\/neu\/?p=987"},"modified":"2017-10-12T14:01:56","modified_gmt":"2017-10-12T12:01:56","slug":"gush-shalom-programmatische-vorstellung-der-israelischen-friedensbewegung-um-uri-avnery","status":"publish","type":"product","link":"https:\/\/www.packpapierverlag.de\/?product=gush-shalom-programmatische-vorstellung-der-israelischen-friedensbewegung-um-uri-avnery","title":{"rendered":"Gush Shalom Der Friedensblock um Uri Avnery, Israel (w63)"},"content":{"rendered":"<p><a href=\"https:\/\/www.packpapierverlag.de\/wp-content\/uploads\/2010\/12\/Gush-Shalom.jpg\"><img loading=\"lazy\" decoding=\"async\" class=\"alignleft size-medium wp-image-3896\" title=\"Gush Shalom\" src=\"https:\/\/www.packpapierverlag.de\/wp-content\/uploads\/2010\/12\/Gush-Shalom-204x300.jpg\" alt=\"\" width=\"204\" height=\"300\" srcset=\"https:\/\/www.packpapierverlag.de\/wp-content\/uploads\/2010\/12\/Gush-Shalom-204x300.jpg 204w, https:\/\/www.packpapierverlag.de\/wp-content\/uploads\/2010\/12\/Gush-Shalom-300x441.jpg 300w, https:\/\/www.packpapierverlag.de\/wp-content\/uploads\/2010\/12\/Gush-Shalom-697x1024.jpg 697w, https:\/\/www.packpapierverlag.de\/wp-content\/uploads\/2010\/12\/Gush-Shalom.jpg 1024w\" sizes=\"auto, (max-width: 204px) 100vw, 204px\" \/><\/a><br \/>\n<span style=\"font-weight: bold; font-family: Helvetica,Arial,sans-serif; color: #3b7a7a;\">Texte zur Ausstellung GUSH SHALOM &#8211; der Friedensblock<\/span><small style=\"font-family: Helvetica,Arial,sans-serif;\"><br style=\"color: #234848;\" \/><span style=\"color: #234848;\">Bebilderte Brosch\u00fcre mit 32 Seiten, Format DIN A 5. <\/span><br style=\"color: #234848;\" \/><span style=\"color: #234848;\">Gush Shalom hei\u00dft \u201eFriedensblock\u201c und ist eine der radikalsten der israelischen Friedensbewegungen, au\u00dferparlamentarisch, unabh\u00e4ngig. Oft als \u201eentschlossen\u201c, \u201emilitant\u201c, \u201eradikal\u201c oder \u201ekonsequent\u201c bezeichnet, ist sie in Zeiten der Krise bekannt f\u00fcr ihre unersch\u00fctterliche Position. Gush Shalom hat seit langem eine\u00a0 f\u00fchrende Rolle bei der Definition der moralischen und politischen Vorgehensweisen der Friedenskr\u00e4fte in Israel inne und arbeitet am Aufbrechen des auf Fehlinformationen beruhenden \u201enationalen Konsenses\u201c.<\/span><br style=\"color: #234848;\" \/><span style=\"font-weight: bold; color: #234848;\">INHALT:<br \/>\n<\/span><span style=\"color: #234848;\">* Gush Shalom: \u00dcber uns: Ziele\/ Geschichte\/ Struktur\/ Aktionen ( \u201eFreilassung aller pal\u00e4stinensischer Gefangenen sofort!\u201c\/ \u201eStoppt die Planierraupen\u201c\/ \u201eNationaler Boykott von den Produkten der<br \/>\nSiedlungen\u201c\/ \u201eRaus aus den besetzten Gebieten\u201c und viele andere) * Israels \u201estiller Krieg\u201c gegen die Pal\u00e4stinenser * Statistiken und Hintergrundinformationen \u00fcber den Konflikt * Gush Shaloms 80 Thesen f\u00fcr ein neues Friedenscamp Hier gibt es Zusammenfassungen, Vorschl\u00e4ge und Pr\u00e4ambeln zum 6- Tage- Kriege und den in dessen Folge besetzten Gebieten, zum Oslo- Abkommen, zur Entwicklung des Friedensprozesses, zum R\u00fcckkehrrecht,&#8230;usw. 80 Thesen, die auch dem Leser Anregungen und Argumente liefern, mit denen er auf der Basis dessen diskutieren kann, was die Betroffenen selbst und nicht irgend ein angeblicher Nahost- Experte \u00fcber Leben und Politik in Israel und Pal\u00e4stina aussagen. * Gush Shalom actions Hier sind in englischer Sprache alle Aktionen Gush Shaloms, die zwischen dem Jahr 1992 und 2001 stattgefunden haben, aufgef\u00fchrt * Unser Jerusalem\/ Our Jerusalem: Deutsch- und englischsprachige Petition Gush Shaloms zum Thema Jerusalem (\u201eJerusalem ist unser, Israelis und Pal\u00e4stinenser- Moslems, Christen und Juden.\u201c) * Uri Avnery: Und wer ist relevant? Ein Kommentar zum Jahresende 2001. R\u00fcckblick und Forderungen.<\/span><\/small><\/p>\n","protected":false},"excerpt":{"rendered":"<p>Texte zur Ausstellung GUSH SHALOM &#8211; der FriedensblockBebilderte Brosch\u00fcre mit [&hellip;] &hellip; <a href=\"https:\/\/www.packpapierverlag.de\/?product=gush-shalom-programmatische-vorstellung-der-israelischen-friedensbewegung-um-uri-avnery\">Weiterlesen <span class=\"meta-nav\">&rarr;<\/span><\/a><\/p>\n","protected":false},"featured_media":3896,"template":"","meta":[],"product_brand":[],"product_cat":[9,3],"product_tag":[],"class_list":{"0":"post-987","1":"product","2":"type-product","3":"status-publish","4":"has-post-thumbnail","6":"product_cat-bewegung-widerstand","7":"product_cat-produkte","9":"first","10":"instock","11":"shipping-taxable","12":"purchasable","13":"product-type-simple"},"_links":{"self":[{"href":"https:\/\/www.packpapierverlag.de\/index.php?rest_route=\/wp\/v2\/product\/987","targetHints":{"allow":["GET"]}}],"collection":[{"href":"https:\/\/www.packpapierverlag.de\/index.php?rest_route=\/wp\/v2\/product"}],"about":[{"href":"https:\/\/www.packpapierverlag.de\/index.php?rest_route=\/wp\/v2\/types\/product"}],"wp:featuredmedia":[{"embeddable":true,"href":"https:\/\/www.packpapierverlag.de\/index.php?rest_route=\/wp\/v2\/media\/3896"}],"wp:attachment":[{"href":"https:\/\/www.packpapierverlag.de\/index.php?rest_route=%2Fwp%2Fv2%2Fmedia&parent=987"}],"wp:term":[{"taxonomy":"product_brand","embeddable":true,"href":"https:\/\/www.packpapierverlag.de\/index.php?rest_route=%2Fwp%2Fv2%2Fproduct_brand&post=987"},{"taxonomy":"product_cat","embeddable":true,"href":"https:\/\/www.packpapierverlag.de\/index.php?rest_route=%2Fwp%2Fv2%2Fproduct_cat&post=987"},{"taxonomy":"product_tag","embeddable":true,"href":"https:\/\/www.packpapierverlag.de\/index.php?rest_route=%2Fwp%2Fv2%2Fproduct_tag&post=987"}],"curies":[{"name":"wp","href":"https:\/\/api.w.org\/{rel}","templated":true}]}}